{"id":1021,"date":"2018-10-30T12:10:04","date_gmt":"2018-10-30T11:10:04","guid":{"rendered":"http:\/\/phiessences.com\/Romania\/?post_type=product&#038;p=1021"},"modified":"2026-03-11T03:57:47","modified_gmt":"2026-03-11T01:57:47","slug":"cropcircle-beauty-pendant-pandantiv-cropcircle-beauty","status":"publish","type":"product","link":"https:\/\/esentevibrationale.com\/?product=cropcircle-beauty-pendant-pandantiv-cropcircle-beauty","title":{"rendered":"Cropcircle &#8222;Beauty&#8221; Pendant \/ Pandantiv Cropcircle &#8221; Frumuse\u0163e&#8221;"},"content":{"rendered":"<p>\u201c Frumuse\u0163ea Crea\u0163iei\u201d. De la cele mai mici structuri a fost format marele \u00eentreg . Totul se \u00eent\u00e2mpl\u0103 \u00een concorda\u0163\u0103 cu planul lui Dumnezeu. Aceast\u0103 forma\u0163iune ne aminte\u015fte de stralucirea divin\u0103 din noi <span class=\"Y2IQFc\" lang=\"ro\"> \u0219i c\u0103<\/span> to\u0163i suntem \u00a0conecta\u0163i \u00eentre noi. Lumina radiaz\u0103 din inim\u0103 \u00een toate celulele. Pandantivul include o piatr\u0103 poli\u015fat\u0103 de citrin.<\/p>\n<p>Panglic\u0103 \/ \u0218nur 100% bumbac.<\/p>\n<p>Informa\u021bii: Toate pandantivele PHI sunt realizate manual prin tehnica de suflare a sticlei, care dateaz\u0103 din secolul al IV-lea \u00een Germania.<\/p>\n<p>&nbsp;<\/p>\n<div class=\"QmZWSe\"><\/div>\n<p>&nbsp;<\/p>\n","protected":false},"excerpt":{"rendered":"<p><img loading=\"lazy\" decoding=\"async\" class=\"alignnone wp-image-1023\" src=\"https:\/\/phiessences.com\/Romania\/wp-content\/uploads\/2018\/10\/190-2.-Foto-Frank-Laumen.jpg\" alt=\"\" width=\"52\" height=\"78\" \/><\/p>\n<p>&nbsp;<\/p>\n","protected":false},"featured_media":1022,"template":"","meta":[],"product_brand":[],"product_cat":[39],"product_tag":[],"class_list":{"0":"post-1021","1":"product","2":"type-product","3":"status-publish","4":"has-post-thumbnail","6":"product_cat-pandantive","8":"first","9":"instock","10":"shipping-taxable","11":"purchasable","12":"product-type-simple"},"_links":{"self":[{"href":"https:\/\/esentevibrationale.com\/index.php?rest_route=\/wp\/v2\/product\/1021","targetHints":{"allow":["GET"]}}],"collection":[{"href":"https:\/\/esentevibrationale.com\/index.php?rest_route=\/wp\/v2\/product"}],"about":[{"href":"https:\/\/esentevibrationale.com\/index.php?rest_route=\/wp\/v2\/types\/product"}],"wp:featuredmedia":[{"embeddable":true,"href":"https:\/\/esentevibrationale.com\/index.php?rest_route=\/wp\/v2\/media\/1022"}],"wp:attachment":[{"href":"https:\/\/esentevibrationale.com\/index.php?rest_route=%2Fwp%2Fv2%2Fmedia&parent=1021"}],"wp:term":[{"taxonomy":"product_brand","embeddable":true,"href":"https:\/\/esentevibrationale.com\/index.php?rest_route=%2Fwp%2Fv2%2Fproduct_brand&post=1021"},{"taxonomy":"product_cat","embeddable":true,"href":"https:\/\/esentevibrationale.com\/index.php?rest_route=%2Fwp%2Fv2%2Fproduct_cat&post=1021"},{"taxonomy":"product_tag","embeddable":true,"href":"https:\/\/esentevibrationale.com\/index.php?rest_route=%2Fwp%2Fv2%2Fproduct_tag&post=1021"}],"curies":[{"name":"wp","href":"https:\/\/api.w.org\/{rel}","templated":true}]}}