{"id":1027,"date":"2018-10-30T12:54:46","date_gmt":"2018-10-30T11:54:46","guid":{"rendered":"http:\/\/phiessences.com\/Romania\/?post_type=product&#038;p=1027"},"modified":"2026-03-11T04:58:42","modified_gmt":"2026-03-11T02:58:42","slug":"cropcircle-raisting-pendant-pandantiv-cropcircle-raisting","status":"publish","type":"product","link":"https:\/\/esentevibrationale.com\/?product=cropcircle-raisting-pendant-pandantiv-cropcircle-raisting","title":{"rendered":"Cropcircle &#8222;Raisting&#8221; Pendant \/ Pandantiv Cropcircle &#8221; Raisting&#8221;"},"content":{"rendered":"<p>Esen\u0163a\u00a0 Crop Circles Nr 164 Raisting (2014 ) din acest pandantiv deschide inima \u015fi ne conecteaz\u0103 cu iubirea necondi\u0163ionat\u0103 a energiei lui Hristos. Ne conecteaz\u0103 cu nivelul spiritual. Experiment\u0103m comunicarea cu cosmosul \u015fi cu fiin\u0163ele angelice, <span class=\"Y2IQFc\" lang=\"ro\">experiment\u0103m unitatea lui Dumnezeu \u00een tot ceea ce este. <\/span> Pandantul include o piatr\u0103 poli\u015fat\u0103 de Lapislazuli.<\/p>\n<p><span class=\"Y2IQFc\" lang=\"ro\">Informa\u021bii: Toate pandantivele PHI sunt realizate manual prin tehnica de suflare a sticlei, care dateaz\u0103 din secolul al IV-lea \u00een Germania.<\/span><\/p>\n","protected":false},"excerpt":{"rendered":"<p><img loading=\"lazy\" decoding=\"async\" class=\"alignnone wp-image-1029\" src=\"https:\/\/phiessences.com\/Romania\/wp-content\/uploads\/2018\/10\/164.jpg\" alt=\"\" width=\"124\" height=\"124\" srcset=\"https:\/\/esentevibrationale.com\/wp-content\/uploads\/2018\/10\/164.jpg 800w, https:\/\/esentevibrationale.com\/wp-content\/uploads\/2018\/10\/164-200x200.jpg 200w, https:\/\/esentevibrationale.com\/wp-content\/uploads\/2018\/10\/164-300x300.jpg 300w, https:\/\/esentevibrationale.com\/wp-content\/uploads\/2018\/10\/164-150x150.jpg 150w, https:\/\/esentevibrationale.com\/wp-content\/uploads\/2018\/10\/164-768x768.jpg 768w, https:\/\/esentevibrationale.com\/wp-content\/uploads\/2018\/10\/164-100x100.jpg 100w\" sizes=\"auto, (max-width: 124px) 100vw, 124px\" \/><\/p>\n<p>&nbsp;<\/p>\n","protected":false},"featured_media":1028,"template":"","meta":[],"product_brand":[],"product_cat":[39],"product_tag":[],"class_list":{"0":"post-1027","1":"product","2":"type-product","3":"status-publish","4":"has-post-thumbnail","6":"product_cat-pandantive","8":"first","9":"instock","10":"shipping-taxable","11":"purchasable","12":"product-type-simple"},"_links":{"self":[{"href":"https:\/\/esentevibrationale.com\/index.php?rest_route=\/wp\/v2\/product\/1027","targetHints":{"allow":["GET"]}}],"collection":[{"href":"https:\/\/esentevibrationale.com\/index.php?rest_route=\/wp\/v2\/product"}],"about":[{"href":"https:\/\/esentevibrationale.com\/index.php?rest_route=\/wp\/v2\/types\/product"}],"wp:featuredmedia":[{"embeddable":true,"href":"https:\/\/esentevibrationale.com\/index.php?rest_route=\/wp\/v2\/media\/1028"}],"wp:attachment":[{"href":"https:\/\/esentevibrationale.com\/index.php?rest_route=%2Fwp%2Fv2%2Fmedia&parent=1027"}],"wp:term":[{"taxonomy":"product_brand","embeddable":true,"href":"https:\/\/esentevibrationale.com\/index.php?rest_route=%2Fwp%2Fv2%2Fproduct_brand&post=1027"},{"taxonomy":"product_cat","embeddable":true,"href":"https:\/\/esentevibrationale.com\/index.php?rest_route=%2Fwp%2Fv2%2Fproduct_cat&post=1027"},{"taxonomy":"product_tag","embeddable":true,"href":"https:\/\/esentevibrationale.com\/index.php?rest_route=%2Fwp%2Fv2%2Fproduct_tag&post=1027"}],"curies":[{"name":"wp","href":"https:\/\/api.w.org\/{rel}","templated":true}]}}