{"id":1055,"date":"2018-10-31T09:23:14","date_gmt":"2018-10-31T08:23:14","guid":{"rendered":"http:\/\/phiessences.com\/Romania\/?post_type=product&#038;p=1055"},"modified":"2025-12-30T18:15:10","modified_gmt":"2025-12-30T16:15:10","slug":"cerato","status":"publish","type":"product","link":"https:\/\/esentevibrationale.com\/?product=cerato","title":{"rendered":"Cerato \/ Plumbago"},"content":{"rendered":"<p><strong>(Ceratostigma willmottianum<\/strong>)<\/p>\n<p><em>Tufele de Plumbago cresc ad\u0103postite de v\u00e2nt \u00een locuri \u00eensorite \u0219i soluri uscate. Aceast\u0103 tuf\u0103 ornamental\u0103 &#8211; din zona Himalaiei &#8211; ajunge p\u00e2n\u0103 la 1 m \u00een\u0103l\u021bime. Are frunzele ascu\u021bite \u0219i dense. Florile au cinci petale \u00een form\u0103 de inim\u0103 form\u00e2nd o p\u00e2lnie, care este \u00eenconjurat\u0103 la baz\u0103 de bractee spinoase maronii. Florile albastre str\u0103lucitoare (de la albastru deschis la violet) ating un diametru de 10 &#8211; 15 cm. \u00cen perioada de \u00eenflorire din august p\u00e2n\u0103 \u00een octombrie, se deschid doar o zi la r\u00e2nd.<\/em><\/p>\n<p><strong><em>Efectul Esen\u021bei: <\/em><\/strong>Esen\u021ba Plumbago stimuleaz\u0103 intui\u021bia \u0219i ne ajut\u0103 s\u0103 lu\u0103m deciziile mai u\u0219or.<\/p>\n<p><strong><em>Efectul Esen\u021bei la Nivel Fizic: <\/em><\/strong>Tulbur\u0103rile de concentrare tind s\u0103 provoace accidente, esen\u021ba Plumbago, la nivel energetic, favorizeaz\u0103 con\u0219tiin\u021ba noastr\u0103 \u0219i astfel ne ajut\u0103 s\u0103 evit\u0103m riscul de accidente. Problemele de stabilitate sunt rezolvate cu o fermitate energetic\u0103 holistic\u0103. Reface pozi\u021bia personal\u0103, g\u00e2ndirea \u0219i comportamentul \u0219i astfel, suntem determina\u021bi \u0219i independen\u021bi \u00een rela\u021biile noastre cu al\u021bii.<\/p>\n<p><strong><em>Efectul Esen\u021bei la Nivel Emo\u021bional: <\/em><\/strong>Persoanele care constant cer aprobarea celorlal\u021bi au nevoie de esen\u021ba Plumbago. Persoana este naiv\u0103 \u0219i cere permanent sfaturi altor persoane. Aceasta acord\u0103 o valoare exagerat\u0103 opiniilor altora. U\u0219or un val de dependen\u021ba emo\u021bional\u0103 o \u00eenconjoar\u0103 \u0219i nu exist\u0103 libertate. Esen\u021ba Plumbago o ajut\u0103 se evite astfel de situa\u021bii prin \u00eent\u0103rirea \u0219i dezvoltarea ra\u021biunii personale.<\/p>\n<p><strong><em>Efectul Esen\u021bei la Nivel Mental: <\/em><\/strong>Esen\u021ba ne sprijin\u0103 la coordonarea g\u00e2ndirii abstracte \u0219i concrete. Persoana nu mai este limitat\u0103 de colectarea informa\u021biilor, dar le poate procesa \u0219i utiliza. Persoana \u00eenva\u021b\u0103 s\u0103 ia decizii definitive \u0219i s\u0103 fie constant\u0103, f\u0103r\u0103 a fi necesar s\u0103 cear\u0103 opinia altora. \u00cent\u0103rirea voin\u021bei personale o protejeaz\u0103 de opiniile \u0219i influen\u021ba altor persoane.<\/p>\n<p><strong><em>Efectul Esen\u021bei la Nivel Spiritual: <\/em><\/strong>Aceast\u0103 esen\u021b\u0103 ne d\u0103 \u00eencredere \u00een propria intui\u021bie &#8222;vocea interioar\u0103&#8221; \u0219i securitatea interioar\u0103. Atunci c\u00e2nd medit\u0103m este posibil s\u0103 avem viziuni mai clare, dec\u00e2t cele pe care le-am avut \u00een trecut, astfel aceast\u0103 claritate se extinde \u0219i \u00een via\u021ba cotidian\u0103. Vom deveni capabili s\u0103 distingem \u00eentre ce este corect \u0219i ce este gre\u0219it, ce este bun \u0219i ce este malefic pentru noi. Cu c\u00e2t suntem mai preg\u0103ti\u021bi s\u0103 ne asum\u0103m propria responsabilitate, cu at\u00e2t vom deveni mai maturi.<\/p>\n<p><strong><em>Afirma\u021bia: <\/em><\/strong>Cred \u00een &#8222;vocea interioar\u0103&#8221; \u0219i \u0219tiu ce este bine pentru mine<\/p>\n","protected":false},"excerpt":{"rendered":"<p>(Ceratostigma willmottianum) Tufele de Plumbago cresc ad\u0103postite de v\u00e2nt \u00een locuri \u00eensorite \u0219i soluri uscate. Aceast\u0103 tuf\u0103 ornamental\u0103 &#8211; din zona Himalaiei &#8211; ajunge p\u00e2n\u0103 la 1 m \u00een\u0103l\u021bime. Are frunzele ascu\u021bite \u0219i dense. Florile au cinci petale \u00een form\u0103 de inim\u0103 form\u00e2nd o p\u00e2lnie, care este \u00eenconjurat\u0103 la baz\u0103 de bractee spinoase maronii. Florile &hellip; <a href=\"https:\/\/esentevibrationale.com\/?product=cerato\" class=\"more-link\">Continu\u0103 lectura <span class=\"screen-reader-text\">Cerato \/ Plumbago<\/span> <span class=\"meta-nav\">&rarr;<\/span><\/a><\/p>\n","protected":false},"featured_media":1058,"template":"","meta":[],"product_brand":[],"product_cat":[20],"product_tag":[],"class_list":{"0":"post-1055","1":"product","2":"type-product","3":"status-publish","4":"has-post-thumbnail","6":"product_cat-esente-de-flori-clasice-bach","7":"pa_size-15ml","8":"pa_size-30ml","10":"first","11":"instock","12":"shipping-taxable","13":"purchasable","14":"product-type-variable","15":"has-default-attributes"},"_links":{"self":[{"href":"https:\/\/esentevibrationale.com\/index.php?rest_route=\/wp\/v2\/product\/1055","targetHints":{"allow":["GET"]}}],"collection":[{"href":"https:\/\/esentevibrationale.com\/index.php?rest_route=\/wp\/v2\/product"}],"about":[{"href":"https:\/\/esentevibrationale.com\/index.php?rest_route=\/wp\/v2\/types\/product"}],"wp:featuredmedia":[{"embeddable":true,"href":"https:\/\/esentevibrationale.com\/index.php?rest_route=\/wp\/v2\/media\/1058"}],"wp:attachment":[{"href":"https:\/\/esentevibrationale.com\/index.php?rest_route=%2Fwp%2Fv2%2Fmedia&parent=1055"}],"wp:term":[{"taxonomy":"product_brand","embeddable":true,"href":"https:\/\/esentevibrationale.com\/index.php?rest_route=%2Fwp%2Fv2%2Fproduct_brand&post=1055"},{"taxonomy":"product_cat","embeddable":true,"href":"https:\/\/esentevibrationale.com\/index.php?rest_route=%2Fwp%2Fv2%2Fproduct_cat&post=1055"},{"taxonomy":"product_tag","embeddable":true,"href":"https:\/\/esentevibrationale.com\/index.php?rest_route=%2Fwp%2Fv2%2Fproduct_tag&post=1055"}],"curies":[{"name":"wp","href":"https:\/\/api.w.org\/{rel}","templated":true}]}}