{"id":1084,"date":"2018-10-31T12:10:50","date_gmt":"2018-10-31T11:10:50","guid":{"rendered":"http:\/\/phiessences.com\/Romania\/?post_type=product&#038;p=1084"},"modified":"2025-12-30T18:39:16","modified_gmt":"2025-12-30T16:39:16","slug":"gorse-orz-salbatic","status":"publish","type":"product","link":"https:\/\/esentevibrationale.com\/?product=gorse-orz-salbatic","title":{"rendered":"Gorse \/ Grozam\u0103"},"content":{"rendered":"<p><strong>(Ulex europaeus) <\/strong><\/p>\n<p><em>Grozama, arbustul ve\u0219nic verde \u0219i ramificat, robust, cu spini puternici, se g\u0103se\u0219te \u00een zona temperat\u0103 a Europei \u0219i \u00een nordul Europei. Poate ajunge p\u00e2n\u0103 la 2 m \u00een\u0103l\u021bime \u0219i este bogat \u00een azot. Florile sale au culoarea galben auriu, \u00eenmuguresc pe tot parcursul anului, dar cu toate astea, perioada cea mai voluptoas\u0103 este \u00eentre lunile mai \u0219i iunie.<\/em><\/p>\n<p><em>\u00a0<\/em><strong><em>Efectul Esen\u021bei: <\/em><\/strong>Grozama aduce o nou\u0103 speran\u021b\u0103 \u0219i putere pentru un nou \u00eenceput dup\u0103 ce am dep\u0103\u0219it dificult\u0103\u021bile.<\/p>\n<p><strong><em>Efectul Esen\u021bei la Nivel Fizic: <\/em><\/strong>Cei care au nevoie de Grozam\u0103 au tenul de nuan\u021b\u0103 galben\u0103. Nu exist\u0103 str\u0103lucire \u00een privirea lor \u0219i au ochii \u00eenfunda\u021bi. C\u00e2nd procesul de vindecare ajunge la faza de stagnare, esen\u021ba ofer\u0103 un nou impuls. Se poate folosi \u0219i \u00een timpul terapiile pentru cancer.<\/p>\n<p><strong><em>Efectul Esen\u021bei la Nivel Emo\u021bional: <\/em><\/strong>Persoanele se abandoneaz\u0103 pe ele \u00eensele \u00eent\u00e2mpl\u0103rii cu o neglijare aproape morbid\u0103. Tot timpul sunt amenin\u021bate de sentimentul c\u0103 nimic nu merge bine, c\u0103 totul a fost deja f\u0103cut. Individul trimite mesajul mediului \u00eenconjur\u0103tor: &#8222;Ajut\u0103-m\u0103 deoarece nimeni altcineva nu o poate face&#8221;. Esen\u021b\u0103 ne poate ajuta s\u0103 distingem aceste situa\u021bii complicate. Prin intermediul s\u0103u putem atenua paralizia vie\u021bii noastre \u0219i s\u0103 \u00eencepem din nou s\u0103 ducem o via\u021ba activ\u0103 \u00een concordan\u021b\u0103 cu dorin\u021bele noastre. Ne rec\u0103p\u0103t\u0103m voin\u021ba \u0219i nu \u00eei mai l\u0103s\u0103m pe ceilal\u021bi s\u0103 ne conving\u0103, a\u0219a cum o f\u0103ceam c\u00e2nd eram pesimi\u0219ti \u0219i dispera\u021bi.<\/p>\n<p><strong><em>Efectul Esen\u021bei la Nivel Mental: <\/em><\/strong>Cu esen\u021ba Grozamei ne putem risipi \u0219i \u00eenlocui preconcep\u021biile mentale gre\u0219ite. \u00cenv\u0103\u021b\u0103m s\u0103 vedem \u0219i s\u0103 ne consider\u0103m e\u0219ecurile, care ne-au dus spre percep\u021biile negative, ca pe ni\u0219te oportunit\u0103\u021bi de \u00eenv\u0103\u021bare. Puterea g\u00e2ndirii pozitive ocup\u0103 iar o pozi\u021bie proeminent\u0103 \u0219i &#8222;aici \u0219i acum&#8221; devine important. Esen\u021ba \u00eent\u0103re\u0219te voin\u021ba de a accepta schimbarea cu bucurie \u0219i s\u0103 fie distins\u0103 de al\u021bii la nivel spiritual.<\/p>\n<p><strong><em>Efectul Esen\u021bei la Nivel Spiritual: <\/em><\/strong>Esen\u021ba ne readuce speran\u021ba \u00een momentul \u00een care sim\u021bim c\u0103 am ajuns la cap\u0103t de drum. Rec\u0103p\u0103t\u0103m credin\u021ba, \u00eencrederea deplin\u0103, siguran\u021ba, dorin\u021ba \u0219i bucuria de a tr\u0103i. Grozama ne d\u0103 un impuls nou \u00een lupta vital\u0103. Putem sim\u021bi credin\u021ba care treze\u0219te \u00een noi energia auto-vindec\u0103toare. Totodat\u0103, putem sim\u021bi c\u0103 Dumnezeu este de partea noastr\u0103, ne putem dezvolta \u00eencrederea \u00een ghidul nostru interior \u0219i \u00eenv\u0103\u021b\u0103m s\u0103 recunoa\u0219tem dorin\u021ba noastr\u0103 de a tr\u0103i.<\/p>\n<p><strong><em>Afirma\u021bia: <\/em><\/strong>Soarele meu interior str\u0103luce\u0219te \u0219i pot \u00eencepe iar cu optimism.<\/p>\n","protected":false},"excerpt":{"rendered":"<p>(Ulex europaeus) Grozama, arbustul ve\u0219nic verde \u0219i ramificat, robust, cu spini puternici, se g\u0103se\u0219te \u00een zona temperat\u0103 a Europei \u0219i \u00een nordul Europei. Poate ajunge p\u00e2n\u0103 la 2 m \u00een\u0103l\u021bime \u0219i este bogat \u00een azot. Florile sale au culoarea galben auriu, \u00eenmuguresc pe tot parcursul anului, dar cu toate astea, perioada cea mai voluptoas\u0103 este &hellip; <a href=\"https:\/\/esentevibrationale.com\/?product=gorse-orz-salbatic\" class=\"more-link\">Continu\u0103 lectura <span class=\"screen-reader-text\">Gorse \/ Grozam\u0103<\/span> <span class=\"meta-nav\">&rarr;<\/span><\/a><\/p>\n","protected":false},"featured_media":13092,"template":"","meta":[],"product_brand":[],"product_cat":[20],"product_tag":[],"class_list":{"0":"post-1084","1":"product","2":"type-product","3":"status-publish","4":"has-post-thumbnail","6":"product_cat-esente-de-flori-clasice-bach","7":"pa_size-15ml","8":"pa_size-30ml","10":"first","11":"instock","12":"shipping-taxable","13":"purchasable","14":"product-type-variable"},"_links":{"self":[{"href":"https:\/\/esentevibrationale.com\/index.php?rest_route=\/wp\/v2\/product\/1084","targetHints":{"allow":["GET"]}}],"collection":[{"href":"https:\/\/esentevibrationale.com\/index.php?rest_route=\/wp\/v2\/product"}],"about":[{"href":"https:\/\/esentevibrationale.com\/index.php?rest_route=\/wp\/v2\/types\/product"}],"wp:featuredmedia":[{"embeddable":true,"href":"https:\/\/esentevibrationale.com\/index.php?rest_route=\/wp\/v2\/media\/13092"}],"wp:attachment":[{"href":"https:\/\/esentevibrationale.com\/index.php?rest_route=%2Fwp%2Fv2%2Fmedia&parent=1084"}],"wp:term":[{"taxonomy":"product_brand","embeddable":true,"href":"https:\/\/esentevibrationale.com\/index.php?rest_route=%2Fwp%2Fv2%2Fproduct_brand&post=1084"},{"taxonomy":"product_cat","embeddable":true,"href":"https:\/\/esentevibrationale.com\/index.php?rest_route=%2Fwp%2Fv2%2Fproduct_cat&post=1084"},{"taxonomy":"product_tag","embeddable":true,"href":"https:\/\/esentevibrationale.com\/index.php?rest_route=%2Fwp%2Fv2%2Fproduct_tag&post=1084"}],"curies":[{"name":"wp","href":"https:\/\/api.w.org\/{rel}","templated":true}]}}