{"id":1151,"date":"2018-10-31T14:56:17","date_gmt":"2018-10-31T13:56:17","guid":{"rendered":"http:\/\/phiessences.com\/Romania\/?post_type=product&#038;p=1151"},"modified":"2025-12-30T19:00:21","modified_gmt":"2025-12-30T17:00:21","slug":"scleranthus-buruiana-surpaturii","status":"publish","type":"product","link":"https:\/\/esentevibrationale.com\/?product=scleranthus-buruiana-surpaturii","title":{"rendered":"Scleranthus \/ Buruiana Surp\u0103turii"},"content":{"rendered":"<p><strong>(Scleranthus annuus) <\/strong><\/p>\n<p><em>Buruiana Surp\u0103turii cre\u0219te pe solurile stepe \u0219i nisipoase de pe terenuri \u00een reziduu, moloz, paji\u0219ti, c\u00e2mpuri de secar\u0103. Aceast\u0103 plant\u0103 cre\u0219te pe tot parcursul anului, dar devine din ce \u00een ce mai rar\u0103. Are frunze mici \u0219i \u021bepoase aranjate \u00een opozi\u021bie \u00een perechi de c\u00e2te dou\u0103. Florile sale au 4 cm diametru, au culoarea verde-gri, nu au petale \u0219i \u00eenfloresc din luna iunie p\u00e2n\u0103 \u00een luna septembrie.<\/em><\/p>\n<p><strong><em>Efectul Esen\u021be: <\/em><\/strong>Esen\u021ba de Buruiana Surp\u0103turii este indicat\u0103 c\u00e2nd ezit\u0103m \u00eentre dou\u0103 extreme. Ne ajut\u0103 s\u0103 recunoa\u0219tem c\u0103 exist\u0103 \u0219i cale de mijloc. Ne ajut\u0103 s\u0103 avem echilibrul interior \u0219i s\u0103 putem lua decizii.<\/p>\n<p><strong><em>Efectul Esen\u021bei la Nivel Fizic: <\/em><\/strong>Esen\u021ba \u00ee\u0219i concentreaz\u0103 ac\u021biunea la nivel energetic. Simptomele fizice se calmeaz\u0103 imediat ce primim putere nou\u0103 \u0219i determinarea de a decide. Esen\u021ba poate fi administrat\u0103 \u0219i femeilor, pentru a aduce o energie \u00een plus, atunci c\u00e2nd au cicluri neregulate. Se poate alege \u00eentre administrarea oral\u0103, frecarea stomacului cu ea sau c\u00e2teva pic\u0103turi \u00een auricul st\u00e2ng (punctul de referin\u021ba pentru organele abdominale). \u00cen plus, poate fi de ajutor \u00een cazul r\u0103ului de mi\u0219care, deoarece are un efect stabilizator energetic \u0219i sc\u0103p\u0103m de sensibilitatea la mi\u0219carea pe ap\u0103.<\/p>\n<p><em><strong>Efectul Esen\u021be la Nivel Emo\u021bional: <\/strong><\/em>Tipic pentru un deficit de Buruiana Surp\u0103turii este bipolaritatea cu sentimente de volatilitate \u0219i indecizie. Pe de o parte, persoana poate fi \u00eenc\u0103p\u0103\u021b\u00e2nat\u0103 \u0219i dur\u0103 \u0219i \u00ee\u0219i risipe\u0219te singur\u0103 energiile \u00een ambele direc\u021bii de sim\u021bire. Pe de alt\u0103 parte, poate fi u\u0219or distras\u0103, oscileaz\u0103 \u00eentre mai multe variante \u0219i nu vrea s\u0103 renun\u021be la nicio posibilitate, se teme de restric\u021bii, ezit\u0103 mult timp \u0219i este instabil\u0103. Esen\u021ba ne arat\u0103 media de aur. Sim\u021bim o stare de armonie, pace interioar\u0103 \u0219i claritate \u0219i recunoa\u0219tem direc\u021bia noastr\u0103.<\/p>\n<p><strong><em>Efectul Esen\u021bei la Nivel Mental: <\/em><\/strong>C\u00e2nd petrecem timpul reflect\u00e2nd \u0219i \u00eentreb\u00e2ndu-ne scufunda\u021bi \u00een g\u00e2nduri, esen\u021ba ne poate ajuta s\u0103 g\u0103sim o ghidare spiritual\u0103. Vom putea recunoa\u0219te care posibilitate este corect\u0103 pentru noi \u00eentr-un anumit moment \u0219i vom lua oportunit\u0103\u021bile satisf\u0103cu\u021bi de decizia noastr\u0103. Esen\u021ba influen\u021beaz\u0103 schimb\u0103rile pozitive de dispozi\u021bie. Devenim un partener serios pentru ceilal\u021bi.<\/p>\n<p><strong><em>Efectul Esen\u021be asupra Spiritului: <\/em><\/strong>Esen\u021ba ne ajut\u0103 s\u0103 ne recentr\u0103m. Suntem \u00een contact cu Sinele nostru Superior. Vom recunoa\u0219te ordinea superioar\u0103 a vie\u021bii \u0219i scopul s\u0103u. Esen\u021ba ne ajut\u0103 s\u0103 fim \u00eencrez\u0103tori c\u0103 ceea ce se \u00eent\u00e2mpl\u0103 este cel mai corect lucru.<\/p>\n<p><strong><em>Afirma\u021bia<\/em><\/strong>: Am \u00eencredere \u00een capacitatea mea personal\u0103 de a lua decizii rapide \u0219i corecte.<\/p>\n","protected":false},"excerpt":{"rendered":"<p>(Scleranthus annuus) Buruiana Surp\u0103turii cre\u0219te pe solurile stepe \u0219i nisipoase de pe terenuri \u00een reziduu, moloz, paji\u0219ti, c\u00e2mpuri de secar\u0103. Aceast\u0103 plant\u0103 cre\u0219te pe tot parcursul anului, dar devine din ce \u00een ce mai rar\u0103. Are frunze mici \u0219i \u021bepoase aranjate \u00een opozi\u021bie \u00een perechi de c\u00e2te dou\u0103. Florile sale au 4 cm diametru, au &hellip; <a href=\"https:\/\/esentevibrationale.com\/?product=scleranthus-buruiana-surpaturii\" class=\"more-link\">Continu\u0103 lectura <span class=\"screen-reader-text\">Scleranthus \/ Buruiana Surp\u0103turii<\/span> <span class=\"meta-nav\">&rarr;<\/span><\/a><\/p>\n","protected":false},"featured_media":1154,"template":"","meta":[],"product_brand":[],"product_cat":[20],"product_tag":[],"class_list":{"0":"post-1151","1":"product","2":"type-product","3":"status-publish","4":"has-post-thumbnail","6":"product_cat-esente-de-flori-clasice-bach","7":"pa_size-15ml","8":"pa_size-30ml","10":"first","11":"instock","12":"shipping-taxable","13":"purchasable","14":"product-type-variable","15":"has-default-attributes"},"_links":{"self":[{"href":"https:\/\/esentevibrationale.com\/index.php?rest_route=\/wp\/v2\/product\/1151","targetHints":{"allow":["GET"]}}],"collection":[{"href":"https:\/\/esentevibrationale.com\/index.php?rest_route=\/wp\/v2\/product"}],"about":[{"href":"https:\/\/esentevibrationale.com\/index.php?rest_route=\/wp\/v2\/types\/product"}],"wp:featuredmedia":[{"embeddable":true,"href":"https:\/\/esentevibrationale.com\/index.php?rest_route=\/wp\/v2\/media\/1154"}],"wp:attachment":[{"href":"https:\/\/esentevibrationale.com\/index.php?rest_route=%2Fwp%2Fv2%2Fmedia&parent=1151"}],"wp:term":[{"taxonomy":"product_brand","embeddable":true,"href":"https:\/\/esentevibrationale.com\/index.php?rest_route=%2Fwp%2Fv2%2Fproduct_brand&post=1151"},{"taxonomy":"product_cat","embeddable":true,"href":"https:\/\/esentevibrationale.com\/index.php?rest_route=%2Fwp%2Fv2%2Fproduct_cat&post=1151"},{"taxonomy":"product_tag","embeddable":true,"href":"https:\/\/esentevibrationale.com\/index.php?rest_route=%2Fwp%2Fv2%2Fproduct_tag&post=1151"}],"curies":[{"name":"wp","href":"https:\/\/api.w.org\/{rel}","templated":true}]}}