{"id":1179,"date":"2018-10-31T15:37:13","date_gmt":"2018-10-31T14:37:13","guid":{"rendered":"http:\/\/phiessences.com\/Romania\/?post_type=product&#038;p=1179"},"modified":"2025-12-30T19:03:12","modified_gmt":"2025-12-30T17:03:12","slug":"white-chestnut-castan-salbatic","status":"publish","type":"product","link":"https:\/\/esentevibrationale.com\/?product=white-chestnut-castan-salbatic","title":{"rendered":"White Chestnut \/ Castan S\u0103lbatic"},"content":{"rendered":"<p><strong>(Aesculus hippocastanum) <\/strong><\/p>\n<p><em>Castanul S\u0103lbatic are nevoie de mult\u0103 lumin\u0103 pentru a cre\u0219te. Poate fi g\u0103sit \u00een parcuri \u0219i gr\u0103dini mari din zonele temperate din Europa \u0219i America. Acest arbore cre\u0219te repede, poate ajunge p\u00e2n\u0103 la 30 de m \u00een\u0103l\u021bime \u0219i tr\u0103ie\u0219te 150 de ani. Frunzele palmate au \u00eentre cinci \u0219i \u0219apte frunzuli\u021be. Florile sunt albe, perfect simetrice \u0219i drepte fiind similare lum\u00e2n\u0103rilor, \u00eenfloresc \u00eentre lunile mai \u0219i iunie. \u00cen principal, castanul s\u0103lbatic este monoic \u0219i fructele sale sunt castanele.<\/em><\/p>\n<p><strong><em>Efectul Esen\u021bei: <\/em><\/strong>Esen\u021ba Castanului S\u0103lbatic ne ajut\u0103 s\u0103 ne distan\u021b\u0103m de problemele noastre \u0219i s\u0103 ne relax\u0103m. Poate fi administrat\u0103 c\u00e2nd suntem pisa\u021bi de aceea\u0219i idee \u0219i avem acelea\u0219i g\u00e2nduri \u00een mod repetat.<\/p>\n<p><strong><em>Efectul Esen\u021bei la Nivel Fizic: <\/em><\/strong>C\u00e2nd caruselul g\u00e2ndurilor se manifest\u0103 \u0219i \u00een reac\u021bii fizice putem utiliza esen\u021ba pentru a opri b\u0103taia g\u00e2ndurilor \u0219i s\u0103 g\u0103sim o baz\u0103 nou\u0103 pentru rezolvarea problemelor. Datorit\u0103 cre\u0219terii progresive a serenit\u0103\u021bii \u0219i a securit\u0103\u021bii, disconfortul corporal se reduce.<\/p>\n<p><strong><em>Efectul Esen\u021bei la Nivel Emo\u021bional: <\/em><\/strong>C\u00e2nd suntem chinui\u021bi de g\u00e2ndurile nedorite recurente. Sentimente sunt &#8222;mestecate&#8221; repetitiv, apar idei fixe, cre\u0219te incertitudinea, esen\u021ba calmeaz\u0103 agita\u021bia noastr\u0103 interioar\u0103 \u0219i astfel, ne permite s\u0103 ne redirec\u021bion\u0103m aten\u021bia spre alte aspecte. Exist\u0103 un interes \u00eennoit pentru timpul prezent, \u00een care ne putem integra.<\/p>\n<p><strong><em>Efectul Esen\u021bei la Nivel Mental: <\/em><\/strong>Cu esen\u021ba rec\u0103p\u0103t\u0103m controlul asupra min\u021bii, lucru care este important. G\u00e2ndirea este mai moderat\u0103 \u0219i constructiv\u0103 \u0219i astfel, ne g\u0103sim calmitate \u0219i u\u0219urin\u021b\u0103 mental\u0103. Putem abandona profunzimea min\u021bii \u0219i s\u0103 ne reorganiz\u0103m viitorul. Eliber\u0103m g\u00e2ndurile chinuitoare, problemele pot fi rezolvate acum \u0219i conflictele nerezolvate pot fi clarificate. Esen\u021ba ne d\u0103 abilitatea de a avea acea discu\u021bie neconfortabil\u0103, pe care am am\u00e2nat-o \u0219i s\u0103 ne refacem ordinea interi- oar\u0103. Esen\u021ba Castanului S\u0103lbatic ne ajut\u0103 s\u0103 ne organiz\u0103m g\u00e2ndurile \u00eenainte de un examen \u0219i s\u0103 structureze ceea ce am citit \u0219i scris.<\/p>\n<p><strong><em>Efectul Esen\u021bei la Nivel Spiritual: <\/em><\/strong>Eliberarea, claritatea \u0219i ordinea sunt obiectivele im- portante ale acestei esen\u021be. A\u0219a cum suntem liberi de poverile care ne sufocau, la fel spiritul nostru este iluminat \u0219i putem intra \u00een conexiune cu Sinele Superior. Identific\u0103m obiectivele noastre \u0219i ignor\u0103m tot ceea ce ne deranjeaz\u0103. Deci, g\u0103sim o nou\u0103 ordine \u00een personalitatea noastr\u0103 \u0219i \u00een mediul nostru.<\/p>\n<p><strong><em>Afirma\u021bia: <\/em><\/strong>Las \u00een urm\u0103 g\u00e2ndirea negativ\u0103 \u0219i m\u0103 concentrez pe ceea ce este important.<\/p>\n","protected":false},"excerpt":{"rendered":"<p>(Aesculus hippocastanum) Castanul S\u0103lbatic are nevoie de mult\u0103 lumin\u0103 pentru a cre\u0219te. Poate fi g\u0103sit \u00een parcuri \u0219i gr\u0103dini mari din zonele temperate din Europa \u0219i America. Acest arbore cre\u0219te repede, poate ajunge p\u00e2n\u0103 la 30 de m \u00een\u0103l\u021bime \u0219i tr\u0103ie\u0219te 150 de ani. Frunzele palmate au \u00eentre cinci \u0219i \u0219apte frunzuli\u021be. Florile sunt albe, &hellip; <a href=\"https:\/\/esentevibrationale.com\/?product=white-chestnut-castan-salbatic\" class=\"more-link\">Continu\u0103 lectura <span class=\"screen-reader-text\">White Chestnut \/ Castan S\u0103lbatic<\/span> <span class=\"meta-nav\">&rarr;<\/span><\/a><\/p>\n","protected":false},"featured_media":13113,"template":"","meta":[],"product_brand":[],"product_cat":[20],"product_tag":[],"class_list":{"0":"post-1179","1":"product","2":"type-product","3":"status-publish","4":"has-post-thumbnail","6":"product_cat-esente-de-flori-clasice-bach","7":"pa_size-15ml","8":"pa_size-30ml","10":"first","11":"instock","12":"shipping-taxable","13":"purchasable","14":"product-type-variable","15":"has-default-attributes"},"_links":{"self":[{"href":"https:\/\/esentevibrationale.com\/index.php?rest_route=\/wp\/v2\/product\/1179","targetHints":{"allow":["GET"]}}],"collection":[{"href":"https:\/\/esentevibrationale.com\/index.php?rest_route=\/wp\/v2\/product"}],"about":[{"href":"https:\/\/esentevibrationale.com\/index.php?rest_route=\/wp\/v2\/types\/product"}],"wp:featuredmedia":[{"embeddable":true,"href":"https:\/\/esentevibrationale.com\/index.php?rest_route=\/wp\/v2\/media\/13113"}],"wp:attachment":[{"href":"https:\/\/esentevibrationale.com\/index.php?rest_route=%2Fwp%2Fv2%2Fmedia&parent=1179"}],"wp:term":[{"taxonomy":"product_brand","embeddable":true,"href":"https:\/\/esentevibrationale.com\/index.php?rest_route=%2Fwp%2Fv2%2Fproduct_brand&post=1179"},{"taxonomy":"product_cat","embeddable":true,"href":"https:\/\/esentevibrationale.com\/index.php?rest_route=%2Fwp%2Fv2%2Fproduct_cat&post=1179"},{"taxonomy":"product_tag","embeddable":true,"href":"https:\/\/esentevibrationale.com\/index.php?rest_route=%2Fwp%2Fv2%2Fproduct_tag&post=1179"}],"curies":[{"name":"wp","href":"https:\/\/api.w.org\/{rel}","templated":true}]}}