{"id":1183,"date":"2018-10-31T15:40:44","date_gmt":"2018-10-31T14:40:44","guid":{"rendered":"http:\/\/phiessences.com\/Romania\/?post_type=product&#038;p=1183"},"modified":"2025-12-30T19:01:57","modified_gmt":"2025-12-30T17:01:57","slug":"wild-oat-ovaz-salbatic","status":"publish","type":"product","link":"https:\/\/esentevibrationale.com\/?product=wild-oat-ovaz-salbatic","title":{"rendered":"Wild Oat \/ Ov\u0103z S\u0103lbatic"},"content":{"rendered":"<p><strong>(Bromus ramosus) <\/strong><\/p>\n<p><em>Ov\u0103zul S\u0103lbatic cre\u0219te pe solurile umede la marginea drumurilor umbrite de poduri sau de-a lungul pantelor abrupte. Mai multe tul- pini fine, flexibile, delicate cresc dintr-o singur\u0103 r\u0103d\u0103cin\u0103. Pot ajunge la 150 de cm \u00een\u0103l\u021bime. Se leag\u0103n\u0103 gentil \u00een voia v\u00e2ntului. Frunzele sale sunt \u00eenguste \u0219i p\u0103roase. Perioada de \u00eenflorire este \u00eentre lunile iunie \u0219i august \u0219i atunci cresc spicele delicate \u00eenzestrate cu must\u0103\u021bi rigide.<\/em><\/p>\n<p><strong><em>Efectul Esen\u021bei: <\/em><\/strong>Esen\u021ba Ov\u0103zului S\u0103lbatic ne ajut\u0103 s\u0103 lu\u0103m cele mai importante decizii ale vie\u021bii noastre. Cu aceasta ne identific\u0103m propriul drum \u00een via\u021b\u0103 \u0219i putem atinge \u00eemplinirea de sine.<\/p>\n<p><strong><em>Efectul Esen\u021bei la Nivel Fizic: <\/em><\/strong>Esen\u021ba Ov\u0103zului S\u0103lbatic ne ajut\u0103 s\u0103 profit\u0103m de ambi\u021bia noastr\u0103, s\u0103 ob\u021binem claritate despre talentele \u0219i abilit\u0103\u021bile noastre \u0219i s\u0103 le punem \u00een aplicare. Implicit direc\u021bia vie\u021bii noastre va fi mai clar\u0103, nu vom mai fi ca firul de iarb\u0103 \u00een b\u0103taia v\u00e2ntului \u0219i ne vom g\u0103si calea. Vor veni garan\u021bia interioar\u0103 \u0219i perseveren\u021ba, prin intermediu c\u0103rora deficien\u021bele corpului pot fi corectate. Esen\u021ba este recomandat\u0103 \u00een cazul crizelor vitale \u0219i al dependen\u021belor. Pentru a ne stabiliza se poate aplica pe coloana vertebral\u0103.<\/p>\n<p><em><strong>Efectul Esen\u021bei la Nivel Emo\u021bional: <\/strong><\/em>Atunci c\u00e2nd suntem domina\u021bi de impulsul interior de a vrea s\u0103 facem ceva special \u0219i ne sim\u021bim dezorienta\u021bi, c\u00e2nd o persoan\u0103 nu a reu\u0219it s\u0103 \u00ee\u0219i g\u0103seasc\u0103 semnifica\u021bia vie\u021bii (\u00eenc\u0103) \u0219i asta ne poate conduce la depresie, esen\u021ba ne sprijin\u0103 s\u0103 apuc\u0103m pe o nou\u0103 direc\u021bie. Vom putea s\u0103 ne recunoa\u0219tem talentele, s\u0103 ni le evalu\u0103m \u0219i s\u0103 decidem care este direc\u021bia potrivit\u0103. Sentimentele de frustrare pot fi dep\u0103\u0219ite \u0219i astfel spa\u021biu liber pentru o motiva\u021bie nou\u0103 \u0219i o claritate vesel\u0103.<\/p>\n<p><strong><em>Efectul Esen\u021bei la Nivel Mental: <\/em><\/strong>Esen\u021b\u0103 ne sus\u021bine c\u00e2nd ne alegem o profesie sau un partener, c\u00e2nd ideile lipsesc \u00eenc\u0103 de la \u00eenceput. Cu esen\u021ba ne putem dezvolta propria con\u0219tiin\u021b\u0103 \u0219i c\u00e2teodat\u0103 putem ap\u0103ra deciziile neconven\u021bionale. \u00cen g\u00e2ndirea noastr\u0103 vom schi\u021ba idei clare, pe care le vom putea urm\u0103ri.<\/p>\n<p><strong><em>Efectul Esen\u021bei la Nivel Spiritual: <\/em><\/strong>Esen\u021ba ne ofer\u0103 o perspectiv\u0103 vital\u0103. Realiz\u0103m c\u0103 via\u021ba nu este o linie dreapt\u0103, ci se deruleaz\u0103 \u00een zig-zag. Cu esen\u021ba vom fi putea integra \u0219i combina experien\u021bele noastre. Totodat\u0103, vom \u00eenv\u0103\u021ba s\u0103 identific\u0103m acele elemente care ne afecteaz\u0103 negativ \u0219i le vom l\u0103sa \u00een urm\u0103. Contactul cu vocea noastr\u0103 interioar\u0103 este clar, ne sim\u021bim siguri de drumul nostru intern \u0219i extern.<\/p>\n<p><strong><em>Afirma\u021bia: <\/em><\/strong>Merg pe calea mea \u00eenc\u0103 necunoscut\u0103 \u0219i \u00eemi descop\u0103r scopul vie\u021bii mele. Simplitatea mea este cea care m\u0103 face special\/\u0103.<\/p>\n","protected":false},"excerpt":{"rendered":"<p>(Bromus ramosus) Ov\u0103zul S\u0103lbatic cre\u0219te pe solurile umede la marginea drumurilor umbrite de poduri sau de-a lungul pantelor abrupte. Mai multe tul- pini fine, flexibile, delicate cresc dintr-o singur\u0103 r\u0103d\u0103cin\u0103. Pot ajunge la 150 de cm \u00een\u0103l\u021bime. Se leag\u0103n\u0103 gentil \u00een voia v\u00e2ntului. Frunzele sale sunt \u00eenguste \u0219i p\u0103roase. Perioada de \u00eenflorire este \u00eentre lunile &hellip; <a href=\"https:\/\/esentevibrationale.com\/?product=wild-oat-ovaz-salbatic\" class=\"more-link\">Continu\u0103 lectura <span class=\"screen-reader-text\">Wild Oat \/ Ov\u0103z S\u0103lbatic<\/span> <span class=\"meta-nav\">&rarr;<\/span><\/a><\/p>\n","protected":false},"featured_media":13114,"template":"","meta":[],"product_brand":[],"product_cat":[20],"product_tag":[],"class_list":{"0":"post-1183","1":"product","2":"type-product","3":"status-publish","4":"has-post-thumbnail","6":"product_cat-esente-de-flori-clasice-bach","7":"pa_size-15ml","8":"pa_size-30ml","10":"first","11":"instock","12":"shipping-taxable","13":"purchasable","14":"product-type-variable","15":"has-default-attributes"},"_links":{"self":[{"href":"https:\/\/esentevibrationale.com\/index.php?rest_route=\/wp\/v2\/product\/1183","targetHints":{"allow":["GET"]}}],"collection":[{"href":"https:\/\/esentevibrationale.com\/index.php?rest_route=\/wp\/v2\/product"}],"about":[{"href":"https:\/\/esentevibrationale.com\/index.php?rest_route=\/wp\/v2\/types\/product"}],"wp:featuredmedia":[{"embeddable":true,"href":"https:\/\/esentevibrationale.com\/index.php?rest_route=\/wp\/v2\/media\/13114"}],"wp:attachment":[{"href":"https:\/\/esentevibrationale.com\/index.php?rest_route=%2Fwp%2Fv2%2Fmedia&parent=1183"}],"wp:term":[{"taxonomy":"product_brand","embeddable":true,"href":"https:\/\/esentevibrationale.com\/index.php?rest_route=%2Fwp%2Fv2%2Fproduct_brand&post=1183"},{"taxonomy":"product_cat","embeddable":true,"href":"https:\/\/esentevibrationale.com\/index.php?rest_route=%2Fwp%2Fv2%2Fproduct_cat&post=1183"},{"taxonomy":"product_tag","embeddable":true,"href":"https:\/\/esentevibrationale.com\/index.php?rest_route=%2Fwp%2Fv2%2Fproduct_tag&post=1183"}],"curies":[{"name":"wp","href":"https:\/\/api.w.org\/{rel}","templated":true}]}}