{"id":1195,"date":"2018-10-31T16:27:20","date_gmt":"2018-10-31T15:27:20","guid":{"rendered":"http:\/\/phiessences.com\/Romania\/?post_type=product&#038;p=1195"},"modified":"2025-12-30T18:57:30","modified_gmt":"2025-12-30T16:57:30","slug":"rq5-primul-ajutor","status":"publish","type":"product","link":"https:\/\/esentevibrationale.com\/?product=rq5-primul-ajutor","title":{"rendered":"RQ5 Primul Ajutor"},"content":{"rendered":"<p><em>Remediul de urgen\u021b\u0103 a fost deja dezvoltat de Dr. Bach. Remediile \u00een caz de urgen\u021b\u0103 sunt cele mai bine cunoscute \u0219i importante combina\u021bi de esen\u021be florale. Odat\u0103 combinate RQ7 \u0219i RQ5 corespund grupului esen\u021belor clasice Bach. Ambele esen\u021be ar trebui administrate la scurte perioade \u0219i frecven\u021be de timp.<\/em><\/p>\n<p><strong><em>Efectul Esen\u021bei: <\/em><\/strong>Esen\u021ba are un efect lini\u0219ti- tor \u00een orice situa\u021bie de urgen\u021b\u0103, poate fi administrat\u0103 noaptea. \u00cen general, se aplic\u0103 4 pic\u0103turi de la intervale de 5 p\u00e2n\u0103 la 10 minute p\u00e2n\u0103 sim\u021bim o u\u0219urare.<\/p>\n<p><strong><em>Efectul Esen\u021bei la Nivel Fizic: <\/em><\/strong>Poate fi administrat\u0103 cu scopuri profilactice \u00eenaintea unei interven\u021bii chirurgicale sau a na\u0219terii, cu scopul de a stabiliza energia corpului \u0219i de a ne preg\u0103ti pentru situa\u021biile &#8222;\u0219ocante&#8221;.<\/p>\n<p><strong><em>Efectul Esen\u021bei la Nivel Emo\u021bional: <\/em><\/strong>Atunci c\u00e2nd apare ghinionul, esen\u021ba ne va ajuta s\u0103 dep\u0103\u0219im consecin\u021bele lui, s\u0103 prelu\u0103m controlul \u00een ciuda fricii \u0219i s\u0103 fim preg\u0103ti\u021bi pentru un \u0219oc.<\/p>\n<p><strong><em>Efectul Esen\u021bei la Nivel Mental: <\/em><\/strong>Ne ajut\u0103 s\u0103 control\u0103m stresul \u0219i tensiunile mentale \u00eenaintea unui examen sau a oric\u0103rei situa\u021bii tensionate. \u00cen cazul unui accident, ajut\u0103 la procesarea traumei, s\u0103 nu ne pierdem controlul \u0219i s\u0103 g\u0103sim iar calmul interior \u00een cazul unor sentimente de panic\u0103.<\/p>\n<p><strong><em>Efectul Esen\u021bei la Nivel Spiritual: <\/em><\/strong>Atunci c\u00e2nd ne este fric\u0103 c\u0103 ne pierdem controlul sau c\u0103 nu suntem capabili s\u0103 facem fa\u021b\u0103 unei anumite situa\u021bii Remediul de Salvare ne ajut\u0103 s\u0103 ne rec\u0103p\u0103t\u0103m pacea interioar\u0103, ne une\u0219te cu Sinele Nostru Superior, \u00een plus ne umple cu pace \u0219i lini\u0219te.<\/p>\n<p><em><strong>Esen\u021ba con\u021bine:<\/strong><\/em><\/p>\n<p>Star of Bethlehem (Ornithogalum umbellatum)<\/p>\n<p>Rock Rose (Helianthemum nummularium), Impatience (lmpatiens landulifera), Clematis (Clematis vitalba),<\/p>\n<p>Cherry Plum (Prunus cerasifera).<\/p>\n<p><strong><em>Afirma\u021bia: <\/em><\/strong>M\u0103 simt s\u0103n\u0103tos \/ s\u0103n\u0103toas\u0103 \u0219i \u00eemi g\u0103sesc pacea interioar\u0103<\/p>\n","protected":false},"excerpt":{"rendered":"<p>Remediul de urgen\u021b\u0103 a fost deja dezvoltat de Dr. Bach. Remediile \u00een caz de urgen\u021b\u0103 sunt cele mai bine cunoscute \u0219i importante combina\u021bi de esen\u021be florale. Odat\u0103 combinate RQ7 \u0219i RQ5 corespund grupului esen\u021belor clasice Bach. Ambele esen\u021be ar trebui administrate la scurte perioade \u0219i frecven\u021be de timp. Efectul Esen\u021bei: Esen\u021ba are un efect lini\u0219ti- &hellip; <a href=\"https:\/\/esentevibrationale.com\/?product=rq5-primul-ajutor\" class=\"more-link\">Continu\u0103 lectura <span class=\"screen-reader-text\">RQ5 Primul Ajutor<\/span> <span class=\"meta-nav\">&rarr;<\/span><\/a><\/p>\n","protected":false},"featured_media":13118,"template":"","meta":[],"product_brand":[],"product_cat":[20],"product_tag":[],"class_list":{"0":"post-1195","1":"product","2":"type-product","3":"status-publish","4":"has-post-thumbnail","6":"product_cat-esente-de-flori-clasice-bach","7":"pa_size-15ml","8":"pa_size-30ml","10":"first","11":"instock","12":"shipping-taxable","13":"purchasable","14":"product-type-variable","15":"has-default-attributes"},"_links":{"self":[{"href":"https:\/\/esentevibrationale.com\/index.php?rest_route=\/wp\/v2\/product\/1195","targetHints":{"allow":["GET"]}}],"collection":[{"href":"https:\/\/esentevibrationale.com\/index.php?rest_route=\/wp\/v2\/product"}],"about":[{"href":"https:\/\/esentevibrationale.com\/index.php?rest_route=\/wp\/v2\/types\/product"}],"wp:featuredmedia":[{"embeddable":true,"href":"https:\/\/esentevibrationale.com\/index.php?rest_route=\/wp\/v2\/media\/13118"}],"wp:attachment":[{"href":"https:\/\/esentevibrationale.com\/index.php?rest_route=%2Fwp%2Fv2%2Fmedia&parent=1195"}],"wp:term":[{"taxonomy":"product_brand","embeddable":true,"href":"https:\/\/esentevibrationale.com\/index.php?rest_route=%2Fwp%2Fv2%2Fproduct_brand&post=1195"},{"taxonomy":"product_cat","embeddable":true,"href":"https:\/\/esentevibrationale.com\/index.php?rest_route=%2Fwp%2Fv2%2Fproduct_cat&post=1195"},{"taxonomy":"product_tag","embeddable":true,"href":"https:\/\/esentevibrationale.com\/index.php?rest_route=%2Fwp%2Fv2%2Fproduct_tag&post=1195"}],"curies":[{"name":"wp","href":"https:\/\/api.w.org\/{rel}","templated":true}]}}