{"id":1217,"date":"2018-11-05T10:31:53","date_gmt":"2018-11-05T09:31:53","guid":{"rendered":"http:\/\/phiessences.com\/Romania\/?post_type=product&#038;p=1217"},"modified":"2020-10-19T08:55:45","modified_gmt":"2020-10-19T05:55:45","slug":"classical-flower-essences-kit-set-cu-esente-florale-clasice","status":"publish","type":"product","link":"https:\/\/esentevibrationale.com\/?product=classical-flower-essences-kit-set-cu-esente-florale-clasice","title":{"rendered":"Classical Flower Essences Kit \/ Set cu Esen\u0163e Florale Clasice"},"content":{"rendered":"<p>&nbsp;<\/p>\n<p>Greutate: 2,5 kg pe bucat\u0103<\/p>\n","protected":false},"excerpt":{"rendered":"<p>Setul complet con\u0163ine Esen\u0163ele de Flori Clasice 1-40, stocate \u00een sticle de 15 ml<\/p>\n<p>&nbsp;<\/p>\n","protected":false},"featured_media":1218,"template":"","meta":[],"product_brand":[],"product_cat":[20],"product_tag":[],"class_list":{"0":"post-1217","1":"product","2":"type-product","3":"status-publish","4":"has-post-thumbnail","6":"product_cat-esente-de-flori-clasice-bach","8":"first","9":"instock","10":"shipping-taxable","11":"purchasable","12":"product-type-simple"},"_links":{"self":[{"href":"https:\/\/esentevibrationale.com\/index.php?rest_route=\/wp\/v2\/product\/1217","targetHints":{"allow":["GET"]}}],"collection":[{"href":"https:\/\/esentevibrationale.com\/index.php?rest_route=\/wp\/v2\/product"}],"about":[{"href":"https:\/\/esentevibrationale.com\/index.php?rest_route=\/wp\/v2\/types\/product"}],"wp:featuredmedia":[{"embeddable":true,"href":"https:\/\/esentevibrationale.com\/index.php?rest_route=\/wp\/v2\/media\/1218"}],"wp:attachment":[{"href":"https:\/\/esentevibrationale.com\/index.php?rest_route=%2Fwp%2Fv2%2Fmedia&parent=1217"}],"wp:term":[{"taxonomy":"product_brand","embeddable":true,"href":"https:\/\/esentevibrationale.com\/index.php?rest_route=%2Fwp%2Fv2%2Fproduct_brand&post=1217"},{"taxonomy":"product_cat","embeddable":true,"href":"https:\/\/esentevibrationale.com\/index.php?rest_route=%2Fwp%2Fv2%2Fproduct_cat&post=1217"},{"taxonomy":"product_tag","embeddable":true,"href":"https:\/\/esentevibrationale.com\/index.php?rest_route=%2Fwp%2Fv2%2Fproduct_tag&post=1217"}],"curies":[{"name":"wp","href":"https:\/\/api.w.org\/{rel}","templated":true}]}}