{"id":12276,"date":"2020-08-03T12:30:40","date_gmt":"2020-08-03T09:30:40","guid":{"rendered":"https:\/\/esentevibrationale.com\/?post_type=product&#038;p=12276"},"modified":"2026-01-02T09:00:33","modified_gmt":"2026-01-02T07:00:33","slug":"12276","status":"publish","type":"product","link":"https:\/\/esentevibrationale.com\/?product=12276","title":{"rendered":"6. Ocean Essence No. 6 \/ Esen\u021ba Oceanic\u0103 Nr. 6"},"content":{"rendered":"<p><strong>Efectul energetic al esen\u021bei:<\/strong><br \/>\nEsen\u021ba creeaz\u0103 armonie \u0219i \u00eent\u0103re\u0219te.\u00a0 Acesta ajut\u0103 energic la procesele de re\u00eennoire \u0219i divizare a celulelor. Ac\u021bioneaz\u0103\u00a0 energetic regenerarea. Sprijin energetic pentru tratamentele postoperatorii \u00een combina\u021bie cu HLT. Are efect energetic ca un tonic asupra \u00eentregului corp. Ac\u021bioneaz\u0103 stimularea \u0219i furnic\u0103turile, sprijin energic pentru re\u00eennoirea celulelor pielii. Are un efect relaxant, \u00een special asupra zonei bucale \u0219i a mu\u0219chilor maxilarului (Scr\u00e2\u0219nirea din\u021bilor). Sprijin\u0103 relaxarea mu\u0219chilor, a oaselor \u0219i a articula\u021biilor. Are efect energetic asupra Chakrei a-II-a.<\/p>\n","protected":false},"excerpt":{"rendered":"<p>Efectul energetic al esen\u021bei: Esen\u021ba creeaz\u0103 armonie \u0219i \u00eent\u0103re\u0219te.\u00a0 Acesta ajut\u0103 energic la procesele de re\u00eennoire \u0219i divizare a celulelor. Ac\u021bioneaz\u0103\u00a0 energetic regenerarea. Sprijin energetic pentru tratamentele postoperatorii \u00een combina\u021bie cu HLT. Are efect energetic ca un tonic asupra \u00eentregului corp. Ac\u021bioneaz\u0103 stimularea \u0219i furnic\u0103turile, sprijin energic pentru re\u00eennoirea celulelor pielii. Are un efect relaxant, &hellip; <a href=\"https:\/\/esentevibrationale.com\/?product=12276\" class=\"more-link\">Continu\u0103 lectura <span class=\"screen-reader-text\">6. Ocean Essence No. 6 \/ Esen\u021ba Oceanic\u0103 Nr. 6<\/span> <span class=\"meta-nav\">&rarr;<\/span><\/a><\/p>\n","protected":false},"featured_media":12280,"template":"","meta":[],"product_brand":[],"product_cat":[72],"product_tag":[],"class_list":{"0":"post-12276","1":"product","2":"type-product","3":"status-publish","4":"has-post-thumbnail","6":"product_cat-esentele-ocenului","7":"pa_size-15ml","8":"pa_size-30ml","10":"first","11":"instock","12":"shipping-taxable","13":"purchasable","14":"product-type-variable","15":"has-default-attributes"},"_links":{"self":[{"href":"https:\/\/esentevibrationale.com\/index.php?rest_route=\/wp\/v2\/product\/12276","targetHints":{"allow":["GET"]}}],"collection":[{"href":"https:\/\/esentevibrationale.com\/index.php?rest_route=\/wp\/v2\/product"}],"about":[{"href":"https:\/\/esentevibrationale.com\/index.php?rest_route=\/wp\/v2\/types\/product"}],"wp:featuredmedia":[{"embeddable":true,"href":"https:\/\/esentevibrationale.com\/index.php?rest_route=\/wp\/v2\/media\/12280"}],"wp:attachment":[{"href":"https:\/\/esentevibrationale.com\/index.php?rest_route=%2Fwp%2Fv2%2Fmedia&parent=12276"}],"wp:term":[{"taxonomy":"product_brand","embeddable":true,"href":"https:\/\/esentevibrationale.com\/index.php?rest_route=%2Fwp%2Fv2%2Fproduct_brand&post=12276"},{"taxonomy":"product_cat","embeddable":true,"href":"https:\/\/esentevibrationale.com\/index.php?rest_route=%2Fwp%2Fv2%2Fproduct_cat&post=12276"},{"taxonomy":"product_tag","embeddable":true,"href":"https:\/\/esentevibrationale.com\/index.php?rest_route=%2Fwp%2Fv2%2Fproduct_tag&post=12276"}],"curies":[{"name":"wp","href":"https:\/\/api.w.org\/{rel}","templated":true}]}}