{"id":12314,"date":"2020-08-03T14:14:47","date_gmt":"2020-08-03T11:14:47","guid":{"rendered":"https:\/\/esentevibrationale.com\/?post_type=product&#038;p=12314"},"modified":"2025-12-31T11:39:46","modified_gmt":"2025-12-31T09:39:46","slug":"esenta-oceanului-nr-13","status":"publish","type":"product","link":"https:\/\/esentevibrationale.com\/?product=esenta-oceanului-nr-13","title":{"rendered":"13. Ocean Essence No. 13 \/ Esen\u021ba Oceanic\u0103 Nr. 13"},"content":{"rendered":"<p><strong>Efectul energetic al esen\u021bei:<\/strong><br \/>\nEsen\u021ba ajut\u0103 persoanele sensibile emo\u021bional, care se simt foarte vulnerabile \u0219i invizibile \u00een contact cu ceilal\u021bi, s\u0103 se \u00eent\u0103reasc\u0103 pe plan intern \u0219i s\u0103 devin\u0103 mai suple. \u00cen acest fel, putem \u00eenv\u0103\u021ba s\u0103 ne g\u0103sim drumul mai bun \u00een via\u021b\u0103 \u0219i s\u0103 mergem mai departe \u00een siguran\u021b\u0103. La nivel fizic, esen\u021ba ne face mai flexibili din punct de vedere energetic, sus\u021bine con\u0219tientizarea corpului \u0219i mobilitatea corpului. Ca \u0219i mi\u0219carea meandr\u0103 a animalelor, creeaz\u0103 un sentiment de flexibilitate, \u00een special mi\u0219carea la nivelul coloanei vertebrale, transparen\u021ba cre\u00e2nd claritate \u00een g\u00e2ndurile \u0219i sentimentele noastre. Mai ales \u00een cazul ambiguit\u0103\u021bilor \/ \u00eent\u0103ririi, situa\u021biilor polarizante sau conflictelor cu ceilal\u021bi, ne poate oferi sprijin energetic pentru a ne face mai capabili de compromisuri, mai clare \u0219i mai flexibile. Are efect energetic asupra Chakrei a-2-a.<\/p>\n","protected":false},"excerpt":{"rendered":"<p>Efectul energetic al esen\u021bei: Esen\u021ba ajut\u0103 persoanele sensibile emo\u021bional, care se simt foarte vulnerabile \u0219i invizibile \u00een contact cu ceilal\u021bi, s\u0103 se \u00eent\u0103reasc\u0103 pe plan intern \u0219i s\u0103 devin\u0103 mai suple. \u00cen acest fel, putem \u00eenv\u0103\u021ba s\u0103 ne g\u0103sim drumul mai bun \u00een via\u021b\u0103 \u0219i s\u0103 mergem mai departe \u00een siguran\u021b\u0103. La nivel fizic, esen\u021ba &hellip; <a href=\"https:\/\/esentevibrationale.com\/?product=esenta-oceanului-nr-13\" class=\"more-link\">Continu\u0103 lectura <span class=\"screen-reader-text\">13. Ocean Essence No. 13 \/ Esen\u021ba Oceanic\u0103 Nr. 13<\/span> <span class=\"meta-nav\">&rarr;<\/span><\/a><\/p>\n","protected":false},"featured_media":12315,"template":"","meta":[],"product_brand":[],"product_cat":[72],"product_tag":[],"class_list":{"0":"post-12314","1":"product","2":"type-product","3":"status-publish","4":"has-post-thumbnail","6":"product_cat-esentele-ocenului","7":"pa_size-15ml","8":"pa_size-30ml","10":"first","11":"instock","12":"shipping-taxable","13":"purchasable","14":"product-type-variable","15":"has-default-attributes"},"_links":{"self":[{"href":"https:\/\/esentevibrationale.com\/index.php?rest_route=\/wp\/v2\/product\/12314","targetHints":{"allow":["GET"]}}],"collection":[{"href":"https:\/\/esentevibrationale.com\/index.php?rest_route=\/wp\/v2\/product"}],"about":[{"href":"https:\/\/esentevibrationale.com\/index.php?rest_route=\/wp\/v2\/types\/product"}],"wp:featuredmedia":[{"embeddable":true,"href":"https:\/\/esentevibrationale.com\/index.php?rest_route=\/wp\/v2\/media\/12315"}],"wp:attachment":[{"href":"https:\/\/esentevibrationale.com\/index.php?rest_route=%2Fwp%2Fv2%2Fmedia&parent=12314"}],"wp:term":[{"taxonomy":"product_brand","embeddable":true,"href":"https:\/\/esentevibrationale.com\/index.php?rest_route=%2Fwp%2Fv2%2Fproduct_brand&post=12314"},{"taxonomy":"product_cat","embeddable":true,"href":"https:\/\/esentevibrationale.com\/index.php?rest_route=%2Fwp%2Fv2%2Fproduct_cat&post=12314"},{"taxonomy":"product_tag","embeddable":true,"href":"https:\/\/esentevibrationale.com\/index.php?rest_route=%2Fwp%2Fv2%2Fproduct_tag&post=12314"}],"curies":[{"name":"wp","href":"https:\/\/api.w.org\/{rel}","templated":true}]}}