{"id":1243,"date":"2018-11-05T12:30:22","date_gmt":"2018-11-05T11:30:22","guid":{"rendered":"http:\/\/phiessences.com\/Romania\/?post_type=product&#038;p=1243"},"modified":"2026-01-02T09:25:35","modified_gmt":"2026-01-02T07:25:35","slug":"golden-barrel-cactus-cactusul-butoiul-galben","status":"publish","type":"product","link":"https:\/\/esentevibrationale.com\/?product=golden-barrel-cactus-cactusul-butoiul-galben","title":{"rendered":"Aura-Cleaning Cactus \/ Cactusul Cur\u0103\u0163area Aurei"},"content":{"rendered":"<p><strong>(Cleistocactus straussi) <\/strong><\/p>\n<p><em>Aceast\u0103 specie de cactu\u0219i cu tulpina \u00een form\u0103 de coloan\u0103 este cea mai atractiv\u0103 din America de Sud, se g\u0103se\u0219te \u00een Tarija, \u00een sudul Boliviei. Tulpinile lor puternice pot ajunge p\u00e2n\u0103 la 2 m \u00een\u0103l\u021bime \u0219i sunt acoperite complet de puf \u0219i spini albi. Contrastul pe care florile tubulare de culoare ro\u0219u \u00eenchis \u0219i violet \u00eel creeaz\u0103 un contrast interesant peste puful alb. Apar la \u00eenceputul lunii martie \u0219i cresc lateral. \u00cen casa sa ancestral\u0103, aceast\u0103 specie produce zone \u00eentregi de coloane albe vizibile.<\/em><\/p>\n<p><strong><em>Efectul Esen\u021bei : <\/em><\/strong>Esen\u021ba Cactusului de Cur\u0103\u021barea \u00a0Aurei protejeaz\u0103 \u0219i purific\u0103 aura, \u00een special la nivel astral. Este indicat\u0103 persoanelor al c\u0103ror c\u00e2mp energetic este prea permeabil \u0219i au probleme \u00een a-\u0219i defini limitele.<\/p>\n<p><strong><em>Efectul Esen\u021bei la Nivel Fizic: <\/em><\/strong>Aceast\u0103 esen\u021b\u0103 func\u021bioneaz\u0103 \u00eentr-o anumit\u0103 m\u0103sur\u0103 prin &#8222;u\u0219a din spate&#8221; mental-spiritual\u0103 \u0219i armonizeaz\u0103 problemele corporale. Putem fi afecta\u021bi de diferite energii exterioare \u0219i asta se reflect\u0103 \u00een corp \u00een diferite moduri. \u00cen aceste cazuri, esen\u021ba Cactusului Cur\u0103\u021barea Aurei ne poate acorda ajutorul energetic &#8222;purificator&#8221; corespunz\u0103tor.<\/p>\n<p><strong><em>Efectul Esen\u021bei la Nivel Emo\u021bional: <\/em><\/strong>Emo\u021biile inexplicabile, schimb\u0103rile de dispozi\u021bie, separarea de cei care au plecat, pot afecta semnificativ corpul emo\u021bional al c\u00e2mpului nostru energetic. Beneficiind de sprijinul acestui cactus, vom putea distinge emo\u021biile proprii sau cele care vin din exterior \u0219i identific\u0103m \u0219i elimin\u0103m absorb\u021bia \u00a0energiei exterioare. Pe aceast\u0103 baz\u0103 apare un sentiment emo\u021bional protejat, pe care \u00eel putem transmite altora sub form\u0103 de iubire.<\/p>\n<p><strong><em>Efectul Esen\u021bei la Nivel Mental: <\/em><\/strong>C\u00e2nd c\u00e2mpul nostru auric este \u00eempov\u0103rat, de obicei sufer\u0103 \u0219i energia noastr\u0103 mental\u0103. Lipsa for\u021bei, problemele de concentrare, memoria slab\u0103, visare cu ochii deschi\u0219i, etc., c\u00e2nd acestea izbucnesc \u00een via\u021ba noastr\u0103, esen\u021ba ajut\u0103 la eradicarea lor. Structurile g\u00e2ndirii noastre vor fi auto-determinate \u0219i clare.<\/p>\n<p><strong><em>Efectul Esen\u021bei la Nivel Spiritual: <\/em><\/strong>Esen\u021ba favorizeaz\u0103 purificarea spiritual\u0103 a aurei. Se poate aplica atunci c\u00e2nd ne sim\u021bim \u00eenghesui\u021bi de personalit\u0103\u021bile puternice, exist\u0103 probleme cu figura patern\u0103, dup\u0103 moarte, c\u00e2nd exist\u0103 &#8222;probleme cu parazi\u021bii energetici&#8221;, c\u00e2nd exist\u0103 o infuziune \u00een aura noastr\u0103, pe scurt se aplic\u0103 pentru a evita orice energie exterioar\u0103. Esen\u021ba ne ajut\u0103 s\u0103 identific\u0103m posibilele procese de separare necesare \u0219i s\u0103 le putem dep\u0103\u0219i \u0219i s\u0103 fim liberi.<\/p>\n<p><strong><em>Afirma\u021bia: <\/em><\/strong>Sunt liber\/\u0103 \u0219i pot s\u0103 respir iar. Exist\u0103 protec\u021bie \u0219i siguran\u021b\u0103 \u00een jurul meu.<\/p>\n<p>&nbsp;<\/p>\n<p>&nbsp;<\/p>\n","protected":false},"excerpt":{"rendered":"<p>(Cleistocactus straussi) Aceast\u0103 specie de cactu\u0219i cu tulpina \u00een form\u0103 de coloan\u0103 este cea mai atractiv\u0103 din America de Sud, se g\u0103se\u0219te \u00een Tarija, \u00een sudul Boliviei. Tulpinile lor puternice pot ajunge p\u00e2n\u0103 la 2 m \u00een\u0103l\u021bime \u0219i sunt acoperite complet de puf \u0219i spini albi. Contrastul pe care florile tubulare de culoare ro\u0219u \u00eenchis &hellip; <a href=\"https:\/\/esentevibrationale.com\/?product=golden-barrel-cactus-cactusul-butoiul-galben\" class=\"more-link\">Continu\u0103 lectura <span class=\"screen-reader-text\">Aura-Cleaning Cactus \/ Cactusul Cur\u0103\u0163area Aurei<\/span> <span class=\"meta-nav\">&rarr;<\/span><\/a><\/p>\n","protected":false},"featured_media":13188,"template":"","meta":[],"product_brand":[],"product_cat":[41],"product_tag":[],"class_list":{"0":"post-1243","1":"product","2":"type-product","3":"status-publish","4":"has-post-thumbnail","6":"product_cat-esente-de-cactus","7":"pa_size-15ml","8":"pa_size-30ml","10":"first","11":"instock","12":"shipping-taxable","13":"purchasable","14":"product-type-variable","15":"has-default-attributes"},"_links":{"self":[{"href":"https:\/\/esentevibrationale.com\/index.php?rest_route=\/wp\/v2\/product\/1243","targetHints":{"allow":["GET"]}}],"collection":[{"href":"https:\/\/esentevibrationale.com\/index.php?rest_route=\/wp\/v2\/product"}],"about":[{"href":"https:\/\/esentevibrationale.com\/index.php?rest_route=\/wp\/v2\/types\/product"}],"wp:featuredmedia":[{"embeddable":true,"href":"https:\/\/esentevibrationale.com\/index.php?rest_route=\/wp\/v2\/media\/13188"}],"wp:attachment":[{"href":"https:\/\/esentevibrationale.com\/index.php?rest_route=%2Fwp%2Fv2%2Fmedia&parent=1243"}],"wp:term":[{"taxonomy":"product_brand","embeddable":true,"href":"https:\/\/esentevibrationale.com\/index.php?rest_route=%2Fwp%2Fv2%2Fproduct_brand&post=1243"},{"taxonomy":"product_cat","embeddable":true,"href":"https:\/\/esentevibrationale.com\/index.php?rest_route=%2Fwp%2Fv2%2Fproduct_cat&post=1243"},{"taxonomy":"product_tag","embeddable":true,"href":"https:\/\/esentevibrationale.com\/index.php?rest_route=%2Fwp%2Fv2%2Fproduct_tag&post=1243"}],"curies":[{"name":"wp","href":"https:\/\/api.w.org\/{rel}","templated":true}]}}