{"id":1301,"date":"2018-11-05T18:33:07","date_gmt":"2018-11-05T17:33:07","guid":{"rendered":"http:\/\/phiessences.com\/Romania\/?post_type=product&#038;p=1301"},"modified":"2026-01-02T09:32:47","modified_gmt":"2026-01-02T07:32:47","slug":"star-cactus-cactusul-stea","status":"publish","type":"product","link":"https:\/\/esentevibrationale.com\/?product=star-cactus-cactusul-stea","title":{"rendered":"Earth Star Cactus \/ Cactusul Steaua P\u0103m\u00e2ntului"},"content":{"rendered":"<p><strong><em>(Stapelia desmetiana)<\/em> <\/strong><\/p>\n<p><em>Cactusul Steaua P\u0103m\u00e2ntului este originar din Transvaal, o provincie a Republicii Africa de Sud. Este un cactus foarte modest. Spinii cresc pe nervuri. Poate fi g\u0103sit adesea \u00een grupuri care cresc aproape de sol. Cu toate astea, florile sale sunt extrem de atr\u0103g\u0103toare: o stea cu 5 v\u00e2rfuri de culoare ro\u0219u intens. Varietatea petalelor sale le d\u0103 o asem\u0103nare remarcabil\u0103 cu carnea \u0219i degaj\u0103 un miros nepl\u0103cut care atrage mu\u0219tele.<\/em><\/p>\n<p><strong><em>Efectul Esen\u021bei: <\/em><\/strong>Esen\u021ba Cactusului Steaua P\u0103m\u00e2ntului purific\u0103 energia bazei complet \u0219i stimuleaz\u0103 eradicarea otr\u0103vurilor emo\u021bionale. Are un efect puternic asupra Primei Chakre \u0219i ofer\u0103 sentimentul de \u00eenr\u0103d\u0103cinare \u00een P\u0103m\u00e2nt.<\/p>\n<p><strong><em>Efectul Esen\u021bei la Nivel Fizic: <\/em><\/strong>Esen\u021ba ne promoveaz\u0103 energetic eliminarea otr\u0103vurilor emo\u021bionale din organism. \u00cen acest plan, \u00eent\u0103re\u0219te rolul organelor excretoare \u0219i ac\u021bioneaz\u0103 asupra energiei (Yang). Fetele pot utiliza esen\u021ba \u00eenainte de menstrua\u021bie pentru a se armoniza interior. Cu energia sa revigorant\u0103, esen\u021ba poate fi un sprijin energetic pentru femeile \u00eens\u0103rcinate.<\/p>\n<p><strong><em>Efectul Esen\u021bei la Nivel Emo\u021bional: <\/em><\/strong>Emo\u021biile nu ne influen\u021beaz\u0103 doar g\u00e2ndurile, ci adesea ne otr\u0103vesc \u0219i corpurile cu energia lor negativ\u0103. Esen\u021ba Cactusului Steaua P\u0103m\u00e2ntului ne ajut\u0103 s\u0103 elimin\u0103m otr\u0103vurile \u0219i astfel, ne sim\u021bim liberi \u0219i u\u0219ori iar.<\/p>\n<p><em><strong>Efectul Esen\u021bei la Nivel Mental: <\/strong><\/em>Esen\u021ba compenseaz\u0103 energia Primei Chakre \u0219i a Chakrei Inimii. Astfel, se pot conecta for\u021bele noastre primare cu calit\u0103\u021bile inimii noastre. La nivel mental, asta \u00eenseamn\u0103 o energie de g\u00e2ndire intensificat\u0103, care ne unific\u0103 impulsurile din inim\u0103 cu mintea.<\/p>\n<p><strong><em>Efectul Esen\u021bei la Nivel Spiritual: <\/em><\/strong>Aceast\u0103 esen\u021b\u0103 ne va permite s\u0103 avem contact direct cu P\u0103m\u00e2ntul \u0219i s\u0103 ne sim\u021bim \u00eenr\u0103d\u0103cina\u021bi cu el. Ne vom sim\u021bi proteja\u021bi \u0219i cu o energie vital\u0103 profund\u0103. Aceast\u0103 vibra\u021bie ne va permite &#8222;s\u0103 aducem pe P\u0103m\u00e2nt&#8221; experien\u021bele noastre spirituale, s\u0103 le facem inteligibile \u0219i altor persoane \u0219i s\u0103 le integr\u0103m \u00een via\u021ba de zi cu zi.<\/p>\n<p><strong><em>Afirma\u021bia: <\/em><\/strong>Simt P\u0103m\u00e2ntul \u0219i for\u021ba lui care \u00eemi consolideaz\u0103 inima \u0219i m\u0103 elibereaz\u0103 de orice sentiment negativ.<\/p>\n","protected":false},"excerpt":{"rendered":"<p>(Stapelia desmetiana) Cactusul Steaua P\u0103m\u00e2ntului este originar din Transvaal, o provincie a Republicii Africa de Sud. Este un cactus foarte modest. Spinii cresc pe nervuri. Poate fi g\u0103sit adesea \u00een grupuri care cresc aproape de sol. Cu toate astea, florile sale sunt extrem de atr\u0103g\u0103toare: o stea cu 5 v\u00e2rfuri de culoare ro\u0219u intens. Varietatea &hellip; <a href=\"https:\/\/esentevibrationale.com\/?product=star-cactus-cactusul-stea\" class=\"more-link\">Continu\u0103 lectura <span class=\"screen-reader-text\">Earth Star Cactus \/ Cactusul Steaua P\u0103m\u00e2ntului<\/span> <span class=\"meta-nav\">&rarr;<\/span><\/a><\/p>\n","protected":false},"featured_media":1304,"template":"","meta":[],"product_brand":[],"product_cat":[41],"product_tag":[],"class_list":{"0":"post-1301","1":"product","2":"type-product","3":"status-publish","4":"has-post-thumbnail","6":"product_cat-esente-de-cactus","7":"pa_size-15ml","8":"pa_size-30ml","10":"first","11":"instock","12":"shipping-taxable","13":"purchasable","14":"product-type-variable","15":"has-default-attributes"},"_links":{"self":[{"href":"https:\/\/esentevibrationale.com\/index.php?rest_route=\/wp\/v2\/product\/1301","targetHints":{"allow":["GET"]}}],"collection":[{"href":"https:\/\/esentevibrationale.com\/index.php?rest_route=\/wp\/v2\/product"}],"about":[{"href":"https:\/\/esentevibrationale.com\/index.php?rest_route=\/wp\/v2\/types\/product"}],"wp:featuredmedia":[{"embeddable":true,"href":"https:\/\/esentevibrationale.com\/index.php?rest_route=\/wp\/v2\/media\/1304"}],"wp:attachment":[{"href":"https:\/\/esentevibrationale.com\/index.php?rest_route=%2Fwp%2Fv2%2Fmedia&parent=1301"}],"wp:term":[{"taxonomy":"product_brand","embeddable":true,"href":"https:\/\/esentevibrationale.com\/index.php?rest_route=%2Fwp%2Fv2%2Fproduct_brand&post=1301"},{"taxonomy":"product_cat","embeddable":true,"href":"https:\/\/esentevibrationale.com\/index.php?rest_route=%2Fwp%2Fv2%2Fproduct_cat&post=1301"},{"taxonomy":"product_tag","embeddable":true,"href":"https:\/\/esentevibrationale.com\/index.php?rest_route=%2Fwp%2Fv2%2Fproduct_tag&post=1301"}],"curies":[{"name":"wp","href":"https:\/\/api.w.org\/{rel}","templated":true}]}}