{"id":1325,"date":"2018-11-12T07:58:18","date_gmt":"2018-11-12T06:58:18","guid":{"rendered":"http:\/\/phiessences.com\/Romania\/?post_type=product&#038;p=1325"},"modified":"2026-01-03T18:52:53","modified_gmt":"2026-01-03T16:52:53","slug":"spring-gold","status":"publish","type":"product","link":"https:\/\/esentevibrationale.com\/?product=spring-gold","title":{"rendered":"Spring Gold \/ Prim\u0103var\u0103 Aurie"},"content":{"rendered":"<p><strong>Gold (Rosa spinosissima) <\/strong><\/p>\n<p><em>Florile sale mici \u00een tonuri de alb sau galben stau pe tulpinile delicate. Parfumul lor este de vanilie \u0219i dezvolt\u0103 ni\u0219te m\u0103ce\u0219e rotunde str\u0103lucitoare de culoare maro \u00eenchis \u0219i frunzele calicului sunt perfect netede. Trandafirul Prim\u0103vara Aurie, datorit\u0103 originii sale, este mul\u021bumit cu orice fel sol. L\u0103starii sunt acoperi\u021bi dens cu spini drep\u021bi \u0219i puf. Acest trandafir poate ajunge de la 0,6 &#8211; 2 m \u00een\u0103l\u021bime. Frunzele r\u0103m\u00e2n mereu s\u0103n\u0103toase, fiind rezistente la orice atac fungic.<\/em><\/p>\n<p><strong><em>Efectul Esen\u021bei: <\/em><\/strong>Acest trandafir dezvolta iubirea de sine. Acest lucru poate duce la con\u0219tientizare de sine \u0219i la respectul de sine \u00eentr-un sens pozitiv \u0219i la capacitatea de a ne da seama de noi \u00een\u0219ine. Esen\u021ba ne protejeaz\u0103 de influen\u021bele negative.<\/p>\n<p><strong><em>Efectul Esen\u021bei la Nivel Fizic: <\/em><\/strong>Esen\u021ba are un efect de armonizare asupra plexului solar \u0219i asupra inimii. Ne ofer\u0103 abilitatea de a sc\u0103pa de g\u00e2ndurile negative despre noi \u00een\u0219ine, p\u00e2n\u0103 la autodep\u0103\u0219ire. \u00cen acela\u0219i timp, ne ajut\u0103 s\u0103 elimin\u0103m influen\u021bele negative exterioare. \u00cent\u0103re\u0219te protec\u021bia energetic\u0103 proprie \u0219i stimuleaz\u0103 puterile de auto- vindecare. \u00cen timpul sarcinii, esen\u021ba ne ajut\u0103 s\u0103 accept\u0103m schimb\u0103rile corporale \u0219i s\u0103 ne dezvolt\u0103m dragostea pentru copil.<\/p>\n<p><strong><em>Efectul Esen\u021bei la Nivel Emo\u021bional: <\/em><\/strong>Esen\u021ba Trandafirului Prim\u0103var\u0103 Aurie umple inima cu c\u0103ldur\u0103. \u00cen special, este indicat\u0103 persoanelor care sunt prea ad\u00e2nc \u00eenr\u0103d\u0103cinate \u00een ego-ul propriu \u0219i cuv\u00e2ntul &#8222;vreau&#8221; este pe primul loc. Ne ajut\u0103 s\u0103 ne descoperim \u0219i s\u0103 ne dezvolt\u0103m calit\u0103\u021bilor inimii. Odat\u0103 cu asta, energia plexului solar curge prin inim\u0103.<\/p>\n<p><strong><em>Efectul Esen\u021bei la Nivel Mental: <\/em><\/strong>Aceast\u0103 esen\u021b\u0103 ne ajut\u0103 s\u0103 g\u00e2ndim \u0219i s\u0103 ac\u021bion\u0103m cu claritate mental\u0103. Prin intermediul s\u0103u avem acces la un poten\u021bial mental superior dezv\u0103luit din sentimentele pozitive \u0219i afec\u021biune. \u00cen\u021belepciunea interioar\u0103, iubirea de sine \u0219i con\u0219tiin\u021ba de sine reprezint\u0103 manifestarea for\u021bei noastre personale.<\/p>\n<p><strong><em>Efectul Esen\u021bei la Nivel Spiritual: <\/em><\/strong>Sentimentele de acceptare a propriei persoane, de iubire de sine \u0219i claritatea spiritual\u0103, deschid o energie puternic\u0103 spiritual\u0103. Esen\u021ba ne permite s\u0103 percepem mai bine experien\u021bele spirituale \u0219i s\u0103 le transfer\u0103m \u00een via\u021ba de zi cu zi.<\/p>\n<p><strong><em>Afirma\u021bia: <\/em><\/strong>M\u0103 iubesc pentru cine sunt \u0219i \u00eemi realizez \u00eemplinirea de sine.<\/p>\n","protected":false},"excerpt":{"rendered":"<p>Gold (Rosa spinosissima) Florile sale mici \u00een tonuri de alb sau galben stau pe tulpinile delicate. Parfumul lor este de vanilie \u0219i dezvolt\u0103 ni\u0219te m\u0103ce\u0219e rotunde str\u0103lucitoare de culoare maro \u00eenchis \u0219i frunzele calicului sunt perfect netede. Trandafirul Prim\u0103vara Aurie, datorit\u0103 originii sale, este mul\u021bumit cu orice fel sol. L\u0103starii sunt acoperi\u021bi dens cu spini &hellip; <a href=\"https:\/\/esentevibrationale.com\/?product=spring-gold\" class=\"more-link\">Continu\u0103 lectura <span class=\"screen-reader-text\">Spring Gold \/ Prim\u0103var\u0103 Aurie<\/span> <span class=\"meta-nav\">&rarr;<\/span><\/a><\/p>\n","protected":false},"featured_media":1328,"template":"","meta":[],"product_brand":[],"product_cat":[42],"product_tag":[],"class_list":{"0":"post-1325","1":"product","2":"type-product","3":"status-publish","4":"has-post-thumbnail","6":"product_cat-esente-de-trandafiri","7":"pa_size-15ml","8":"pa_size-30ml","10":"first","11":"instock","12":"shipping-taxable","13":"purchasable","14":"product-type-variable","15":"has-default-attributes"},"_links":{"self":[{"href":"https:\/\/esentevibrationale.com\/index.php?rest_route=\/wp\/v2\/product\/1325","targetHints":{"allow":["GET"]}}],"collection":[{"href":"https:\/\/esentevibrationale.com\/index.php?rest_route=\/wp\/v2\/product"}],"about":[{"href":"https:\/\/esentevibrationale.com\/index.php?rest_route=\/wp\/v2\/types\/product"}],"wp:featuredmedia":[{"embeddable":true,"href":"https:\/\/esentevibrationale.com\/index.php?rest_route=\/wp\/v2\/media\/1328"}],"wp:attachment":[{"href":"https:\/\/esentevibrationale.com\/index.php?rest_route=%2Fwp%2Fv2%2Fmedia&parent=1325"}],"wp:term":[{"taxonomy":"product_brand","embeddable":true,"href":"https:\/\/esentevibrationale.com\/index.php?rest_route=%2Fwp%2Fv2%2Fproduct_brand&post=1325"},{"taxonomy":"product_cat","embeddable":true,"href":"https:\/\/esentevibrationale.com\/index.php?rest_route=%2Fwp%2Fv2%2Fproduct_cat&post=1325"},{"taxonomy":"product_tag","embeddable":true,"href":"https:\/\/esentevibrationale.com\/index.php?rest_route=%2Fwp%2Fv2%2Fproduct_tag&post=1325"}],"curies":[{"name":"wp","href":"https:\/\/api.w.org\/{rel}","templated":true}]}}