{"id":13324,"date":"2021-09-20T11:02:28","date_gmt":"2021-09-20T08:02:28","guid":{"rendered":"https:\/\/esentevibrationale.com\/?post_type=product&#038;p=13324"},"modified":"2026-01-02T07:08:19","modified_gmt":"2026-01-02T05:08:19","slug":"27-esenta-oceanului-nr-27","status":"publish","type":"product","link":"https:\/\/esentevibrationale.com\/?product=27-esenta-oceanului-nr-27","title":{"rendered":"27. Ocean Essence No. 27 \/ Esen\u0163a Oceanic\u0103 Nr. 27"},"content":{"rendered":"<p><span class=\"y2iqfc\">\u00cen vremuri incerte, esen\u021ba ne ajut\u0103 s\u0103 dezvolt\u0103m din nou mai mult\u0103 \u00eencredere. Ne \u00eent\u0103re\u0219te \u00eencrederea \u00een noi \u0219i astfel ne ajut\u0103 s\u0103 facem fa\u021b\u0103 mai bine situa\u021biilor dificile din via\u021b\u0103.<\/span><\/p>\n","protected":false},"excerpt":{"rendered":"<p>\u00cen vremuri incerte, esen\u021ba ne ajut\u0103 s\u0103 dezvolt\u0103m din nou mai mult\u0103 \u00eencredere. Ne \u00eent\u0103re\u0219te \u00eencrederea \u00een noi \u0219i astfel ne ajut\u0103 s\u0103 facem fa\u021b\u0103 mai bine situa\u021biilor dificile din via\u021b\u0103.<\/p>\n","protected":false},"featured_media":13325,"template":"","meta":[],"product_brand":[],"product_cat":[72],"product_tag":[],"class_list":{"0":"post-13324","1":"product","2":"type-product","3":"status-publish","4":"has-post-thumbnail","6":"product_cat-esentele-ocenului","7":"pa_size-15ml","8":"pa_size-30ml","10":"first","11":"instock","12":"shipping-taxable","13":"purchasable","14":"product-type-variable","15":"has-default-attributes"},"_links":{"self":[{"href":"https:\/\/esentevibrationale.com\/index.php?rest_route=\/wp\/v2\/product\/13324","targetHints":{"allow":["GET"]}}],"collection":[{"href":"https:\/\/esentevibrationale.com\/index.php?rest_route=\/wp\/v2\/product"}],"about":[{"href":"https:\/\/esentevibrationale.com\/index.php?rest_route=\/wp\/v2\/types\/product"}],"wp:featuredmedia":[{"embeddable":true,"href":"https:\/\/esentevibrationale.com\/index.php?rest_route=\/wp\/v2\/media\/13325"}],"wp:attachment":[{"href":"https:\/\/esentevibrationale.com\/index.php?rest_route=%2Fwp%2Fv2%2Fmedia&parent=13324"}],"wp:term":[{"taxonomy":"product_brand","embeddable":true,"href":"https:\/\/esentevibrationale.com\/index.php?rest_route=%2Fwp%2Fv2%2Fproduct_brand&post=13324"},{"taxonomy":"product_cat","embeddable":true,"href":"https:\/\/esentevibrationale.com\/index.php?rest_route=%2Fwp%2Fv2%2Fproduct_cat&post=13324"},{"taxonomy":"product_tag","embeddable":true,"href":"https:\/\/esentevibrationale.com\/index.php?rest_route=%2Fwp%2Fv2%2Fproduct_tag&post=13324"}],"curies":[{"name":"wp","href":"https:\/\/api.w.org\/{rel}","templated":true}]}}