{"id":13334,"date":"2021-09-20T11:18:10","date_gmt":"2021-09-20T08:18:10","guid":{"rendered":"https:\/\/esentevibrationale.com\/?post_type=product&#038;p=13334"},"modified":"2026-01-02T08:32:19","modified_gmt":"2026-01-02T06:32:19","slug":"30-esenta-oceanului-nr-30","status":"publish","type":"product","link":"https:\/\/esentevibrationale.com\/?product=30-esenta-oceanului-nr-30","title":{"rendered":"30. Ocean Essence No. 30 \/ Esen\u0163a Oceanic\u0103 Nr. 30"},"content":{"rendered":"<p>Esen\u021ba are un efect de clarificare \u0219i de cur\u0103\u021bare. Informa\u021biile care nu ne apar\u021bin sunt desc\u0103rcate energetic. Are un efect energetic asupra form\u0103rii limfei \u0219i a urinei. Are un efect puternic de cur\u0103\u021bare \u0219i de regenerare.<\/p>\n<p>La nivel mental, ne ajut\u0103 s\u0103 ne cur\u0103\u021b\u0103m g\u00e2ndurile \u0219i s\u0103 ne eliber\u0103m de prea mult\u0103 supra\u00eenc\u0103rcare de informa\u021bii. Ne ajut\u0103 s\u0103 renun\u021b\u0103m la g\u00e2ndurile stresante \u0219i s\u0103 ne concentr\u0103m asupra lucrurilor esen\u021biale.<\/p>\n<p>&nbsp;<\/p>\n","protected":false},"excerpt":{"rendered":"<p>Esen\u021ba are un efect de clarificare \u0219i de cur\u0103\u021bare. Informa\u021biile care nu ne apar\u021bin sunt desc\u0103rcate energetic. Are un efect energetic asupra form\u0103rii limfei \u0219i a urinei. Are un efect puternic de cur\u0103\u021bare \u0219i de regenerare. La nivel mental, ne ajut\u0103 s\u0103 ne cur\u0103\u021b\u0103m g\u00e2ndurile \u0219i s\u0103 ne eliber\u0103m de prea mult\u0103 supra\u00eenc\u0103rcare de informa\u021bii. &hellip; <a href=\"https:\/\/esentevibrationale.com\/?product=30-esenta-oceanului-nr-30\" class=\"more-link\">Continu\u0103 lectura <span class=\"screen-reader-text\">30. Ocean Essence No. 30 \/ Esen\u0163a Oceanic\u0103 Nr. 30<\/span> <span class=\"meta-nav\">&rarr;<\/span><\/a><\/p>\n","protected":false},"featured_media":13335,"template":"","meta":[],"product_brand":[],"product_cat":[72],"product_tag":[],"class_list":{"0":"post-13334","1":"product","2":"type-product","3":"status-publish","4":"has-post-thumbnail","6":"product_cat-esentele-ocenului","7":"pa_size-15ml","8":"pa_size-30ml","10":"first","11":"instock","12":"shipping-taxable","13":"purchasable","14":"product-type-variable","15":"has-default-attributes"},"_links":{"self":[{"href":"https:\/\/esentevibrationale.com\/index.php?rest_route=\/wp\/v2\/product\/13334","targetHints":{"allow":["GET"]}}],"collection":[{"href":"https:\/\/esentevibrationale.com\/index.php?rest_route=\/wp\/v2\/product"}],"about":[{"href":"https:\/\/esentevibrationale.com\/index.php?rest_route=\/wp\/v2\/types\/product"}],"wp:featuredmedia":[{"embeddable":true,"href":"https:\/\/esentevibrationale.com\/index.php?rest_route=\/wp\/v2\/media\/13335"}],"wp:attachment":[{"href":"https:\/\/esentevibrationale.com\/index.php?rest_route=%2Fwp%2Fv2%2Fmedia&parent=13334"}],"wp:term":[{"taxonomy":"product_brand","embeddable":true,"href":"https:\/\/esentevibrationale.com\/index.php?rest_route=%2Fwp%2Fv2%2Fproduct_brand&post=13334"},{"taxonomy":"product_cat","embeddable":true,"href":"https:\/\/esentevibrationale.com\/index.php?rest_route=%2Fwp%2Fv2%2Fproduct_cat&post=13334"},{"taxonomy":"product_tag","embeddable":true,"href":"https:\/\/esentevibrationale.com\/index.php?rest_route=%2Fwp%2Fv2%2Fproduct_tag&post=13334"}],"curies":[{"name":"wp","href":"https:\/\/api.w.org\/{rel}","templated":true}]}}