{"id":1346,"date":"2018-11-12T09:12:20","date_gmt":"2018-11-12T08:12:20","guid":{"rendered":"http:\/\/phiessences.com\/Romania\/?post_type=product&#038;p=1346"},"modified":"2026-01-03T18:46:26","modified_gmt":"2026-01-03T16:46:26","slug":"green-rose","status":"publish","type":"product","link":"https:\/\/esentevibrationale.com\/?product=green-rose","title":{"rendered":"Green Rose \/ Trandafir Verde"},"content":{"rendered":"<p><strong>(Rosa chinensis viridiflora)<\/strong><\/p>\n<p><em>Predecesorul Trandafirului Verde, Trandafirul Ro\u0219u Chinezesc, a ajuns \u00een occident \u00een anul1792, unde planta a fost recunoscut\u0103 ca trandafir \u0219i dup\u0103 mai multe etape \u00een anul 1843 fusese deja cultivat Trandafirul Verde. \u00cen cele mai multe detalii aceast\u0103 plant\u0103 este similar\u0103 cu trandafirii cunoscu\u021bi, \u00eens\u0103 are spinii mai lungi \u0219i mai puternici. Arbustul trandafirului este vertical \u0219i poate ajunge p\u00e2n\u0103 la 1.2 m \u00een\u0103l\u021bime. Cu flori duble de p\u00e2n\u0103 la 4 &#8211; 6 cm, \u00eenflore\u0219te toat\u0103 vara. De\u0219i se \u0219tie c\u0103 este rezistent la boli, iarna este necesar\u0103 o loca\u021bie protejat\u0103, acoperit\u0103.<\/em><\/p>\n<p><strong><em>Efectul Esen\u021bei: <\/em><\/strong>Esen\u021ba Trandafirului Verde ajut\u0103 la eliminarea blocajelor, paraliziei \u0219i imobilit\u0103\u021bii \u0219i exercit\u0103 un efect eliberator asupra sentimentelor oprimate.<\/p>\n<p><strong><em>Efectul Esen\u021bei la Nivel Fizic: <\/em><\/strong>Esen\u021ba Trandafirului Verde are un efect eliberator asupra Chakrei Inimii. Stimuleaz\u0103 abilitatea de auto-vindecare, la nivel energetic, iar presiunea \u0219i \u00eencordarea pot fi eliberate. Nervii beneficiaz\u0103 de a\u0219a zisul trandafir anti stres, deoarece ajut\u0103 la ob\u021binerea unei st\u0103ri imense de relaxare \u0219i de lini\u0219te interioar\u0103 autentic\u0103.<\/p>\n<p><strong><em>Efectul Esen\u021bei la Nivel Emo\u021bional: <\/em><\/strong>Eliminarea emo\u021biilor limitative este specialitatea acestei esen\u021be. Sprijinul esen\u021bei Trandafirului Verde poate fi comparat cu o cascad\u0103 eliberatoare a c\u0103rei putere readuce energia personal\u0103 \u00een flux \u0219i o conduce \u00een moduri noi. Persoana va fi capabil\u0103 s\u0103 fie ea \u00eens\u0103\u0219i, senza\u021bia de a fi strivit\u0103 de oameni sau situa\u021bii se dizolv\u0103.<\/p>\n<p><strong><em>Efectul Esen\u021bei la Nivel Mental: <\/em><\/strong>Esen\u021ba Trandafirului Verde stimuleaz\u0103 bucuria de a dialoga, comunicare \u0219i contactul cu ceilal\u021bi. Mintea este deschis\u0103 impulsurilor din exterior \u0219i interior \u0219i astfel, poate lucra mult mai u\u0219or la implementarea ideilor. Schimbul promovat cu ceilal\u021bi aduce bucurie \u00een via\u021b\u0103, cea ce are un efect pozitiv asupra creativit\u0103\u021bii \u0219i motiva\u021biei.<\/p>\n<p><strong><em>Efectul Esen\u021bei la Nivel Spiritual:<\/em><\/strong> Esen\u021ba ne ajut\u0103, la nivel spiritual, la ini\u021bierea procesele transformatoare holistice, care ajut\u0103 la o percep\u021bie mai bun\u0103 a emo\u021biilor, \u00een special, \u00een cazul contactelor interpersonale. Prin armonia (re)dob\u00e2ndit\u0103 poate ap\u0103rea o pace interioar\u0103 profund\u0103 \u0219i senin\u0103tatea, din care ac\u021biunea spiritual\u0103 devine posibil\u0103.<\/p>\n<p><strong><em>Afirma\u021bia: <\/em><\/strong>\u00cemi deschid inima \u0219i mintea c\u0103tre fluxul tuturor lucrurilor \u0219i m\u0103 bucur de progresul meu.<\/p>\n","protected":false},"excerpt":{"rendered":"<p>(Rosa chinensis viridiflora) Predecesorul Trandafirului Verde, Trandafirul Ro\u0219u Chinezesc, a ajuns \u00een occident \u00een anul1792, unde planta a fost recunoscut\u0103 ca trandafir \u0219i dup\u0103 mai multe etape \u00een anul 1843 fusese deja cultivat Trandafirul Verde. \u00cen cele mai multe detalii aceast\u0103 plant\u0103 este similar\u0103 cu trandafirii cunoscu\u021bi, \u00eens\u0103 are spinii mai lungi \u0219i mai puternici. &hellip; <a href=\"https:\/\/esentevibrationale.com\/?product=green-rose\" class=\"more-link\">Continu\u0103 lectura <span class=\"screen-reader-text\">Green Rose \/ Trandafir Verde<\/span> <span class=\"meta-nav\">&rarr;<\/span><\/a><\/p>\n","protected":false},"featured_media":1349,"template":"","meta":[],"product_brand":[],"product_cat":[42],"product_tag":[],"class_list":{"0":"post-1346","1":"product","2":"type-product","3":"status-publish","4":"has-post-thumbnail","6":"product_cat-esente-de-trandafiri","7":"pa_size-15ml","8":"pa_size-30ml","10":"first","11":"instock","12":"shipping-taxable","13":"purchasable","14":"product-type-variable","15":"has-default-attributes"},"_links":{"self":[{"href":"https:\/\/esentevibrationale.com\/index.php?rest_route=\/wp\/v2\/product\/1346","targetHints":{"allow":["GET"]}}],"collection":[{"href":"https:\/\/esentevibrationale.com\/index.php?rest_route=\/wp\/v2\/product"}],"about":[{"href":"https:\/\/esentevibrationale.com\/index.php?rest_route=\/wp\/v2\/types\/product"}],"wp:featuredmedia":[{"embeddable":true,"href":"https:\/\/esentevibrationale.com\/index.php?rest_route=\/wp\/v2\/media\/1349"}],"wp:attachment":[{"href":"https:\/\/esentevibrationale.com\/index.php?rest_route=%2Fwp%2Fv2%2Fmedia&parent=1346"}],"wp:term":[{"taxonomy":"product_brand","embeddable":true,"href":"https:\/\/esentevibrationale.com\/index.php?rest_route=%2Fwp%2Fv2%2Fproduct_brand&post=1346"},{"taxonomy":"product_cat","embeddable":true,"href":"https:\/\/esentevibrationale.com\/index.php?rest_route=%2Fwp%2Fv2%2Fproduct_cat&post=1346"},{"taxonomy":"product_tag","embeddable":true,"href":"https:\/\/esentevibrationale.com\/index.php?rest_route=%2Fwp%2Fv2%2Fproduct_tag&post=1346"}],"curies":[{"name":"wp","href":"https:\/\/api.w.org\/{rel}","templated":true}]}}