{"id":13463,"date":"2022-02-10T19:23:05","date_gmt":"2022-02-10T17:23:05","guid":{"rendered":"https:\/\/esentevibrationale.com\/?post_type=product&#038;p=13463"},"modified":"2026-01-01T19:43:27","modified_gmt":"2026-01-01T17:43:27","slug":"pink-flabellina-fabelina-roz","status":"publish","type":"product","link":"https:\/\/esentevibrationale.com\/?product=pink-flabellina-fabelina-roz","title":{"rendered":"Pink Flabellina \/ Fabelina Roz"},"content":{"rendered":"<p>(Flabellina affinis)<\/p>\n<p>Esen\u021ba ne conecteaz\u0103 cu u\u0219urin\u021ba fiin\u021bei. Ne ajut\u0103 s\u0103 vedem lucrurile de la distan\u021b\u0103 \u0219i s\u0103 ne deschidem inimile. De la distan\u021b\u0103 putem lua lucrurile mai u\u0219or \u0219i \u00eenv\u0103\u021b\u0103m s\u0103 lu\u0103m semenii a\u0219a cum sunt \u0219i s\u0103-i vedem cu inima. Compasiunea, grija \u0219i comportamentul social sunt \u00eencurajate cu energie.<\/p>\n<p><span class=\"Y2IQFc\" lang=\"ro\">\u00a0<\/span><\/p>\n","protected":false},"excerpt":{"rendered":"<p>(Flabellina affinis) Esen\u021ba ne conecteaz\u0103 cu u\u0219urin\u021ba fiin\u021bei. Ne ajut\u0103 s\u0103 vedem lucrurile de la distan\u021b\u0103 \u0219i s\u0103 ne deschidem inimile. De la distan\u021b\u0103 putem lua lucrurile mai u\u0219or \u0219i \u00eenv\u0103\u021b\u0103m s\u0103 lu\u0103m semenii a\u0219a cum sunt \u0219i s\u0103-i vedem cu inima. Compasiunea, grija \u0219i comportamentul social sunt \u00eencurajate cu energie. \u00a0<\/p>\n","protected":false},"featured_media":13464,"template":"","meta":[],"product_brand":[],"product_cat":[43],"product_tag":[],"class_list":{"0":"post-13463","1":"product","2":"type-product","3":"status-publish","4":"has-post-thumbnail","6":"product_cat-esente-marine","7":"pa_size-15ml","8":"pa_size-30ml","10":"first","11":"instock","12":"shipping-taxable","13":"purchasable","14":"product-type-variable","15":"has-default-attributes"},"_links":{"self":[{"href":"https:\/\/esentevibrationale.com\/index.php?rest_route=\/wp\/v2\/product\/13463","targetHints":{"allow":["GET"]}}],"collection":[{"href":"https:\/\/esentevibrationale.com\/index.php?rest_route=\/wp\/v2\/product"}],"about":[{"href":"https:\/\/esentevibrationale.com\/index.php?rest_route=\/wp\/v2\/types\/product"}],"wp:featuredmedia":[{"embeddable":true,"href":"https:\/\/esentevibrationale.com\/index.php?rest_route=\/wp\/v2\/media\/13464"}],"wp:attachment":[{"href":"https:\/\/esentevibrationale.com\/index.php?rest_route=%2Fwp%2Fv2%2Fmedia&parent=13463"}],"wp:term":[{"taxonomy":"product_brand","embeddable":true,"href":"https:\/\/esentevibrationale.com\/index.php?rest_route=%2Fwp%2Fv2%2Fproduct_brand&post=13463"},{"taxonomy":"product_cat","embeddable":true,"href":"https:\/\/esentevibrationale.com\/index.php?rest_route=%2Fwp%2Fv2%2Fproduct_cat&post=13463"},{"taxonomy":"product_tag","embeddable":true,"href":"https:\/\/esentevibrationale.com\/index.php?rest_route=%2Fwp%2Fv2%2Fproduct_tag&post=13463"}],"curies":[{"name":"wp","href":"https:\/\/api.w.org\/{rel}","templated":true}]}}