{"id":13494,"date":"2022-03-17T18:28:47","date_gmt":"2022-03-17T16:28:47","guid":{"rendered":"https:\/\/esentevibrationale.com\/?post_type=product&#038;p=13494"},"modified":"2025-03-22T10:20:49","modified_gmt":"2025-03-22T08:20:49","slug":"pandantiv-pentru-copii","status":"publish","type":"product","link":"https:\/\/esentevibrationale.com\/?product=pandantiv-pentru-copii","title":{"rendered":"Pandantiv pentru Copii"},"content":{"rendered":"<p>Now !!! Pandantiv pentru Copii<br \/>\nUn pandantiv realizat special pentru copii \u0219i adolescen\u021bi, umplut cu esen\u0163a Delph\u00a9 \u0219i cu o buburuz\u0103 din sticl\u0103, lucrat \u00een \u00eentregime manual. Acest pandantiv reprezint\u0103 dragostea nesf\u00e2r\u0219it\u0103 pentru copilul t\u0103u.<br \/>\n*Nu este potrivit pentru copii sub 10 ani (sticl\u0103)<\/p>\n<p>Panglic\u0103 \/ \u0218nur 100% bumbac reglabile.<\/p>\n<p>Informa\u021bii: Toate pandantivele PHI sunt realizate manual \u00een Germania\u00a0<span class=\"Y2IQFc\" lang=\"ro\"> (Suflarea sticlei din secolul al XIV-lea).<\/span><\/p>\n","protected":false},"excerpt":{"rendered":"<p>Now !!! Pandantiv pentru Copii Un pandantiv realizat special pentru copii \u0219i adolescen\u021bi, umplut cu esen\u0163a Delph\u00a9 \u0219i cu o buburuz\u0103 din sticl\u0103, lucrat \u00een \u00eentregime manual. Acest pandantiv reprezint\u0103 dragostea nesf\u00e2r\u0219it\u0103 pentru copilul t\u0103u. *Nu este potrivit pentru copii sub 10 ani (sticl\u0103) Panglic\u0103 \/ \u0218nur 100% bumbac reglabile. Informa\u021bii: Toate pandantivele PHI sunt &hellip; <a href=\"https:\/\/esentevibrationale.com\/?product=pandantiv-pentru-copii\" class=\"more-link\">Continu\u0103 lectura <span class=\"screen-reader-text\">Pandantiv pentru Copii<\/span> <span class=\"meta-nav\">&rarr;<\/span><\/a><\/p>\n","protected":false},"featured_media":13495,"template":"","meta":[],"product_brand":[],"product_cat":[39],"product_tag":[],"class_list":{"0":"post-13494","1":"product","2":"type-product","3":"status-publish","4":"has-post-thumbnail","6":"product_cat-pandantive","8":"first","9":"instock","10":"shipping-taxable","11":"purchasable","12":"product-type-simple"},"_links":{"self":[{"href":"https:\/\/esentevibrationale.com\/index.php?rest_route=\/wp\/v2\/product\/13494","targetHints":{"allow":["GET"]}}],"collection":[{"href":"https:\/\/esentevibrationale.com\/index.php?rest_route=\/wp\/v2\/product"}],"about":[{"href":"https:\/\/esentevibrationale.com\/index.php?rest_route=\/wp\/v2\/types\/product"}],"wp:featuredmedia":[{"embeddable":true,"href":"https:\/\/esentevibrationale.com\/index.php?rest_route=\/wp\/v2\/media\/13495"}],"wp:attachment":[{"href":"https:\/\/esentevibrationale.com\/index.php?rest_route=%2Fwp%2Fv2%2Fmedia&parent=13494"}],"wp:term":[{"taxonomy":"product_brand","embeddable":true,"href":"https:\/\/esentevibrationale.com\/index.php?rest_route=%2Fwp%2Fv2%2Fproduct_brand&post=13494"},{"taxonomy":"product_cat","embeddable":true,"href":"https:\/\/esentevibrationale.com\/index.php?rest_route=%2Fwp%2Fv2%2Fproduct_cat&post=13494"},{"taxonomy":"product_tag","embeddable":true,"href":"https:\/\/esentevibrationale.com\/index.php?rest_route=%2Fwp%2Fv2%2Fproduct_tag&post=13494"}],"curies":[{"name":"wp","href":"https:\/\/api.w.org\/{rel}","templated":true}]}}