{"id":13519,"date":"2022-05-16T02:56:53","date_gmt":"2022-05-15T23:56:53","guid":{"rendered":"https:\/\/esentevibrationale.com\/?post_type=product&#038;p=13519"},"modified":"2022-05-16T02:56:54","modified_gmt":"2022-05-15T23:56:54","slug":"acord-gdpr","status":"publish","type":"product","link":"https:\/\/esentevibrationale.com\/?product=acord-gdpr","title":{"rendered":"Acord GDPR"},"content":{"rendered":"<p>La achizi\u021bionarea produselor \u0219i serviciilor noastre avem rug\u0103mintea s\u0103 desc\u0103rca\u021bi, s\u0103 completa\u021bi \u0219i s\u0103 ne trimite\u021bi pe e-mail-ul \u00a0<a href=\"mailto:ariadna@esentevibrationale.com\">ariadna@esentevibrationale.com<\/a> &#8211; <strong><u>DECLARA\u021aIA PRIVIND ACORDUL PENTRU PRELUCRAREA DATELOR CU CARACTER PERSONAL<\/u><\/strong><\/p>\n","protected":false},"excerpt":{"rendered":"<p>La achizi\u021bionarea produselor \u0219i serviciilor noastre avem rug\u0103mintea s\u0103 desc\u0103rca\u021bi, s\u0103 completa\u021bi \u0219i s\u0103 ne trimite\u021bi pe e-mail-ul \u00a0ariadna@esentevibrationale.com &#8211; DECLARA\u021aIA PRIVIND ACORDUL PENTRU PRELUCRAREA DATELOR CU CARACTER PERSONAL<\/p>\n","protected":false},"featured_media":13522,"template":"","meta":[],"product_brand":[],"product_cat":[78],"product_tag":[],"class_list":{"0":"post-13519","1":"product","2":"type-product","3":"status-publish","4":"has-post-thumbnail","6":"product_cat-acord-gdpr","8":"first","9":"instock","10":"downloadable","11":"virtual","12":"purchasable","13":"product-type-simple"},"_links":{"self":[{"href":"https:\/\/esentevibrationale.com\/index.php?rest_route=\/wp\/v2\/product\/13519","targetHints":{"allow":["GET"]}}],"collection":[{"href":"https:\/\/esentevibrationale.com\/index.php?rest_route=\/wp\/v2\/product"}],"about":[{"href":"https:\/\/esentevibrationale.com\/index.php?rest_route=\/wp\/v2\/types\/product"}],"wp:featuredmedia":[{"embeddable":true,"href":"https:\/\/esentevibrationale.com\/index.php?rest_route=\/wp\/v2\/media\/13522"}],"wp:attachment":[{"href":"https:\/\/esentevibrationale.com\/index.php?rest_route=%2Fwp%2Fv2%2Fmedia&parent=13519"}],"wp:term":[{"taxonomy":"product_brand","embeddable":true,"href":"https:\/\/esentevibrationale.com\/index.php?rest_route=%2Fwp%2Fv2%2Fproduct_brand&post=13519"},{"taxonomy":"product_cat","embeddable":true,"href":"https:\/\/esentevibrationale.com\/index.php?rest_route=%2Fwp%2Fv2%2Fproduct_cat&post=13519"},{"taxonomy":"product_tag","embeddable":true,"href":"https:\/\/esentevibrationale.com\/index.php?rest_route=%2Fwp%2Fv2%2Fproduct_tag&post=13519"}],"curies":[{"name":"wp","href":"https:\/\/api.w.org\/{rel}","templated":true}]}}