{"id":13608,"date":"2022-10-27T11:51:51","date_gmt":"2022-10-27T08:51:51","guid":{"rendered":"https:\/\/esentevibrationale.com\/?post_type=product&#038;p=13608"},"modified":"2026-01-03T17:28:16","modified_gmt":"2026-01-03T15:28:16","slug":"chephren-pyramid-piramida-chephren","status":"publish","type":"product","link":"https:\/\/esentevibrationale.com\/?product=chephren-pyramid-piramida-chephren","title":{"rendered":"Chephren Pyramid \/ Piramida Chephren"},"content":{"rendered":"<p><span class=\"Y2IQFc\" lang=\"ro\">Pornind de la chakra inimii, aceast\u0103 energie urc\u0103 \u0219i comunic\u0103 cu corpul mental \u0219i cu chakrele superioare. Esen\u021ba func\u021bioneaz\u0103 activ\u00e2nd energetic creierul. \u00cenv\u0103\u021b\u0103m s\u0103 ne ordon\u0103m sentimentele \u0219i emo\u021biile \u0219i s\u0103 ne conect\u0103m cu planul spiritual. Ac\u021bioneaz\u0103 echilibr\u00e2nd energetic \u0219i ne sus\u021bine evolu\u021bia.<\/span><\/p>\n","protected":false},"excerpt":{"rendered":"<p>Pornind de la chakra inimii, aceast\u0103 energie urc\u0103 \u0219i comunic\u0103 cu corpul mental \u0219i cu chakrele superioare. Esen\u021ba func\u021bioneaz\u0103 activ\u00e2nd energetic creierul. \u00cenv\u0103\u021b\u0103m s\u0103 ne ordon\u0103m sentimentele \u0219i emo\u021biile \u0219i s\u0103 ne conect\u0103m cu planul spiritual. Ac\u021bioneaz\u0103 echilibr\u00e2nd energetic \u0219i ne sus\u021bine evolu\u021bia.<\/p>\n","protected":false},"featured_media":13609,"template":"","meta":[],"product_brand":[],"product_cat":[58],"product_tag":[],"class_list":{"0":"post-13608","1":"product","2":"type-product","3":"status-publish","4":"has-post-thumbnail","6":"product_cat-esente-ambientale","7":"pa_size-15ml","8":"pa_size-30ml","10":"first","11":"instock","12":"shipping-taxable","13":"purchasable","14":"product-type-variable","15":"has-default-attributes"},"_links":{"self":[{"href":"https:\/\/esentevibrationale.com\/index.php?rest_route=\/wp\/v2\/product\/13608","targetHints":{"allow":["GET"]}}],"collection":[{"href":"https:\/\/esentevibrationale.com\/index.php?rest_route=\/wp\/v2\/product"}],"about":[{"href":"https:\/\/esentevibrationale.com\/index.php?rest_route=\/wp\/v2\/types\/product"}],"wp:featuredmedia":[{"embeddable":true,"href":"https:\/\/esentevibrationale.com\/index.php?rest_route=\/wp\/v2\/media\/13609"}],"wp:attachment":[{"href":"https:\/\/esentevibrationale.com\/index.php?rest_route=%2Fwp%2Fv2%2Fmedia&parent=13608"}],"wp:term":[{"taxonomy":"product_brand","embeddable":true,"href":"https:\/\/esentevibrationale.com\/index.php?rest_route=%2Fwp%2Fv2%2Fproduct_brand&post=13608"},{"taxonomy":"product_cat","embeddable":true,"href":"https:\/\/esentevibrationale.com\/index.php?rest_route=%2Fwp%2Fv2%2Fproduct_cat&post=13608"},{"taxonomy":"product_tag","embeddable":true,"href":"https:\/\/esentevibrationale.com\/index.php?rest_route=%2Fwp%2Fv2%2Fproduct_tag&post=13608"}],"curies":[{"name":"wp","href":"https:\/\/api.w.org\/{rel}","templated":true}]}}