{"id":13640,"date":"2022-10-28T15:20:20","date_gmt":"2022-10-28T12:20:20","guid":{"rendered":"https:\/\/esentevibrationale.com\/?post_type=product&#038;p=13640"},"modified":"2026-01-02T08:37:48","modified_gmt":"2026-01-02T06:37:48","slug":"esenta-oceanica-nr-36","status":"publish","type":"product","link":"https:\/\/esentevibrationale.com\/?product=esenta-oceanica-nr-36","title":{"rendered":"36. Ocean Essence No. 36 \/ Esen\u021ba Oceanic\u0103 Nr. 36"},"content":{"rendered":"<p>Esen\u021ba are o analogie cu creierul \u0219i cu coloana vertebral\u0103. Are un efect energetic asupra capului \u0219i a sistemului nostru nervos. Coloana vertebral\u0103 este activat\u0103 energetic. Blocajele profunde din subcon\u0219tientul nostru sunt transformate con\u0219tient \u0219i energetic. Esen\u021ba ne ofer\u0103 orientare interioar\u0103 \u0219i flexibilitate. Informa\u021biile despre stres sunt desc\u0103rcate energetic mai bine. Acesta creeaz\u0103 claritate \u0219i transparen\u021b\u0103. Ne ajut\u0103 s\u0103 ne aliniem \u0219i s\u0103 ne concentr\u0103m energia c\u0103tre un scop.<\/p>\n","protected":false},"excerpt":{"rendered":"<p>Esen\u021ba are o analogie cu creierul \u0219i cu coloana vertebral\u0103. Are un efect energetic asupra capului \u0219i a sistemului nostru nervos. Coloana vertebral\u0103 este activat\u0103 energetic. Blocajele profunde din subcon\u0219tientul nostru sunt transformate con\u0219tient \u0219i energetic. Esen\u021ba ne ofer\u0103 orientare interioar\u0103 \u0219i flexibilitate. Informa\u021biile despre stres sunt desc\u0103rcate energetic mai bine. Acesta creeaz\u0103 claritate \u0219i &hellip; <a href=\"https:\/\/esentevibrationale.com\/?product=esenta-oceanica-nr-36\" class=\"more-link\">Continu\u0103 lectura <span class=\"screen-reader-text\">36. Ocean Essence No. 36 \/ Esen\u021ba Oceanic\u0103 Nr. 36<\/span> <span class=\"meta-nav\">&rarr;<\/span><\/a><\/p>\n","protected":false},"featured_media":13641,"template":"","meta":[],"product_brand":[],"product_cat":[72],"product_tag":[],"class_list":{"0":"post-13640","1":"product","2":"type-product","3":"status-publish","4":"has-post-thumbnail","6":"product_cat-esentele-ocenului","7":"pa_size-15ml","8":"pa_size-30ml","10":"first","11":"instock","12":"shipping-taxable","13":"purchasable","14":"product-type-variable","15":"has-default-attributes"},"_links":{"self":[{"href":"https:\/\/esentevibrationale.com\/index.php?rest_route=\/wp\/v2\/product\/13640","targetHints":{"allow":["GET"]}}],"collection":[{"href":"https:\/\/esentevibrationale.com\/index.php?rest_route=\/wp\/v2\/product"}],"about":[{"href":"https:\/\/esentevibrationale.com\/index.php?rest_route=\/wp\/v2\/types\/product"}],"wp:featuredmedia":[{"embeddable":true,"href":"https:\/\/esentevibrationale.com\/index.php?rest_route=\/wp\/v2\/media\/13641"}],"wp:attachment":[{"href":"https:\/\/esentevibrationale.com\/index.php?rest_route=%2Fwp%2Fv2%2Fmedia&parent=13640"}],"wp:term":[{"taxonomy":"product_brand","embeddable":true,"href":"https:\/\/esentevibrationale.com\/index.php?rest_route=%2Fwp%2Fv2%2Fproduct_brand&post=13640"},{"taxonomy":"product_cat","embeddable":true,"href":"https:\/\/esentevibrationale.com\/index.php?rest_route=%2Fwp%2Fv2%2Fproduct_cat&post=13640"},{"taxonomy":"product_tag","embeddable":true,"href":"https:\/\/esentevibrationale.com\/index.php?rest_route=%2Fwp%2Fv2%2Fproduct_tag&post=13640"}],"curies":[{"name":"wp","href":"https:\/\/api.w.org\/{rel}","templated":true}]}}