{"id":14085,"date":"2023-10-23T18:51:12","date_gmt":"2023-10-23T15:51:12","guid":{"rendered":"https:\/\/esentevibrationale.com\/?post_type=product&#038;p=14085"},"modified":"2026-01-01T19:18:47","modified_gmt":"2026-01-01T17:18:47","slug":"cropcircles-card-set-set-de-carduri-cu-cercuri-aparute","status":"publish","type":"product","link":"https:\/\/esentevibrationale.com\/?product=cropcircles-card-set-set-de-carduri-cu-cercuri-aparute","title":{"rendered":"Cropcircles Card Set \/ Set de Carduri cu Cercurile Ap\u0103rute \u00een Culturile Agrare"},"content":{"rendered":"<p><img loading=\"lazy\" decoding=\"async\" class=\"alignnone size-full wp-image-14087\" src=\"https:\/\/esentevibrationale.com\/wp-content\/uploads\/2023\/10\/cc_2.jpg\" alt=\"\" width=\"300\" height=\"272\" srcset=\"https:\/\/esentevibrationale.com\/wp-content\/uploads\/2023\/10\/cc_2.jpg 300w, https:\/\/esentevibrationale.com\/wp-content\/uploads\/2023\/10\/cc_2-66x60.jpg 66w, https:\/\/esentevibrationale.com\/wp-content\/uploads\/2023\/10\/cc_2-99x90.jpg 99w\" sizes=\"auto, (max-width: 300px) 100vw, 300px\" \/><\/p>\n<p>&nbsp;<\/p>\n<p><span class=\"Y2IQFc\" lang=\"ro\">108 carduri cu informa\u021bii despre Cropcircle. Descrierile de pe aceste carduri sunt \u00een limba englez\u0103 \u0219i german\u0103.\u00a0 Acestea au dimensiunile de 10 cm x 10 cm<\/span><\/p>\n<p><span class=\"Y2IQFc\" lang=\"ro\"> \u00cen prezent, exist\u0103 cartona\u0219e ilustrate care corespund tuturor esen\u021belor p\u00e2n\u0103 la num\u0103rul 108 (Zei\u021ba). Aceste carduri au o estetic\u0103 frumoas\u0103 \u0219i pot fi folosite ca \u201ec\u0103r\u021bi de putere\u201d, de exemplu: cardurile mici au 30 cm de iradiere m\u0103surat\u0103 cu un baston de radiestezie \u0219i dac\u0103 acela\u0219i lucru este m\u0103rit cu un fotocopiator color la un poster de 30 cm x 30 cm, atunci aura c\u0103r\u021bilor este extins\u0103 la 50 cm rotund. Simbolurile multidimensionale au o energie foarte puternic\u0103, asem\u0103n\u0103toare runelor germanice, iar energia acestor c\u0103r\u021bi ilustrate, m\u0103surat\u0103 cu biometrul Bovis, poate ajunge la aproximativ 9.000 p\u00e2n\u0103 la 12.000 de unit\u0103\u021bi Bovis. O persoan\u0103 sensibil\u0103 poate sim\u021bi o u\u0219oar\u0103 furnic\u0103tur\u0103 \u00een m\u00e2ini c\u00e2nd \u021bine o carte bun\u0103 cu cerc de decupare, totu\u0219i, dac\u0103 cineva nu este sigur ce card s\u0103 foloseasc\u0103, ar trebui efectuat un test simplu. Ar trebui mai \u00eent\u00e2i s\u0103 privi\u021bi desenul multidimensional timp de dou\u0103 minute \u0219i s\u0103-l \u021bine\u021bi \u00een m\u00e2ini \u00een timp ce acorda\u021bi o aten\u021bie deosebit\u0103 respira\u021biei, deoarece dac\u0103 respira\u021bia cre\u0219te, simbolul este adecvat, \u00een timp ce dac\u0103 nevoia de a expira este mai puternic\u0103 sau trebuie s\u0103 elibera\u021bi. carte din m\u00e2inile lor atunci, simbolul nu este adecvat pentru acea ocazie. Aplica\u021bii sugerate: <\/span><\/p>\n<p><span class=\"Y2IQFc\" lang=\"ro\">1. Ca suport pentru b\u0103uturi: simbolul \u00eencarc\u0103 apa din pahar sau din sticl\u0103 cu energie. <\/span><\/p>\n<p><span class=\"Y2IQFc\" lang=\"ro\">2. Ca surs\u0103 de energie pentru buzunarul \u0219or\u021bului sau c\u0103m\u0103\u0219ii din zona apropiat\u0103 inimii <\/span><\/p>\n<p><span class=\"Y2IQFc\" lang=\"ro\">3. Ca poster de 30 cm x 30 cm sau mai mare ca mural pentru a \u00eembun\u0103t\u0103\u021bi energia mediului 4. Ca poster de a\u0219ezat sub pat sau sub canapea ca d\u0103ruitor de energie<\/span><\/p>\n<p><span class=\"Y2IQFc\" lang=\"ro\"> 5. Pentru a \u00eenc\u0103rca pietrele (de exemplu, cristalul de st\u00e2nc\u0103) pentru a \u00eembun\u0103t\u0103\u021bi energia mediului. <\/span><\/p>\n<p><span class=\"Y2IQFc\" lang=\"ro\">Cardurile cu cercuri pot fi \u00eentotdeauna folosite ca o completare a esen\u021belor \u0219i este recomandat s\u0103 alege\u021bi mai \u00eent\u00e2i cardul care v\u0103 place, deoarece acesta se refer\u0103 la starea din con\u0219tient; apoi alege\u021bi cardul care nu v\u0103 place, deoarece aceasta reflect\u0103 starea subcon\u0219tientului care poate fi cea mai important\u0103 dintre cele dou\u0103.<\/span><\/p>\n","protected":false},"excerpt":{"rendered":"<p>&nbsp; 108 carduri cu informa\u021bii despre Cropcircle. Descrierile de pe aceste carduri sunt \u00een limba englez\u0103 \u0219i german\u0103.\u00a0 Acestea au dimensiunile de 10 cm x 10 cm \u00cen prezent, exist\u0103 cartona\u0219e ilustrate care corespund tuturor esen\u021belor p\u00e2n\u0103 la num\u0103rul 108 (Zei\u021ba). Aceste carduri au o estetic\u0103 frumoas\u0103 \u0219i pot fi folosite ca \u201ec\u0103r\u021bi de putere\u201d, &hellip; <a href=\"https:\/\/esentevibrationale.com\/?product=cropcircles-card-set-set-de-carduri-cu-cercuri-aparute\" class=\"more-link\">Continu\u0103 lectura <span class=\"screen-reader-text\">Cropcircles Card Set \/ Set de Carduri cu Cercurile Ap\u0103rute \u00een Culturile Agrare<\/span> <span class=\"meta-nav\">&rarr;<\/span><\/a><\/p>\n","protected":false},"featured_media":14086,"template":"","meta":[],"product_brand":[],"product_cat":[68,54],"product_tag":[],"class_list":{"0":"post-14085","1":"product","2":"type-product","3":"status-publish","4":"has-post-thumbnail","6":"product_cat-carti-postere-seturi-cu-carduri","7":"product_cat-esentele-crete-cu-ajutorul-energiei-cercurilor-aparute-in-lanurile-de-recolte","9":"first","10":"instock","11":"shipping-taxable","12":"purchasable","13":"product-type-simple"},"_links":{"self":[{"href":"https:\/\/esentevibrationale.com\/index.php?rest_route=\/wp\/v2\/product\/14085","targetHints":{"allow":["GET"]}}],"collection":[{"href":"https:\/\/esentevibrationale.com\/index.php?rest_route=\/wp\/v2\/product"}],"about":[{"href":"https:\/\/esentevibrationale.com\/index.php?rest_route=\/wp\/v2\/types\/product"}],"wp:featuredmedia":[{"embeddable":true,"href":"https:\/\/esentevibrationale.com\/index.php?rest_route=\/wp\/v2\/media\/14086"}],"wp:attachment":[{"href":"https:\/\/esentevibrationale.com\/index.php?rest_route=%2Fwp%2Fv2%2Fmedia&parent=14085"}],"wp:term":[{"taxonomy":"product_brand","embeddable":true,"href":"https:\/\/esentevibrationale.com\/index.php?rest_route=%2Fwp%2Fv2%2Fproduct_brand&post=14085"},{"taxonomy":"product_cat","embeddable":true,"href":"https:\/\/esentevibrationale.com\/index.php?rest_route=%2Fwp%2Fv2%2Fproduct_cat&post=14085"},{"taxonomy":"product_tag","embeddable":true,"href":"https:\/\/esentevibrationale.com\/index.php?rest_route=%2Fwp%2Fv2%2Fproduct_tag&post=14085"}],"curies":[{"name":"wp","href":"https:\/\/api.w.org\/{rel}","templated":true}]}}