{"id":14265,"date":"2024-09-05T01:30:04","date_gmt":"2024-09-04T22:30:04","guid":{"rendered":"https:\/\/esentevibrationale.com\/?post_type=product&#038;p=14265"},"modified":"2026-01-02T09:06:48","modified_gmt":"2026-01-02T07:06:48","slug":"ocean-essence-no-42-esenta-oceanica-nr-42","status":"publish","type":"product","link":"https:\/\/esentevibrationale.com\/?product=ocean-essence-no-42-esenta-oceanica-nr-42","title":{"rendered":"Ocean Essence No. 42 \/ Esen\u021ba Oceanic\u0103 Nr. 42"},"content":{"rendered":"<p>Creatura este transparent\u0103 are 2 cm m\u0103rime, pelagic\u0103, plute\u0219te liber\u0103 \u00een mare. Se deplaseaz\u0103 \u00eenainte printr-o mi\u0219care pulsatorie \u00eemping\u00e2nd apa prin corpul s\u0103u.<\/p>\n<p>Esen\u021ba promoveaz\u0103 claritate \u0219i transparen\u021b\u0103. Are un efect energetic la nivelul celei de-a doua chakre, celulelor germinale. Promoveaz\u0103 energetic purificarea celulelor \u0219i ajut\u0103 la eliminarea informa\u021biei toxice \u0219i promoveaz\u0103 vitalitate \u0219i mobilitate. \u00centr-un grup promoveaz\u0103 dinamica grupului \u0219i schimbul cu ceilal\u021bi.<\/p>\n","protected":false},"excerpt":{"rendered":"<p>Creatura este transparent\u0103 are 2 cm m\u0103rime, pelagic\u0103, plute\u0219te liber\u0103 \u00een mare. Se deplaseaz\u0103 \u00eenainte printr-o mi\u0219care pulsatorie \u00eemping\u00e2nd apa prin corpul s\u0103u. Esen\u021ba promoveaz\u0103 claritate \u0219i transparen\u021b\u0103. Are un efect energetic la nivelul celei de-a doua chakre, celulelor germinale. Promoveaz\u0103 energetic purificarea celulelor \u0219i ajut\u0103 la eliminarea informa\u021biei toxice \u0219i promoveaz\u0103 vitalitate \u0219i mobilitate. &hellip; <a href=\"https:\/\/esentevibrationale.com\/?product=ocean-essence-no-42-esenta-oceanica-nr-42\" class=\"more-link\">Continu\u0103 lectura <span class=\"screen-reader-text\">Ocean Essence No. 42 \/ Esen\u021ba Oceanic\u0103 Nr. 42<\/span> <span class=\"meta-nav\">&rarr;<\/span><\/a><\/p>\n","protected":false},"featured_media":14262,"template":"","meta":[],"product_brand":[],"product_cat":[72],"product_tag":[],"class_list":{"0":"post-14265","1":"product","2":"type-product","3":"status-publish","4":"has-post-thumbnail","6":"product_cat-esentele-ocenului","7":"pa_size-15ml","8":"pa_size-30ml","10":"first","11":"instock","12":"shipping-taxable","13":"purchasable","14":"product-type-variable","15":"has-default-attributes"},"_links":{"self":[{"href":"https:\/\/esentevibrationale.com\/index.php?rest_route=\/wp\/v2\/product\/14265","targetHints":{"allow":["GET"]}}],"collection":[{"href":"https:\/\/esentevibrationale.com\/index.php?rest_route=\/wp\/v2\/product"}],"about":[{"href":"https:\/\/esentevibrationale.com\/index.php?rest_route=\/wp\/v2\/types\/product"}],"wp:featuredmedia":[{"embeddable":true,"href":"https:\/\/esentevibrationale.com\/index.php?rest_route=\/wp\/v2\/media\/14262"}],"wp:attachment":[{"href":"https:\/\/esentevibrationale.com\/index.php?rest_route=%2Fwp%2Fv2%2Fmedia&parent=14265"}],"wp:term":[{"taxonomy":"product_brand","embeddable":true,"href":"https:\/\/esentevibrationale.com\/index.php?rest_route=%2Fwp%2Fv2%2Fproduct_brand&post=14265"},{"taxonomy":"product_cat","embeddable":true,"href":"https:\/\/esentevibrationale.com\/index.php?rest_route=%2Fwp%2Fv2%2Fproduct_cat&post=14265"},{"taxonomy":"product_tag","embeddable":true,"href":"https:\/\/esentevibrationale.com\/index.php?rest_route=%2Fwp%2Fv2%2Fproduct_tag&post=14265"}],"curies":[{"name":"wp","href":"https:\/\/api.w.org\/{rel}","templated":true}]}}