{"id":14268,"date":"2024-09-05T01:43:52","date_gmt":"2024-09-04T22:43:52","guid":{"rendered":"https:\/\/esentevibrationale.com\/?post_type=product&#038;p=14268"},"modified":"2026-01-02T09:07:43","modified_gmt":"2026-01-02T07:07:43","slug":"ocean-essence-no-43-esenta-oceanica-nr-43","status":"publish","type":"product","link":"https:\/\/esentevibrationale.com\/?product=ocean-essence-no-43-esenta-oceanica-nr-43","title":{"rendered":"Ocean Essence No. 43 \/ Esen\u021ba Oceanic\u0103 Nr. 43"},"content":{"rendered":"<p>O meduz\u0103 cruce din ad\u00e2ncul m\u0103rii de aproximativ 3 cm \u00een diametru, transparent\u0103 cu modelul de cruce distinctiv \u0219i tentacule \u00een form\u0103 de fire. Se deplaseaz\u0103 puls\u00e2nd \u00een ap\u0103.<\/p>\n<p>Esen\u021ba creeaz\u0103 echilibru \u00eentre cele patru elemente ap\u0103, p\u0103m\u00e2nt, foc \u0219i aer. Procesele interioare sunt echilibrate din punct de vedere energetic. Ne conecteaz\u0103 profund cu subcon\u0219tientul \u0219i ne face s\u0103 con\u0219tientiz\u0103m cauzele tulbur\u0103rilor \u0219i blocajelor. Prin \u00een\u021belegerea noastr\u0103, putem mai bine s\u0103 renun\u021b\u0103m la ele \u0219i s\u0103 ne g\u0103sim calea \u00eenapoi la starea noastr\u0103 de armonie, s\u0103n\u0103tate \u0219i echilibru.<\/p>\n","protected":false},"excerpt":{"rendered":"<p>O meduz\u0103 cruce din ad\u00e2ncul m\u0103rii de aproximativ 3 cm \u00een diametru, transparent\u0103 cu modelul de cruce distinctiv \u0219i tentacule \u00een form\u0103 de fire. Se deplaseaz\u0103 puls\u00e2nd \u00een ap\u0103. Esen\u021ba creeaz\u0103 echilibru \u00eentre cele patru elemente ap\u0103, p\u0103m\u00e2nt, foc \u0219i aer. Procesele interioare sunt echilibrate din punct de vedere energetic. Ne conecteaz\u0103 profund cu subcon\u0219tientul &hellip; <a href=\"https:\/\/esentevibrationale.com\/?product=ocean-essence-no-43-esenta-oceanica-nr-43\" class=\"more-link\">Continu\u0103 lectura <span class=\"screen-reader-text\">Ocean Essence No. 43 \/ Esen\u021ba Oceanic\u0103 Nr. 43<\/span> <span class=\"meta-nav\">&rarr;<\/span><\/a><\/p>\n","protected":false},"featured_media":14272,"template":"","meta":[],"product_brand":[],"product_cat":[72],"product_tag":[],"class_list":{"0":"post-14268","1":"product","2":"type-product","3":"status-publish","4":"has-post-thumbnail","6":"product_cat-esentele-ocenului","7":"pa_size-15ml","8":"pa_size-30ml","10":"first","11":"instock","12":"shipping-taxable","13":"purchasable","14":"product-type-variable","15":"has-default-attributes"},"_links":{"self":[{"href":"https:\/\/esentevibrationale.com\/index.php?rest_route=\/wp\/v2\/product\/14268","targetHints":{"allow":["GET"]}}],"collection":[{"href":"https:\/\/esentevibrationale.com\/index.php?rest_route=\/wp\/v2\/product"}],"about":[{"href":"https:\/\/esentevibrationale.com\/index.php?rest_route=\/wp\/v2\/types\/product"}],"wp:featuredmedia":[{"embeddable":true,"href":"https:\/\/esentevibrationale.com\/index.php?rest_route=\/wp\/v2\/media\/14272"}],"wp:attachment":[{"href":"https:\/\/esentevibrationale.com\/index.php?rest_route=%2Fwp%2Fv2%2Fmedia&parent=14268"}],"wp:term":[{"taxonomy":"product_brand","embeddable":true,"href":"https:\/\/esentevibrationale.com\/index.php?rest_route=%2Fwp%2Fv2%2Fproduct_brand&post=14268"},{"taxonomy":"product_cat","embeddable":true,"href":"https:\/\/esentevibrationale.com\/index.php?rest_route=%2Fwp%2Fv2%2Fproduct_cat&post=14268"},{"taxonomy":"product_tag","embeddable":true,"href":"https:\/\/esentevibrationale.com\/index.php?rest_route=%2Fwp%2Fv2%2Fproduct_tag&post=14268"}],"curies":[{"name":"wp","href":"https:\/\/api.w.org\/{rel}","templated":true}]}}