{"id":14334,"date":"2024-09-05T17:36:19","date_gmt":"2024-09-05T14:36:19","guid":{"rendered":"https:\/\/esentevibrationale.com\/?post_type=product&#038;p=14334"},"modified":"2026-01-02T08:46:43","modified_gmt":"2026-01-02T06:46:43","slug":"ocean-essence-no-59-esenta-oceanica-nr-59","status":"publish","type":"product","link":"https:\/\/esentevibrationale.com\/?product=ocean-essence-no-59-esenta-oceanica-nr-59","title":{"rendered":"Ocean Essence No. 59 \/ Esen\u021ba Oceanic\u0103 Nr. 59"},"content":{"rendered":"<p>Acest animal este de aproximativ 3 cm \u00eenalt, plute\u0219te liber, este transparent \u0219i are tentacule mici.<\/p>\n<p>Esen\u021ba ne face clari \u0219i liberi, c\u00e2nd suntem \u00een mod repetat \u201etrezi\u021bi\u201d de acelea\u0219i sentimente \u0219i experien\u021be negative. Atunci c\u00e2nd g\u00e2ndurile negative se strecoar\u0103 \u00een con\u0219tiin\u021ba noastr\u0103 din nou \u0219i din nou \u0219i persist\u0103. Esen\u021ba ne poate ajuta s\u0103 cur\u0103\u021b\u0103m \u0219i s\u0103 eliber\u0103m aceste g\u00e2nduri din subcon\u0219tientul nostru. \u00cenv\u0103\u021b\u0103m s\u0103 eliber\u0103m trecutul \u0219i s\u0103 fim liberi.<\/p>\n","protected":false},"excerpt":{"rendered":"<p>Acest animal este de aproximativ 3 cm \u00eenalt, plute\u0219te liber, este transparent \u0219i are tentacule mici. Esen\u021ba ne face clari \u0219i liberi, c\u00e2nd suntem \u00een mod repetat \u201etrezi\u021bi\u201d de acelea\u0219i sentimente \u0219i experien\u021be negative. Atunci c\u00e2nd g\u00e2ndurile negative se strecoar\u0103 \u00een con\u0219tiin\u021ba noastr\u0103 din nou \u0219i din nou \u0219i persist\u0103. Esen\u021ba ne poate ajuta s\u0103 &hellip; <a href=\"https:\/\/esentevibrationale.com\/?product=ocean-essence-no-59-esenta-oceanica-nr-59\" class=\"more-link\">Continu\u0103 lectura <span class=\"screen-reader-text\">Ocean Essence No. 59 \/ Esen\u021ba Oceanic\u0103 Nr. 59<\/span> <span class=\"meta-nav\">&rarr;<\/span><\/a><\/p>\n","protected":false},"featured_media":14336,"template":"","meta":[],"product_brand":[],"product_cat":[72],"product_tag":[],"class_list":{"0":"post-14334","1":"product","2":"type-product","3":"status-publish","4":"has-post-thumbnail","6":"product_cat-esentele-ocenului","7":"pa_size-15ml","8":"pa_size-30ml","10":"first","11":"instock","12":"shipping-taxable","13":"purchasable","14":"product-type-variable","15":"has-default-attributes"},"_links":{"self":[{"href":"https:\/\/esentevibrationale.com\/index.php?rest_route=\/wp\/v2\/product\/14334","targetHints":{"allow":["GET"]}}],"collection":[{"href":"https:\/\/esentevibrationale.com\/index.php?rest_route=\/wp\/v2\/product"}],"about":[{"href":"https:\/\/esentevibrationale.com\/index.php?rest_route=\/wp\/v2\/types\/product"}],"wp:featuredmedia":[{"embeddable":true,"href":"https:\/\/esentevibrationale.com\/index.php?rest_route=\/wp\/v2\/media\/14336"}],"wp:attachment":[{"href":"https:\/\/esentevibrationale.com\/index.php?rest_route=%2Fwp%2Fv2%2Fmedia&parent=14334"}],"wp:term":[{"taxonomy":"product_brand","embeddable":true,"href":"https:\/\/esentevibrationale.com\/index.php?rest_route=%2Fwp%2Fv2%2Fproduct_brand&post=14334"},{"taxonomy":"product_cat","embeddable":true,"href":"https:\/\/esentevibrationale.com\/index.php?rest_route=%2Fwp%2Fv2%2Fproduct_cat&post=14334"},{"taxonomy":"product_tag","embeddable":true,"href":"https:\/\/esentevibrationale.com\/index.php?rest_route=%2Fwp%2Fv2%2Fproduct_tag&post=14334"}],"curies":[{"name":"wp","href":"https:\/\/api.w.org\/{rel}","templated":true}]}}