{"id":1468,"date":"2018-11-14T07:16:05","date_gmt":"2018-11-14T06:16:05","guid":{"rendered":"https:\/\/phiessences.com\/Romania\/?post_type=product&#038;p=1468"},"modified":"2024-01-06T18:01:07","modified_gmt":"2024-01-06T16:01:07","slug":"canary-island-bellflower-bellflower-din-insulele-canare","status":"publish","type":"product","link":"https:\/\/esentevibrationale.com\/?product=canary-island-bellflower-bellflower-din-insulele-canare","title":{"rendered":"Canary Island Bellflower \/ Bellflower din Insulele Canare"},"content":{"rendered":"<p><strong><em>(Canarina canariensis)<\/em> <\/strong><\/p>\n<p><em>Floarea Clopot din Insulele Canare sau Clopotul Alpinist din Canare poate fi g\u0103sit\u0103 \u00een p\u0103durile de lauri din Tenerife \u0219i La Palma. L\u0103starii s\u0103i care sunt ori t\u00e2r\u00e2tori ori c\u0103\u021b\u0103r\u0103tori \u0219i ajung p\u00e2n\u0103 la 1 m lungime. Frunzele sunt opuse \u0219i pe\u021biolate, au form\u0103 de s\u0103get\u0103 triunghiular\u0103 din baz\u0103 \u00een form\u0103 de inim\u0103. Florile lungi \u00eentre 3 &#8211; 6 cm au o luminozitate frumoas\u0103 \u00een tonuri de portocaliu p\u00e2n\u0103 la ro\u0219u-maro \u00eenchis.<\/em><\/p>\n<p><strong>Efectul Esen\u021bei: <\/strong>Esen\u021ba Florii Clopot din Insulele Canare transmite \u00eencredere \u0219i securitate \u00een momentele de &#8222;cl\u0103tinare&#8221;. Promoveaz\u0103 integrarea p\u0103r\u021bii delicate \u00een noi \u0219i ne \u00eenva\u021b\u0103 s\u0103 dezvolt\u0103m \u0219i s\u0103 permitem tandre\u021bea.<\/p>\n<p><strong><em>Efectul Esen\u021bei la Nivel Fizic<\/em><\/strong><em>: <\/em>\u00cen medicina chinez\u0103 aceast\u0103 plant\u0103 este folosit\u0103 ca expectorant pentru bron\u0219ite sau alte boli respiratorii \u0219i pentru diaree. Aceast\u0103 vibra\u021bie puternic\u0103 ofer\u0103 un suport energetic pentru respira\u021bie. \u00cen plus, pe m\u0103sur\u0103 ce \u00eencrederea \u00een sine cre\u0219te, \u00eentregul organism va func\u021biona cu mai mult\u0103 u\u0219urin\u021b\u0103 \u0219i relaxa- re. Esen\u021b\u0103 ne poate \u00eenso\u021bi cu bine \u00een perioada de pubertatea, mai ales c\u00e2nd partea feminin\u0103 (Yin) a sexualit\u0103\u021bii noastre trebuie integrat\u0103.<\/p>\n<p><strong><em>Efectul Esen\u021bei la Nivel Emo\u021bional: <\/em><\/strong>Cu esen\u021ba, cei care consider\u0103 c\u0103 trebuie s\u0103 \u00ee\u0219i arate latura dur\u0103 \u00een via\u021ba cotidian\u0103, experimenteaz\u0103 efectele benefice holistice ale integr\u0103rii sensibilit\u0103\u021bii. Prin intermediul s\u0103u emo\u021biile de furie, ur\u0103, agresivitatea, mentalitatea de competitivitate, vor experimenta o transformare \u0219i li se va \u00eenmuia natura proprie. Esen\u021ba poate fi util\u0103 celor c\u0103rora nu le este u\u0219or s\u0103 fie iubitoare, le stimuleaz\u0103 capacitatea de a fi flexibile \u0219i tandre.<\/p>\n<p><strong><em>Efectul Esen\u021bei la Nivel Mental: <\/em><\/strong>Ideile noastre vor fi clar iluminate prin aceast\u0103 esen\u021b\u0103 \u0219i acest lucru ne va ajuta s\u0103 ne dezvolt\u0103m calit\u0103\u021bi noi. Calitatea tandre\u021bii \u0219i a devotamentului rezoneaz\u0103 \u00een toate procesele mentale \u0219i aici exist\u0103 mult\u0103 energie, care poate fi transferat\u0103 \u00een idei \u0219i proiecte.<\/p>\n<p><strong><em>Efectul Esen\u021bei la Nivel Spiritual: <\/em><\/strong>Esen\u021ba ne sprijin\u0103 s\u0103 vibr\u0103m cu tandre\u021be. Astfel, vom fi mai receptivi \u0219i putem primi energie subtil\u0103 de iubire. Acest lucru func\u021bioneaz\u0103 \u00een favoarea noastr\u0103, de exemplu: c\u00e2nd intr\u0103m \u00een contact cu persoane care \u0219tim c\u0103 au sentimente puternice pentru noi, dar nu le pot exprima. Datorit\u0103 abilit\u0103\u021bi noastre induse de a fi tandri, vom radia o energie spiritual\u0103, care \u00eei va ajuta pe ceilal\u021bi s\u0103-\u0219i dep\u0103\u0219easc\u0103 &#8222;umbrele sentimentelor lor&#8221;.<\/p>\n<p><strong><em>Afirma\u021bia: <\/em><\/strong>Tandre\u021bea curge prin mine \u0219i m\u0103 deschid c\u0103tre tine. Asta \u00eemi d\u0103 \u00eencredere \u00een mine \u0219i \u00een via\u021ba mea.<\/p>\n","protected":false},"excerpt":{"rendered":"<p>(Canarina canariensis) Floarea Clopot din Insulele Canare sau Clopotul Alpinist din Canare poate fi g\u0103sit\u0103 \u00een p\u0103durile de lauri din Tenerife \u0219i La Palma. L\u0103starii s\u0103i care sunt ori t\u00e2r\u00e2tori ori c\u0103\u021b\u0103r\u0103tori \u0219i ajung p\u00e2n\u0103 la 1 m lungime. Frunzele sunt opuse \u0219i pe\u021biolate, au form\u0103 de s\u0103get\u0103 triunghiular\u0103 din baz\u0103 \u00een form\u0103 de inim\u0103. &hellip; <a href=\"https:\/\/esentevibrationale.com\/?product=canary-island-bellflower-bellflower-din-insulele-canare\" class=\"more-link\">Continu\u0103 lectura <span class=\"screen-reader-text\">Canary Island Bellflower \/ Bellflower din Insulele Canare<\/span> <span class=\"meta-nav\">&rarr;<\/span><\/a><\/p>\n","protected":false},"featured_media":1469,"template":"","meta":[],"product_brand":[],"product_cat":[44],"product_tag":[],"class_list":{"0":"post-1468","1":"product","2":"type-product","3":"status-publish","4":"has-post-thumbnail","6":"product_cat-esente-de-flori-din-africa-si-insulele-canare","7":"pa_size-15ml","8":"pa_size-30ml","10":"first","11":"instock","12":"shipping-taxable","13":"purchasable","14":"product-type-variable","15":"has-default-attributes"},"_links":{"self":[{"href":"https:\/\/esentevibrationale.com\/index.php?rest_route=\/wp\/v2\/product\/1468","targetHints":{"allow":["GET"]}}],"collection":[{"href":"https:\/\/esentevibrationale.com\/index.php?rest_route=\/wp\/v2\/product"}],"about":[{"href":"https:\/\/esentevibrationale.com\/index.php?rest_route=\/wp\/v2\/types\/product"}],"wp:featuredmedia":[{"embeddable":true,"href":"https:\/\/esentevibrationale.com\/index.php?rest_route=\/wp\/v2\/media\/1469"}],"wp:attachment":[{"href":"https:\/\/esentevibrationale.com\/index.php?rest_route=%2Fwp%2Fv2%2Fmedia&parent=1468"}],"wp:term":[{"taxonomy":"product_brand","embeddable":true,"href":"https:\/\/esentevibrationale.com\/index.php?rest_route=%2Fwp%2Fv2%2Fproduct_brand&post=1468"},{"taxonomy":"product_cat","embeddable":true,"href":"https:\/\/esentevibrationale.com\/index.php?rest_route=%2Fwp%2Fv2%2Fproduct_cat&post=1468"},{"taxonomy":"product_tag","embeddable":true,"href":"https:\/\/esentevibrationale.com\/index.php?rest_route=%2Fwp%2Fv2%2Fproduct_tag&post=1468"}],"curies":[{"name":"wp","href":"https:\/\/api.w.org\/{rel}","templated":true}]}}