{"id":14792,"date":"2025-12-11T17:59:23","date_gmt":"2025-12-11T15:59:23","guid":{"rendered":"https:\/\/esentevibrationale.com\/?post_type=product&#038;p=14792"},"modified":"2025-12-11T17:59:23","modified_gmt":"2025-12-11T15:59:23","slug":"250-lyme-regis-uk-2025-lyme-regis-anglia-2025","status":"publish","type":"product","link":"https:\/\/esentevibrationale.com\/?product=250-lyme-regis-uk-2025-lyme-regis-anglia-2025","title":{"rendered":"250.) Lyme Regis, UK 2025 \/ Lyme Regis, Anglia 2025"},"content":{"rendered":"<p><span class=\"Y2IQFc\" lang=\"ro\">Forma\u021biunea are un efect stimulator energetic asupra corpului nostru energetic \u0219i ac\u021bioneaz\u0103 ca un accelerator. Prin medita\u021bii, putem c\u0103l\u0103tori; este un sentiment ca \u0219i cum ne-am afla \u00eentr-o poart\u0103 c\u0103tre stele sau \u00eentr-o ma\u0219in\u0103 a timpului. Ne deschidem con\u0219tiin\u021ba \u0219i suntem receptivi la noi experien\u021be.<\/span><\/p>\n","protected":false},"excerpt":{"rendered":"<p>Forma\u021biunea are un efect stimulator energetic asupra corpului nostru energetic \u0219i ac\u021bioneaz\u0103 ca un accelerator. Prin medita\u021bii, putem c\u0103l\u0103tori; este un sentiment ca \u0219i cum ne-am afla \u00eentr-o poart\u0103 c\u0103tre stele sau \u00eentr-o ma\u0219in\u0103 a timpului. Ne deschidem con\u0219tiin\u021ba \u0219i suntem receptivi la noi experien\u021be.<\/p>\n","protected":false},"featured_media":14793,"template":"","meta":[],"product_brand":[],"product_cat":[54],"product_tag":[],"class_list":{"0":"post-14792","1":"product","2":"type-product","3":"status-publish","4":"has-post-thumbnail","6":"product_cat-esentele-crete-cu-ajutorul-energiei-cercurilor-aparute-in-lanurile-de-recolte","7":"pa_size-15ml","8":"pa_size-30ml","10":"first","11":"instock","12":"shipping-taxable","13":"purchasable","14":"product-type-variable","15":"has-default-attributes"},"_links":{"self":[{"href":"https:\/\/esentevibrationale.com\/index.php?rest_route=\/wp\/v2\/product\/14792","targetHints":{"allow":["GET"]}}],"collection":[{"href":"https:\/\/esentevibrationale.com\/index.php?rest_route=\/wp\/v2\/product"}],"about":[{"href":"https:\/\/esentevibrationale.com\/index.php?rest_route=\/wp\/v2\/types\/product"}],"wp:featuredmedia":[{"embeddable":true,"href":"https:\/\/esentevibrationale.com\/index.php?rest_route=\/wp\/v2\/media\/14793"}],"wp:attachment":[{"href":"https:\/\/esentevibrationale.com\/index.php?rest_route=%2Fwp%2Fv2%2Fmedia&parent=14792"}],"wp:term":[{"taxonomy":"product_brand","embeddable":true,"href":"https:\/\/esentevibrationale.com\/index.php?rest_route=%2Fwp%2Fv2%2Fproduct_brand&post=14792"},{"taxonomy":"product_cat","embeddable":true,"href":"https:\/\/esentevibrationale.com\/index.php?rest_route=%2Fwp%2Fv2%2Fproduct_cat&post=14792"},{"taxonomy":"product_tag","embeddable":true,"href":"https:\/\/esentevibrationale.com\/index.php?rest_route=%2Fwp%2Fv2%2Fproduct_tag&post=14792"}],"curies":[{"name":"wp","href":"https:\/\/api.w.org\/{rel}","templated":true}]}}