{"id":1582,"date":"2018-11-14T12:36:48","date_gmt":"2018-11-14T11:36:48","guid":{"rendered":"https:\/\/phiessences.com\/Romania\/?post_type=product&#038;p=1582"},"modified":"2025-12-31T11:59:31","modified_gmt":"2025-12-31T09:59:31","slug":"white-yarrow-coada-soricelului-alba","status":"publish","type":"product","link":"https:\/\/esentevibrationale.com\/?product=white-yarrow-coada-soricelului-alba","title":{"rendered":"15.) White Yarrow \/ Coada \u015eoricelului Alb\u0103"},"content":{"rendered":"<p><strong>(Achillea millefolium)<\/strong><\/p>\n<p><em>Aceast\u0103 plant\u0103 este cunoscut\u0103 de milenii \u0219i poate fi g\u0103sit\u0103 \u00een paji\u0219ti \u0219i pe marginea drumurilor. Cre\u0219te \u00een Europa, America de nord \u0219i \u00een Australia. Coada \u0218oricelului<\/em> <em>Alb\u0103 este o plant\u0103 aromatic\u0103, care poate atinge \u00eentre 60 &#8211; 80 cm \u00een\u0103l\u021bime. Florile sale albe \u00eenfloresc ca o umbrel\u0103, \u00eentre lunile mai \u0219i octombrie. Chinezii au apreciat aceast\u0103 planta \u0219i folosesc 50 de tulpini ale sale \u00een oracolul chinezesc, \u00een timp ce indienii din America de Nord o folosesc pentru ceremoniile de purificare.<\/em><\/p>\n<p><strong><em>Efectul Esen\u021bei: <\/em><\/strong>Esen\u021ba Cozii \u0218oricelului Alb\u0103 condenseaz\u0103 \u0219i \u00eent\u0103re\u0219te c\u00e2mpul nostru energetic \u00een fazele de schimbare. Acest efect reprezint\u0103 o auto-protec\u021bie \u00eembun\u0103t\u0103\u021bit\u0103, c\u00e2nd suntem expu\u0219i la influen\u021bele perturbatoare ale mediului \u00eenconjur\u0103tor.<\/p>\n<p><strong><em>Efectul Esen\u021bei la Nivel Fizic: <\/em><\/strong>Dac\u0103 am uitat s\u0103 tragem o linie de separare \u00eentre noi, oamenii \u0219i situa\u021biile din mediul nostru, pot ap\u0103rea simptome fizice care indic\u0103 v\u0103t\u0103marea corpurilor noastre energetice precum: reac\u021bii de ap\u0103rare ale pielii, dificult\u0103\u021bi de respira\u021bie, probleme digestive, etc. Din punct de vedere energetic, esen\u021ba sprijin\u0103 eliminarea acestor nepl\u0103ceri \u0219i totodat\u0103, stimuleaz\u0103 protec\u021bia noastr\u0103 energetic\u0103 fa\u021b\u0103 de influen\u021bele celorlal\u021bi. Totodat\u0103, sunt incluse influen\u021bele nocive asupra mediului \u00eenconjur\u0103tor cu toate tipurile de radia\u021bii negative, precum poluarea aerului, undele electromagnetice \u0219i razele terestre.<\/p>\n<p><strong><em>Efectul Esen\u021bei la Nivel Emo\u021bional: <\/em><\/strong>Esen\u021ba ne protejeaz\u0103 fa\u021b\u0103 de sentimentele negative ale altora, care sunt proiectate pe noi sau de un mediu amenin\u021b\u0103tor (atacurile, violen\u021bele<br \/>\ncondi\u021biile emo\u021bionale intense, etc.). Protejeaz\u0103 persoanele senzitive de atacuri, mai ales \u00een fazele lor vulnerabile: sarcina, \u00een situa\u021bii de tulbur\u0103ri \u0219i crize de via\u021b\u0103.<\/p>\n<p><strong><em>Efectul Esen\u021bei la Nivel Mental: <\/em><\/strong>Esen\u021ba este folositoare pentru protec\u021bia celor care sunt influen\u021ba\u021bi puternic de mediul \u00eenconjur\u0103tor. Totodat\u0103, aici se includ, mentalit\u0103\u021bi \u0219i convingerile mentale, care sunt for\u021bate sau &#8222;transmise&#8221; de al\u021bii, f\u0103r\u0103 a fi observate. Ajut\u0103 la eliberarea acestora \u0219i la recunoa\u0219terea \u0219i tr\u0103irea propriilor g\u00e2nduri.<\/p>\n<p><strong><em>Efectul Esen\u021bei la Nivel Spiritual: <\/em><\/strong>Oamenii deschi\u0219i \u0219i receptivi se simt adesea \u00eempov\u0103ra\u021bi de vibra\u021biile negative. \u00cen situa\u021biile \u00een care o persoan\u0103 este chiar mai deschis\u0103 dec\u00e2t \u00een timpul orelor de veghe: \u00een medita\u021bie sau \u00een timpul somnului, exist\u0103 riscul s\u0103 absoarb\u0103 vibra\u021biile acestea mult mai puternic. Intensific\u0103 aura noastr\u0103 \u0219i a\u0219a devine o armur\u0103 de protec\u021bie \u00een orice situa\u021bie.<\/p>\n<p><strong><em>Afirma\u021bia: <\/em><\/strong>Am protec\u021bie total\u0103 \u0219i asta \u00eemi permite s\u0103 scap de orice influen\u021b\u0103 negativ\u0103. <strong><em>Caracteristic\u0103 Special\u0103: <\/em><\/strong>Esen\u021ba este un ingredient \u00een Spray-ul pentru aur\u0103<\/p>\n","protected":false},"excerpt":{"rendered":"<p>(Achillea millefolium) Aceast\u0103 plant\u0103 este cunoscut\u0103 de milenii \u0219i poate fi g\u0103sit\u0103 \u00een paji\u0219ti \u0219i pe marginea drumurilor. Cre\u0219te \u00een Europa, America de nord \u0219i \u00een Australia. Coada \u0218oricelului Alb\u0103 este o plant\u0103 aromatic\u0103, care poate atinge \u00eentre 60 &#8211; 80 cm \u00een\u0103l\u021bime. Florile sale albe \u00eenfloresc ca o umbrel\u0103, \u00eentre lunile mai \u0219i octombrie. &hellip; <a href=\"https:\/\/esentevibrationale.com\/?product=white-yarrow-coada-soricelului-alba\" class=\"more-link\">Continu\u0103 lectura <span class=\"screen-reader-text\">15.) White Yarrow \/ Coada \u015eoricelului Alb\u0103<\/span> <span class=\"meta-nav\">&rarr;<\/span><\/a><\/p>\n","protected":false},"featured_media":13155,"template":"","meta":[],"product_brand":[],"product_cat":[45],"product_tag":[],"class_list":{"0":"post-1582","1":"product","2":"type-product","3":"status-publish","4":"has-post-thumbnail","6":"product_cat-esente-de-flori-salbatice","7":"pa_size-15ml","8":"pa_size-30ml","10":"first","11":"instock","12":"shipping-taxable","13":"purchasable","14":"product-type-variable","15":"has-default-attributes"},"_links":{"self":[{"href":"https:\/\/esentevibrationale.com\/index.php?rest_route=\/wp\/v2\/product\/1582","targetHints":{"allow":["GET"]}}],"collection":[{"href":"https:\/\/esentevibrationale.com\/index.php?rest_route=\/wp\/v2\/product"}],"about":[{"href":"https:\/\/esentevibrationale.com\/index.php?rest_route=\/wp\/v2\/types\/product"}],"wp:featuredmedia":[{"embeddable":true,"href":"https:\/\/esentevibrationale.com\/index.php?rest_route=\/wp\/v2\/media\/13155"}],"wp:attachment":[{"href":"https:\/\/esentevibrationale.com\/index.php?rest_route=%2Fwp%2Fv2%2Fmedia&parent=1582"}],"wp:term":[{"taxonomy":"product_brand","embeddable":true,"href":"https:\/\/esentevibrationale.com\/index.php?rest_route=%2Fwp%2Fv2%2Fproduct_brand&post=1582"},{"taxonomy":"product_cat","embeddable":true,"href":"https:\/\/esentevibrationale.com\/index.php?rest_route=%2Fwp%2Fv2%2Fproduct_cat&post=1582"},{"taxonomy":"product_tag","embeddable":true,"href":"https:\/\/esentevibrationale.com\/index.php?rest_route=%2Fwp%2Fv2%2Fproduct_tag&post=1582"}],"curies":[{"name":"wp","href":"https:\/\/api.w.org\/{rel}","templated":true}]}}