{"id":1616,"date":"2018-11-14T13:47:46","date_gmt":"2018-11-14T12:47:46","guid":{"rendered":"https:\/\/phiessences.com\/Romania\/?post_type=product&#038;p=1616"},"modified":"2025-12-31T12:11:19","modified_gmt":"2025-12-31T10:11:19","slug":"calla-lily-cala","status":"publish","type":"product","link":"https:\/\/esentevibrationale.com\/?product=calla-lily-cala","title":{"rendered":"23.) Calla Lily \/ Cal\u0103"},"content":{"rendered":"<p><strong>(Zantedeschia aethiopica) <\/strong><\/p>\n<p><em>Forma caracteristic\u0103 a frunzelor \u0219i florilor acestei plante o face foarte recognoscibil\u0103. Florile sale au forma unei cupe \u0219i \u00een s\u0103lb\u0103ticie au culoarea alb sau galben. \u00cen centru se poate vedea o stamin\u0103 galben\u0103 inconfundabil\u0103. Frunzele sale sunt mari \u00een form\u0103 de s\u0103geat\u0103. Aceast\u0103 plant\u0103 a fost descoperit\u0103 \u00een Capul Bunei Speran\u021be, unde se g\u0103se\u0219te pretutindeni, am putea spune c\u0103 cre\u0219te ca buruiana. Din numele s\u0103u latin, putem deduce c\u0103 \u00ee\u0219i are originea \u00een Etiopia. Aceast\u0103 erbacee de 70 &#8211; 100 cm \u00een\u0103l\u021bime, prefer\u0103 zonele umede.<\/em><\/p>\n<p><strong><em>Efectul Esen\u021bei: <\/em><\/strong>Esen\u021ba Calei ne ajut\u0103 s\u0103 echilibr\u0103m energiile Yin \u0219i Yang \u00een Prima Chakr\u0103 \u0219i a doua Chakr\u0103. Se realizeaz\u0103 un echilibru \u00eentre energia activ\u0103 \u0219i cea receptoare.<\/p>\n<p><strong><em>Efectul Esen\u021bei la Nivel Fizic: <\/em><\/strong>Esen\u021ba Calei este de ajutor atunci c\u00e2nd exist\u0103 o dilem\u0103 despre identitatea sexual\u0103. \u00cen aceea\u0219i mani- er\u0103 \u00een care planta une\u0219te poten\u021bialul nostru feminin \u0219i masculin, prin sprijinul s\u0103u la nivel energetic, la fel noi vom \u00eenv\u0103\u021ba cum s\u0103 ne accept\u0103m p\u0103r\u021bile proprii, at\u00e2t pe cea masculin\u0103 c\u00e2t \u0219i pe cea feminin\u0103 \u0219i s\u0103 ne accept\u0103m propria sexualitate.<\/p>\n<p><strong><em>Efectul Esen\u021bei la Nivel Emo\u021bional: <\/em><\/strong>Sexualitatea nesatisf\u0103cut\u0103 sau \u00eentreb\u0103ri despre identitatea sexual\u0103 sunt situa\u021bii care vin cu o imens\u0103 \u00eenc\u0103rc\u0103tur\u0103 emo\u021bional\u0103. \u00cen aceste cazuri, esen\u021ba Calei ne ajut\u0103 s\u0103 ne reg\u0103sim \u0219i s\u0103 ne echilibr\u0103m emo\u021biile.<\/p>\n<p><strong><em>Efectul Esen\u021bei la Nivel Mental: <\/em><\/strong>Aceast\u0103 esen\u021b\u0103 ne sprijin\u0103 s\u0103 ne clarificam identitatea sexual\u0103. Acest lucru \u00eenseamn\u0103 c\u0103 putem rupe structurile mentale impuse, care ne leag\u0103 de o sexualitate nedorit\u0103.<\/p>\n<p><strong><em>Efectul Esen\u021bei la Nivel Spiritual: <\/em><\/strong>Cu aceast\u0103 esen\u021b\u0103 putem compensa energia Chakrelor Prima \u0219i a-2-a \u0219i vom putea sim\u021bi energia activ\u0103 a P\u0103m\u00e2ntului \u0219i o vom pune \u00een leg\u0103tur\u0103 cu fluxul sentimentelor noastre.<\/p>\n<p><strong><em>Afirma\u021bia<\/em><\/strong>: \u00cemi recunosc sexualitatea \u0219i m\u0103 accept a\u0219a cum sunt.<\/p>\n","protected":false},"excerpt":{"rendered":"<p>(Zantedeschia aethiopica) Forma caracteristic\u0103 a frunzelor \u0219i florilor acestei plante o face foarte recognoscibil\u0103. Florile sale au forma unei cupe \u0219i \u00een s\u0103lb\u0103ticie au culoarea alb sau galben. \u00cen centru se poate vedea o stamin\u0103 galben\u0103 inconfundabil\u0103. Frunzele sale sunt mari \u00een form\u0103 de s\u0103geat\u0103. Aceast\u0103 plant\u0103 a fost descoperit\u0103 \u00een Capul Bunei Speran\u021be, unde &hellip; <a href=\"https:\/\/esentevibrationale.com\/?product=calla-lily-cala\" class=\"more-link\">Continu\u0103 lectura <span class=\"screen-reader-text\">23.) Calla Lily \/ Cal\u0103<\/span> <span class=\"meta-nav\">&rarr;<\/span><\/a><\/p>\n","protected":false},"featured_media":1619,"template":"","meta":[],"product_brand":[],"product_cat":[45],"product_tag":[],"class_list":{"0":"post-1616","1":"product","2":"type-product","3":"status-publish","4":"has-post-thumbnail","6":"product_cat-esente-de-flori-salbatice","7":"pa_size-15ml","8":"pa_size-30ml","10":"first","11":"instock","12":"shipping-taxable","13":"purchasable","14":"product-type-variable","15":"has-default-attributes"},"_links":{"self":[{"href":"https:\/\/esentevibrationale.com\/index.php?rest_route=\/wp\/v2\/product\/1616","targetHints":{"allow":["GET"]}}],"collection":[{"href":"https:\/\/esentevibrationale.com\/index.php?rest_route=\/wp\/v2\/product"}],"about":[{"href":"https:\/\/esentevibrationale.com\/index.php?rest_route=\/wp\/v2\/types\/product"}],"wp:featuredmedia":[{"embeddable":true,"href":"https:\/\/esentevibrationale.com\/index.php?rest_route=\/wp\/v2\/media\/1619"}],"wp:attachment":[{"href":"https:\/\/esentevibrationale.com\/index.php?rest_route=%2Fwp%2Fv2%2Fmedia&parent=1616"}],"wp:term":[{"taxonomy":"product_brand","embeddable":true,"href":"https:\/\/esentevibrationale.com\/index.php?rest_route=%2Fwp%2Fv2%2Fproduct_brand&post=1616"},{"taxonomy":"product_cat","embeddable":true,"href":"https:\/\/esentevibrationale.com\/index.php?rest_route=%2Fwp%2Fv2%2Fproduct_cat&post=1616"},{"taxonomy":"product_tag","embeddable":true,"href":"https:\/\/esentevibrationale.com\/index.php?rest_route=%2Fwp%2Fv2%2Fproduct_tag&post=1616"}],"curies":[{"name":"wp","href":"https:\/\/api.w.org\/{rel}","templated":true}]}}