{"id":1660,"date":"2018-11-14T15:05:45","date_gmt":"2018-11-14T14:05:45","guid":{"rendered":"https:\/\/phiessences.com\/Romania\/?post_type=product&#038;p=1660"},"modified":"2025-12-31T12:26:45","modified_gmt":"2025-12-31T10:26:45","slug":"morning-glory-zorea","status":"publish","type":"product","link":"https:\/\/esentevibrationale.com\/?product=morning-glory-zorea","title":{"rendered":"34.) Morning Glory \/ Zorea"},"content":{"rendered":"<p><strong>(lpomoea purpurea) <\/strong><\/p>\n<p><em>Venind din p\u0103durile tropicale aceast\u0103 plant\u0103 s-a extins \u00een \u00eentreaga lume \u00een zonele temperate \u0219i fierbin\u021bi. Este o plant\u0103 popular\u0103 \u00een gr\u0103dinile noastre. Florilor se deschid ca o p\u00e2lnie \u0219i ne fascineaz\u0103 prin culorile lor intense de la albastru deschis la tonuri de violet. Perioada de \u00eenflorire se \u00eentinde din prim\u0103var\u0103 p\u00e2n\u0103 \u00een toamn\u0103.<\/em><\/p>\n<p><strong><em>Efectul Esen\u021bei: <\/em><\/strong>Esen\u021ba Zorelei ne face con\u0219tien\u021bi de dependen\u021ba noastr\u0103, ne permite s\u0103 renun\u021b\u0103m la idoli fal\u0219i. Ne sus\u021bine \u00een procesele de eliberare \u0219i dezvoltare, \u00een timp ce, ne ajut\u0103 s\u0103 ne dezvolt\u0103m propria creativitate.<\/p>\n<p><strong><em>Efectul Esen\u021bei la Nivel Fizic: <\/em><\/strong>Esen\u021ba Zorelei ne ajut\u0103 s\u0103 devenim con\u0219tien\u021bi de obiceiurile noaste negative. Individul va observa tendin\u021bele sale auto-distructive \u0219i apoi exist\u0103 posibilitatea de a se deta\u0219a de ele. Esen\u021ba sus\u021bine energetic simptomelor psihologice \u0219i de nelini\u0219te. Ne aduce o energie nou\u0103, care ne sprijin\u0103 cur\u0103\u021barea vie\u021bii, \u00een timp ce favorizeaz\u0103 \u0219i cur\u0103\u021barea organismului.<\/p>\n<p><strong><em>Efectul Esen\u021bei la Nivel Emo\u021bional: <\/em><\/strong>\u00cen special, esen\u021ba este recomandat\u0103 persoanelor care sunt \u00een permanent\u0103 agita\u021bie, extrem de nervoase, nelini\u0219tite, nedormite, au o stare de spirit fluctuant\u0103 foarte puternic de la mare la mic. Totodat\u0103, apar obiceiuri nervoase, cum ar fi: rosul unghiilor, scr\u00e2\u0219nitul din\u021bilor \u0219i obiceiuri de dependen\u021be. Esen\u021ba ne scoate din tensiunea constant ridicat\u0103 \u0219i energetic completeaz\u0103 disfunc\u021bionalitatea. Astfel, via\u021ba noastr\u0103 pare mai str\u0103lucitoare, sim\u021bim vitalitatea schimb\u0103rii, ne putem elibera de dependen\u021be \u0219i avem mai mult\u0103 prospe\u021bime \u0219i rezisten\u021b\u0103 pentru evenimente- le de zi cu zi.<\/p>\n<p><strong><em>Efectul Esen\u021bei la Nivel Mental: <\/em><\/strong>Toate schimb\u0103rile \u00eencep \u00een mine \u0219i aici esen\u021ba ac\u021bioneaz\u0103 cu for\u021ba sa de cur\u0103\u021bare. \u00cen primul r\u00e2nd promoveaz\u0103 idei noi, c\u0103 nu ne mai dorim s\u0103 continu\u0103m a\u0219a, apoi urmeaz\u0103 cunoa\u0219terea a ceea ce poate fi schimbat \u0219i \u00een final, urmeaz\u0103 reproiectarea mental\u0103 a vie\u021bii, urmat\u0103 de o ac\u021biune activ\u0103. Astfel, suntem feri\u021bi de apari\u021biile extreme \u0219i de opiniile altora \u0219i acum dezvolt\u0103m adev\u0103ratul &#8222;Eu&#8221;.<\/p>\n<p><strong><em>Efectul Esen\u021bei la Nivel Spiritual: <\/em><\/strong>Prin intermediul esen\u021bei vedem o imagine de ansamblu asupra vie\u021bii noastre \u0219i astfel, avem oportunitatea s\u0103 ne cur\u0103\u021b\u0103m bine. Ne conect\u0103m cu p\u0103r\u021bi ale fiin\u021bei noastre, pe care le-am suprimat de mult \u0219i acum vrem s\u0103 le dezvolt\u0103m. Cu esen\u021b\u0103 putem avea unui nou \u00eenceput.<\/p>\n<p><strong><em>Afirma\u021bia: <\/em><\/strong>\u00cemi afi\u0219ez creativitatea.<\/p>\n","protected":false},"excerpt":{"rendered":"<p>(lpomoea purpurea) Venind din p\u0103durile tropicale aceast\u0103 plant\u0103 s-a extins \u00een \u00eentreaga lume \u00een zonele temperate \u0219i fierbin\u021bi. Este o plant\u0103 popular\u0103 \u00een gr\u0103dinile noastre. Florilor se deschid ca o p\u00e2lnie \u0219i ne fascineaz\u0103 prin culorile lor intense de la albastru deschis la tonuri de violet. Perioada de \u00eenflorire se \u00eentinde din prim\u0103var\u0103 p\u00e2n\u0103 \u00een &hellip; <a href=\"https:\/\/esentevibrationale.com\/?product=morning-glory-zorea\" class=\"more-link\">Continu\u0103 lectura <span class=\"screen-reader-text\">34.) Morning Glory \/ Zorea<\/span> <span class=\"meta-nav\">&rarr;<\/span><\/a><\/p>\n","protected":false},"featured_media":1663,"template":"","meta":[],"product_brand":[],"product_cat":[45],"product_tag":[],"class_list":{"0":"post-1660","1":"product","2":"type-product","3":"status-publish","4":"has-post-thumbnail","6":"product_cat-esente-de-flori-salbatice","7":"pa_size-15ml","8":"pa_size-30ml","10":"first","11":"instock","12":"shipping-taxable","13":"purchasable","14":"product-type-variable","15":"has-default-attributes"},"_links":{"self":[{"href":"https:\/\/esentevibrationale.com\/index.php?rest_route=\/wp\/v2\/product\/1660","targetHints":{"allow":["GET"]}}],"collection":[{"href":"https:\/\/esentevibrationale.com\/index.php?rest_route=\/wp\/v2\/product"}],"about":[{"href":"https:\/\/esentevibrationale.com\/index.php?rest_route=\/wp\/v2\/types\/product"}],"wp:featuredmedia":[{"embeddable":true,"href":"https:\/\/esentevibrationale.com\/index.php?rest_route=\/wp\/v2\/media\/1663"}],"wp:attachment":[{"href":"https:\/\/esentevibrationale.com\/index.php?rest_route=%2Fwp%2Fv2%2Fmedia&parent=1660"}],"wp:term":[{"taxonomy":"product_brand","embeddable":true,"href":"https:\/\/esentevibrationale.com\/index.php?rest_route=%2Fwp%2Fv2%2Fproduct_brand&post=1660"},{"taxonomy":"product_cat","embeddable":true,"href":"https:\/\/esentevibrationale.com\/index.php?rest_route=%2Fwp%2Fv2%2Fproduct_cat&post=1660"},{"taxonomy":"product_tag","embeddable":true,"href":"https:\/\/esentevibrationale.com\/index.php?rest_route=%2Fwp%2Fv2%2Fproduct_tag&post=1660"}],"curies":[{"name":"wp","href":"https:\/\/api.w.org\/{rel}","templated":true}]}}