{"id":1664,"date":"2018-11-14T15:09:14","date_gmt":"2018-11-14T14:09:14","guid":{"rendered":"https:\/\/phiessences.com\/Romania\/?post_type=product&#038;p=1664"},"modified":"2025-12-31T12:28:00","modified_gmt":"2025-12-31T10:28:00","slug":"pink-yarrow-coada-soricelului-roz","status":"publish","type":"product","link":"https:\/\/esentevibrationale.com\/?product=pink-yarrow-coada-soricelului-roz","title":{"rendered":"35.) Pink Yarrow \/ Coada \u015eoricelului Roz"},"content":{"rendered":"<p><strong>(Achillea millefolium) <\/strong><\/p>\n<p><em>Plant\u0103 este cunoscut\u0103 de mii de ani \u0219i poate fi g\u0103sit\u0103 pe paji\u0219ti \u0219i la marginea drumurilor. Originile sale se g\u0103sesc \u00een Europa, America de Nord \u0219i Australia. Coada \u0218oricelului Roz este o plant\u0103 aromat\u0103 care atinge \u00eentre 60 &#8211; 80 cm \u00een\u0103l\u021bime. Capetele plate ale inflorescen\u021belor, alc\u0103tuite din multe flori albe sau roz, apar \u00eentre lunile mai \u0219i octombrie. Planta a fost venerat\u0103 pe scar\u0103 larg\u0103 \u00een trecut \u00een China. Sunt utilizate 50 de tulpini de Coada \u0218oricelului Roz \u00een oracolul chinezesc. Indienii o utilizeaz\u0103 \u00een ceremoniile de purificare.<\/em><\/p>\n<p><strong><em>Efectul Esen\u021bei: <\/em><\/strong>Esen\u021ba Cozii \u0218oricelului Roz ne ajut\u0103 s\u0103 fim independen\u021bi de sentimentele celorlal\u021bi \u0219i s\u0103 ne \u00eengrijor\u0103m mai pu\u021bin c\u00e2nd facem ceva pentru ei. Ne \u00eembun\u0103t\u0103\u021be\u0219te protec\u021bia la nivelul inimii \u0219i al sentimentelor.<\/p>\n<p><strong><em>Efectul Esen\u021bei la Nivel Fizic: <\/em><\/strong>Cei care &#8222;prind&#8221; toate bolile posibile, li se poate consolida sistemul energetic cu esen\u021ba Cozii \u0218oricelului Roz \u0219i vor experimenta vitalitate holistic\u0103 \u0219i vor fi proteja\u021bi \u00eempotriva posibilelor atacuri exterioare.<\/p>\n<p><strong><em>Efectul Esen\u021bei la Nivel Emo\u021bional: <\/em><\/strong>Esen\u021ba de Coada \u0218oricelului Roz este o plant\u0103 tipic\u0103 de protec\u021bie, cu un efect intens asupra nivelului emo\u021bional. Cum ar fi un ecran, ne protejeaz\u0103 de influen\u021bele nocive. Esen\u021b\u0103 este indicat\u0103 copiilor \u00een (cre\u0219e, gr\u0103dini\u021be) \u0219i poate fi folosit\u0103 \u00een momentele de transformare (sarcin\u0103, separare, mutare). Terapeu\u021bii, care au tendin\u021ba de a \u00eembr\u0103\u021bi\u0219a problemele pacien\u021bilor, g\u0103sesc \u00een esen\u021b\u0103 protec\u021bie.<\/p>\n<p><strong><em>Efectul Esen\u021bei la Nivel Mental: <\/em><\/strong>C\u00e2nd ne sunt influen\u021bate opiniile \u0219i p\u0103rerile proprii de afirma\u021biile \u0219i opiniile celorlal\u021bi esen\u021ba ne va ajuta s\u0103 ne g\u0103sim echilibrul. Astfel, vom putea s\u0103 ne dezvolt\u0103m g\u00e2ndurile noastre \u0219i nu vom mai fi influen\u021ba\u021bi a\u0219a u\u0219or de sentimentele celorlal\u021bi. Esen\u021ba este foarte recomandat\u0103 ca protec\u021bie energetic\u0103 \u00een slujbele unde sunt c\u00e2mpuri electromagnetice ale calculatoarelor sau altor dispozitive electronice. Singurul lucru de f\u0103cut este s\u0103 punem o sticl\u0103 cu esen\u021ba \u00een fa\u021ba calculatorului sau a dispozitivului respectiv \u0219i va crea un c\u00e2mp de energie pozitiv\u0103 \u00een jurul s\u0103u. \u00cen plus, anomaliile ca: lipsa de concentrare sau tulbur\u0103rile de memorie care \u00ee\u0219i au originea \u00een fluxurile electromagnetice, se vor ameliora.<\/p>\n<p><strong><em>Efectul Esen\u021bei la Nivel Spiritual: <\/em><\/strong>\u00cen situa\u021biile \u00een care suntem extrem de receptivi la influen\u021ba vibra\u021biilor negative vom primi prin aceast\u0103 esen\u021b\u0103 o protec\u021bie complet\u0103. Putem dispersa energia exterioar\u0103 care ne d\u0103uneaz\u0103, duc\u00e2nd la o regenerarea corpului, min\u021bii \u0219i sufletului.<\/p>\n<p><strong><em>Afirma\u021bia: <\/em><\/strong>Inundate de energie, corpul, mintea \u0219i sufletul meu se vor regenera.<\/p>\n","protected":false},"excerpt":{"rendered":"<p>(Achillea millefolium) Plant\u0103 este cunoscut\u0103 de mii de ani \u0219i poate fi g\u0103sit\u0103 pe paji\u0219ti \u0219i la marginea drumurilor. Originile sale se g\u0103sesc \u00een Europa, America de Nord \u0219i Australia. Coada \u0218oricelului Roz este o plant\u0103 aromat\u0103 care atinge \u00eentre 60 &#8211; 80 cm \u00een\u0103l\u021bime. Capetele plate ale inflorescen\u021belor, alc\u0103tuite din multe flori albe sau &hellip; <a href=\"https:\/\/esentevibrationale.com\/?product=pink-yarrow-coada-soricelului-roz\" class=\"more-link\">Continu\u0103 lectura <span class=\"screen-reader-text\">35.) Pink Yarrow \/ Coada \u015eoricelului Roz<\/span> <span class=\"meta-nav\">&rarr;<\/span><\/a><\/p>\n","protected":false},"featured_media":13167,"template":"","meta":[],"product_brand":[],"product_cat":[45],"product_tag":[],"class_list":{"0":"post-1664","1":"product","2":"type-product","3":"status-publish","4":"has-post-thumbnail","6":"product_cat-esente-de-flori-salbatice","7":"pa_size-15ml","8":"pa_size-30ml","10":"first","11":"instock","12":"shipping-taxable","13":"purchasable","14":"product-type-variable","15":"has-default-attributes"},"_links":{"self":[{"href":"https:\/\/esentevibrationale.com\/index.php?rest_route=\/wp\/v2\/product\/1664","targetHints":{"allow":["GET"]}}],"collection":[{"href":"https:\/\/esentevibrationale.com\/index.php?rest_route=\/wp\/v2\/product"}],"about":[{"href":"https:\/\/esentevibrationale.com\/index.php?rest_route=\/wp\/v2\/types\/product"}],"wp:featuredmedia":[{"embeddable":true,"href":"https:\/\/esentevibrationale.com\/index.php?rest_route=\/wp\/v2\/media\/13167"}],"wp:attachment":[{"href":"https:\/\/esentevibrationale.com\/index.php?rest_route=%2Fwp%2Fv2%2Fmedia&parent=1664"}],"wp:term":[{"taxonomy":"product_brand","embeddable":true,"href":"https:\/\/esentevibrationale.com\/index.php?rest_route=%2Fwp%2Fv2%2Fproduct_brand&post=1664"},{"taxonomy":"product_cat","embeddable":true,"href":"https:\/\/esentevibrationale.com\/index.php?rest_route=%2Fwp%2Fv2%2Fproduct_cat&post=1664"},{"taxonomy":"product_tag","embeddable":true,"href":"https:\/\/esentevibrationale.com\/index.php?rest_route=%2Fwp%2Fv2%2Fproduct_tag&post=1664"}],"curies":[{"name":"wp","href":"https:\/\/api.w.org\/{rel}","templated":true}]}}