{"id":1691,"date":"2018-11-16T12:15:02","date_gmt":"2018-11-16T11:15:02","guid":{"rendered":"https:\/\/phiessences.com\/Romania\/?post_type=product&#038;p=1691"},"modified":"2026-01-08T14:00:17","modified_gmt":"2026-01-08T12:00:17","slug":"horse-tail-coada-calului","status":"publish","type":"product","link":"https:\/\/esentevibrationale.com\/?product=horse-tail-coada-calului","title":{"rendered":"Horse Tail \/ Coada Calului"},"content":{"rendered":"<p><strong>(Equisetum arvense) <\/strong><\/p>\n<p>Regenereaz\u0103 Chakra inimii \u015fi ne permite s\u0103 persever\u0103m \u00een fa\u0163a obstacolelor. Ne strijin\u0103 s\u0103 ne vedem pe noi \u00een\u015fine \u015fi pe al\u0163ii mai sincer, astfel putem ac\u0163iona \u00een mod corespunz\u0103tor \u015fi s\u0103 nu fim orbi\u0163i de ego.<\/p>\n","protected":false},"excerpt":{"rendered":"<p>(Equisetum arvense) Regenereaz\u0103 Chakra inimii \u015fi ne permite s\u0103 persever\u0103m \u00een fa\u0163a obstacolelor. Ne strijin\u0103 s\u0103 ne vedem pe noi \u00een\u015fine \u015fi pe al\u0163ii mai sincer, astfel putem ac\u0163iona \u00een mod corespunz\u0103tor \u015fi s\u0103 nu fim orbi\u0163i de ego.<\/p>\n","protected":false},"featured_media":1694,"template":"","meta":[],"product_brand":[],"product_cat":[46],"product_tag":[],"class_list":{"0":"post-1691","1":"product","2":"type-product","3":"status-publish","4":"has-post-thumbnail","6":"product_cat-esente-de-alte-flori-salbatice","7":"pa_size-15ml","8":"pa_size-30ml","10":"first","11":"instock","12":"shipping-taxable","13":"purchasable","14":"product-type-variable","15":"has-default-attributes"},"_links":{"self":[{"href":"https:\/\/esentevibrationale.com\/index.php?rest_route=\/wp\/v2\/product\/1691","targetHints":{"allow":["GET"]}}],"collection":[{"href":"https:\/\/esentevibrationale.com\/index.php?rest_route=\/wp\/v2\/product"}],"about":[{"href":"https:\/\/esentevibrationale.com\/index.php?rest_route=\/wp\/v2\/types\/product"}],"wp:featuredmedia":[{"embeddable":true,"href":"https:\/\/esentevibrationale.com\/index.php?rest_route=\/wp\/v2\/media\/1694"}],"wp:attachment":[{"href":"https:\/\/esentevibrationale.com\/index.php?rest_route=%2Fwp%2Fv2%2Fmedia&parent=1691"}],"wp:term":[{"taxonomy":"product_brand","embeddable":true,"href":"https:\/\/esentevibrationale.com\/index.php?rest_route=%2Fwp%2Fv2%2Fproduct_brand&post=1691"},{"taxonomy":"product_cat","embeddable":true,"href":"https:\/\/esentevibrationale.com\/index.php?rest_route=%2Fwp%2Fv2%2Fproduct_cat&post=1691"},{"taxonomy":"product_tag","embeddable":true,"href":"https:\/\/esentevibrationale.com\/index.php?rest_route=%2Fwp%2Fv2%2Fproduct_tag&post=1691"}],"curies":[{"name":"wp","href":"https:\/\/api.w.org\/{rel}","templated":true}]}}