{"id":1704,"date":"2018-11-16T12:45:25","date_gmt":"2018-11-16T11:45:25","guid":{"rendered":"https:\/\/phiessences.com\/Romania\/?post_type=product&#038;p=1704"},"modified":"2026-01-08T14:06:50","modified_gmt":"2026-01-08T12:06:50","slug":"nettle-urzica","status":"publish","type":"product","link":"https:\/\/esentevibrationale.com\/?product=nettle-urzica","title":{"rendered":"Nettle \/ Urzic\u0103"},"content":{"rendered":"<p><strong>(Urtica dioica) <\/strong><\/p>\n<p>\u00cen cadrul unui grup diminueaz\u0103 conflictele. Ajut\u0103 persoanele care locuiesc sau lucreaz\u0103 \u00eempreun\u0103, s\u0103 prezente puncte de vedere diferite f\u0103r\u0103 a provoca resentimente.<\/p>\n","protected":false},"excerpt":{"rendered":"<p>(Urtica dioica) \u00cen cadrul unui grup diminueaz\u0103 conflictele. Ajut\u0103 persoanele care locuiesc sau lucreaz\u0103 \u00eempreun\u0103, s\u0103 prezente puncte de vedere diferite f\u0103r\u0103 a provoca resentimente.<\/p>\n","protected":false},"featured_media":1707,"template":"","meta":[],"product_brand":[],"product_cat":[46],"product_tag":[],"class_list":{"0":"post-1704","1":"product","2":"type-product","3":"status-publish","4":"has-post-thumbnail","6":"product_cat-esente-de-alte-flori-salbatice","7":"pa_size-15ml","8":"pa_size-30ml","10":"first","11":"instock","12":"shipping-taxable","13":"purchasable","14":"product-type-variable","15":"has-default-attributes"},"_links":{"self":[{"href":"https:\/\/esentevibrationale.com\/index.php?rest_route=\/wp\/v2\/product\/1704","targetHints":{"allow":["GET"]}}],"collection":[{"href":"https:\/\/esentevibrationale.com\/index.php?rest_route=\/wp\/v2\/product"}],"about":[{"href":"https:\/\/esentevibrationale.com\/index.php?rest_route=\/wp\/v2\/types\/product"}],"wp:featuredmedia":[{"embeddable":true,"href":"https:\/\/esentevibrationale.com\/index.php?rest_route=\/wp\/v2\/media\/1707"}],"wp:attachment":[{"href":"https:\/\/esentevibrationale.com\/index.php?rest_route=%2Fwp%2Fv2%2Fmedia&parent=1704"}],"wp:term":[{"taxonomy":"product_brand","embeddable":true,"href":"https:\/\/esentevibrationale.com\/index.php?rest_route=%2Fwp%2Fv2%2Fproduct_brand&post=1704"},{"taxonomy":"product_cat","embeddable":true,"href":"https:\/\/esentevibrationale.com\/index.php?rest_route=%2Fwp%2Fv2%2Fproduct_cat&post=1704"},{"taxonomy":"product_tag","embeddable":true,"href":"https:\/\/esentevibrationale.com\/index.php?rest_route=%2Fwp%2Fv2%2Fproduct_tag&post=1704"}],"curies":[{"name":"wp","href":"https:\/\/api.w.org\/{rel}","templated":true}]}}