{"id":1816,"date":"2018-11-19T09:55:49","date_gmt":"2018-11-19T08:55:49","guid":{"rendered":"https:\/\/phiessences.com\/Romania\/?post_type=product&#038;p=1816"},"modified":"2026-01-02T15:47:41","modified_gmt":"2026-01-02T13:47:41","slug":"dragonfly-libelula","status":"publish","type":"product","link":"https:\/\/esentevibrationale.com\/?product=dragonfly-libelula","title":{"rendered":"Dragonfly \/ Libelula"},"content":{"rendered":"<p><strong>(Odonata)<\/strong><\/p>\n<p>Reconecteaz\u0103 mintea noastr\u0103 \u015fi emo\u0163iile noastre, astfel \u00eenc\u00e2t ne vom ridica din mla\u015ftina sentimentelor negative sau reprimate, cu un sens nou de scop \u015fi o nou\u0103 energie. O esen\u0163\u0103 puternic\u01ce pentru aceste modific\u0103ri importante care urmeaz\u0103 \u00een via\u0163a, la fel cum libelula reprezint\u0103 auto-transformarea. Gole\u015fte mintea noastr\u0103 \u015fi ne d\u0103m seama ce trebuie s\u0103 facem, chiar acum, astfel \u00eenc\u00e2t s\u0103 putem merge mai departe.<\/p>\n","protected":false},"excerpt":{"rendered":"<p>(Odonata) Reconecteaz\u0103 mintea noastr\u0103 \u015fi emo\u0163iile noastre, astfel \u00eenc\u00e2t ne vom ridica din mla\u015ftina sentimentelor negative sau reprimate, cu un sens nou de scop \u015fi o nou\u0103 energie. O esen\u0163\u0103 puternic\u01ce pentru aceste modific\u0103ri importante care urmeaz\u0103 \u00een via\u0163a, la fel cum libelula reprezint\u0103 auto-transformarea. Gole\u015fte mintea noastr\u0103 \u015fi ne d\u0103m seama ce trebuie s\u0103 &hellip; <a href=\"https:\/\/esentevibrationale.com\/?product=dragonfly-libelula\" class=\"more-link\">Continu\u0103 lectura <span class=\"screen-reader-text\">Dragonfly \/ Libelula<\/span> <span class=\"meta-nav\">&rarr;<\/span><\/a><\/p>\n","protected":false},"featured_media":1819,"template":"","meta":[],"product_brand":[],"product_cat":[48],"product_tag":[],"class_list":{"0":"post-1816","1":"product","2":"type-product","3":"status-publish","4":"has-post-thumbnail","6":"product_cat-esente-de-animale-europene","7":"pa_size-15ml","8":"pa_size-30ml","10":"first","11":"instock","12":"shipping-taxable","13":"purchasable","14":"product-type-variable","15":"has-default-attributes"},"_links":{"self":[{"href":"https:\/\/esentevibrationale.com\/index.php?rest_route=\/wp\/v2\/product\/1816","targetHints":{"allow":["GET"]}}],"collection":[{"href":"https:\/\/esentevibrationale.com\/index.php?rest_route=\/wp\/v2\/product"}],"about":[{"href":"https:\/\/esentevibrationale.com\/index.php?rest_route=\/wp\/v2\/types\/product"}],"wp:featuredmedia":[{"embeddable":true,"href":"https:\/\/esentevibrationale.com\/index.php?rest_route=\/wp\/v2\/media\/1819"}],"wp:attachment":[{"href":"https:\/\/esentevibrationale.com\/index.php?rest_route=%2Fwp%2Fv2%2Fmedia&parent=1816"}],"wp:term":[{"taxonomy":"product_brand","embeddable":true,"href":"https:\/\/esentevibrationale.com\/index.php?rest_route=%2Fwp%2Fv2%2Fproduct_brand&post=1816"},{"taxonomy":"product_cat","embeddable":true,"href":"https:\/\/esentevibrationale.com\/index.php?rest_route=%2Fwp%2Fv2%2Fproduct_cat&post=1816"},{"taxonomy":"product_tag","embeddable":true,"href":"https:\/\/esentevibrationale.com\/index.php?rest_route=%2Fwp%2Fv2%2Fproduct_tag&post=1816"}],"curies":[{"name":"wp","href":"https:\/\/api.w.org\/{rel}","templated":true}]}}