{"id":1871,"date":"2018-11-19T11:17:55","date_gmt":"2018-11-19T10:17:55","guid":{"rendered":"https:\/\/phiessences.com\/Romania\/?post_type=product&#038;p=1871"},"modified":"2026-01-02T15:44:46","modified_gmt":"2026-01-02T13:44:46","slug":"bison-bizon","status":"publish","type":"product","link":"https:\/\/esentevibrationale.com\/?product=bison-bizon","title":{"rendered":"Bison \/ Bizon"},"content":{"rendered":"<p><strong>\u00a0(Bison bonasus) <\/strong><\/p>\n<p>Este o esen\u0163\u0103 puternic\u0103 care stimuleaz\u0103 \u00een\u0163elepciunea interioar\u0103. Ne ajut\u0103 s\u0103 integr\u0103m ceea ce am \u00eenv\u0103\u0163at p\u00e2n\u0103 acum, astfel \u00eenc\u00e2t s\u0103 ne putem planifica viitorul. Aceasta ne \u00eenva\u0163\u0103 c\u0103 este mai bine s\u0103 ac\u0163ion\u0103m cu pruden\u0163\u0103 \u015fi s\u0103 recunoa\u015ftem problemele care apar la orizont, mai degrab\u0103, dec\u00e2t s\u0103 ne arunc\u0103m cu capul \u00eenainte \u00een lucruri.<\/p>\n","protected":false},"excerpt":{"rendered":"<p>\u00a0(Bison bonasus) Este o esen\u0163\u0103 puternic\u0103 care stimuleaz\u0103 \u00een\u0163elepciunea interioar\u0103. Ne ajut\u0103 s\u0103 integr\u0103m ceea ce am \u00eenv\u0103\u0163at p\u00e2n\u0103 acum, astfel \u00eenc\u00e2t s\u0103 ne putem planifica viitorul. Aceasta ne \u00eenva\u0163\u0103 c\u0103 este mai bine s\u0103 ac\u0163ion\u0103m cu pruden\u0163\u0103 \u015fi s\u0103 recunoa\u015ftem problemele care apar la orizont, mai degrab\u0103, dec\u00e2t s\u0103 ne arunc\u0103m cu capul \u00eenainte &hellip; <a href=\"https:\/\/esentevibrationale.com\/?product=bison-bizon\" class=\"more-link\">Continu\u0103 lectura <span class=\"screen-reader-text\">Bison \/ Bizon<\/span> <span class=\"meta-nav\">&rarr;<\/span><\/a><\/p>\n","protected":false},"featured_media":1874,"template":"","meta":[],"product_brand":[],"product_cat":[48],"product_tag":[],"class_list":{"0":"post-1871","1":"product","2":"type-product","3":"status-publish","4":"has-post-thumbnail","6":"product_cat-esente-de-animale-europene","7":"pa_size-15ml","8":"pa_size-30ml","10":"first","11":"instock","12":"shipping-taxable","13":"purchasable","14":"product-type-variable","15":"has-default-attributes"},"_links":{"self":[{"href":"https:\/\/esentevibrationale.com\/index.php?rest_route=\/wp\/v2\/product\/1871","targetHints":{"allow":["GET"]}}],"collection":[{"href":"https:\/\/esentevibrationale.com\/index.php?rest_route=\/wp\/v2\/product"}],"about":[{"href":"https:\/\/esentevibrationale.com\/index.php?rest_route=\/wp\/v2\/types\/product"}],"wp:featuredmedia":[{"embeddable":true,"href":"https:\/\/esentevibrationale.com\/index.php?rest_route=\/wp\/v2\/media\/1874"}],"wp:attachment":[{"href":"https:\/\/esentevibrationale.com\/index.php?rest_route=%2Fwp%2Fv2%2Fmedia&parent=1871"}],"wp:term":[{"taxonomy":"product_brand","embeddable":true,"href":"https:\/\/esentevibrationale.com\/index.php?rest_route=%2Fwp%2Fv2%2Fproduct_brand&post=1871"},{"taxonomy":"product_cat","embeddable":true,"href":"https:\/\/esentevibrationale.com\/index.php?rest_route=%2Fwp%2Fv2%2Fproduct_cat&post=1871"},{"taxonomy":"product_tag","embeddable":true,"href":"https:\/\/esentevibrationale.com\/index.php?rest_route=%2Fwp%2Fv2%2Fproduct_tag&post=1871"}],"curies":[{"name":"wp","href":"https:\/\/api.w.org\/{rel}","templated":true}]}}