{"id":1885,"date":"2018-11-19T11:38:24","date_gmt":"2018-11-19T10:38:24","guid":{"rendered":"https:\/\/phiessences.com\/Romania\/?post_type=product&#038;p=1885"},"modified":"2026-01-02T15:40:39","modified_gmt":"2026-01-02T13:40:39","slug":"monkey-maimuta","status":"publish","type":"product","link":"https:\/\/esentevibrationale.com\/?product=monkey-maimuta","title":{"rendered":"Monkey \/ Maimu\u0163a"},"content":{"rendered":"<p><strong>(Ceropithecus aethiops) <\/strong><\/p>\n<p>\u00cei ajut\u0103 pe cei care nu au capacitatea de a se concentra sau se \u201c\u00eempotmolesc\u201d \u00een prea multe activit\u0103\u0163i. De asemenea, potrivit\u0103 pentru cei care au probleme \u00een grupuri, cei care nu \u00een\u0163eleg cu u\u015furin\u0163\u0103 regulile de comportament adecvate \u00een societate.<\/p>\n","protected":false},"excerpt":{"rendered":"<p>(Ceropithecus aethiops) \u00cei ajut\u0103 pe cei care nu au capacitatea de a se concentra sau se \u201c\u00eempotmolesc\u201d \u00een prea multe activit\u0103\u0163i. De asemenea, potrivit\u0103 pentru cei care au probleme \u00een grupuri, cei care nu \u00een\u0163eleg cu u\u015furin\u0163\u0103 regulile de comportament adecvate \u00een societate.<\/p>\n","protected":false},"featured_media":1888,"template":"","meta":[],"product_brand":[],"product_cat":[49],"product_tag":[],"class_list":{"0":"post-1885","1":"product","2":"type-product","3":"status-publish","4":"has-post-thumbnail","6":"product_cat-esente-de-animale-africane","7":"pa_size-15ml","8":"pa_size-30ml","10":"first","11":"instock","12":"shipping-taxable","13":"purchasable","14":"product-type-variable","15":"has-default-attributes"},"_links":{"self":[{"href":"https:\/\/esentevibrationale.com\/index.php?rest_route=\/wp\/v2\/product\/1885","targetHints":{"allow":["GET"]}}],"collection":[{"href":"https:\/\/esentevibrationale.com\/index.php?rest_route=\/wp\/v2\/product"}],"about":[{"href":"https:\/\/esentevibrationale.com\/index.php?rest_route=\/wp\/v2\/types\/product"}],"wp:featuredmedia":[{"embeddable":true,"href":"https:\/\/esentevibrationale.com\/index.php?rest_route=\/wp\/v2\/media\/1888"}],"wp:attachment":[{"href":"https:\/\/esentevibrationale.com\/index.php?rest_route=%2Fwp%2Fv2%2Fmedia&parent=1885"}],"wp:term":[{"taxonomy":"product_brand","embeddable":true,"href":"https:\/\/esentevibrationale.com\/index.php?rest_route=%2Fwp%2Fv2%2Fproduct_brand&post=1885"},{"taxonomy":"product_cat","embeddable":true,"href":"https:\/\/esentevibrationale.com\/index.php?rest_route=%2Fwp%2Fv2%2Fproduct_cat&post=1885"},{"taxonomy":"product_tag","embeddable":true,"href":"https:\/\/esentevibrationale.com\/index.php?rest_route=%2Fwp%2Fv2%2Fproduct_tag&post=1885"}],"curies":[{"name":"wp","href":"https:\/\/api.w.org\/{rel}","templated":true}]}}