{"id":1893,"date":"2018-11-19T11:46:33","date_gmt":"2018-11-19T10:46:33","guid":{"rendered":"https:\/\/phiessences.com\/Romania\/?post_type=product&#038;p=1893"},"modified":"2026-01-02T15:38:10","modified_gmt":"2026-01-02T13:38:10","slug":"hippopotamus-hipopotam","status":"publish","type":"product","link":"https:\/\/esentevibrationale.com\/?product=hippopotamus-hipopotam","title":{"rendered":"Hippopotamus \/ Hipopotam"},"content":{"rendered":"<p><strong>(Hippopotamus amphibius) <\/strong><\/p>\n<p>Aceast\u0103 esen\u0163\u0103 cre\u015fte sentimentele de satisfac\u0163ie interioar\u0103 \u015fi \u00eencrederea \u00een sine, ofer\u0103 pace interioar\u0103. Ne permite s\u0103 ne sc\u0103ld\u0103m \u00een sentimente pozitive ale valorii de sine, astfel \u00eenc\u00e2t s\u0103 ne putem vedea \u015fi accepta pe noi \u00een\u015fine mai u\u015for.<\/p>\n","protected":false},"excerpt":{"rendered":"<p>(Hippopotamus amphibius) Aceast\u0103 esen\u0163\u0103 cre\u015fte sentimentele de satisfac\u0163ie interioar\u0103 \u015fi \u00eencrederea \u00een sine, ofer\u0103 pace interioar\u0103. Ne permite s\u0103 ne sc\u0103ld\u0103m \u00een sentimente pozitive ale valorii de sine, astfel \u00eenc\u00e2t s\u0103 ne putem vedea \u015fi accepta pe noi \u00een\u015fine mai u\u015for.<\/p>\n","protected":false},"featured_media":1902,"template":"","meta":[],"product_brand":[],"product_cat":[49],"product_tag":[],"class_list":{"0":"post-1893","1":"product","2":"type-product","3":"status-publish","4":"has-post-thumbnail","6":"product_cat-esente-de-animale-africane","7":"pa_size-15ml","8":"pa_size-30ml","10":"first","11":"instock","12":"shipping-taxable","13":"purchasable","14":"product-type-variable","15":"has-default-attributes"},"_links":{"self":[{"href":"https:\/\/esentevibrationale.com\/index.php?rest_route=\/wp\/v2\/product\/1893","targetHints":{"allow":["GET"]}}],"collection":[{"href":"https:\/\/esentevibrationale.com\/index.php?rest_route=\/wp\/v2\/product"}],"about":[{"href":"https:\/\/esentevibrationale.com\/index.php?rest_route=\/wp\/v2\/types\/product"}],"wp:featuredmedia":[{"embeddable":true,"href":"https:\/\/esentevibrationale.com\/index.php?rest_route=\/wp\/v2\/media\/1902"}],"wp:attachment":[{"href":"https:\/\/esentevibrationale.com\/index.php?rest_route=%2Fwp%2Fv2%2Fmedia&parent=1893"}],"wp:term":[{"taxonomy":"product_brand","embeddable":true,"href":"https:\/\/esentevibrationale.com\/index.php?rest_route=%2Fwp%2Fv2%2Fproduct_brand&post=1893"},{"taxonomy":"product_cat","embeddable":true,"href":"https:\/\/esentevibrationale.com\/index.php?rest_route=%2Fwp%2Fv2%2Fproduct_cat&post=1893"},{"taxonomy":"product_tag","embeddable":true,"href":"https:\/\/esentevibrationale.com\/index.php?rest_route=%2Fwp%2Fv2%2Fproduct_tag&post=1893"}],"curies":[{"name":"wp","href":"https:\/\/api.w.org\/{rel}","templated":true}]}}