{"id":1951,"date":"2018-11-19T13:29:08","date_gmt":"2018-11-19T12:29:08","guid":{"rendered":"https:\/\/phiessences.com\/Romania\/?post_type=product&#038;p=1951"},"modified":"2026-01-02T18:58:21","modified_gmt":"2026-01-02T16:58:21","slug":"purification-energy-balancer-echilibrare-energetica-purificare","status":"publish","type":"product","link":"https:\/\/esentevibrationale.com\/?product=purification-energy-balancer-echilibrare-energetica-purificare","title":{"rendered":"Purification Energy Balancer \/ Echilibrare Energetic\u0103 &#8211; Purificare"},"content":{"rendered":"<ul>\n<li>Ofer\u0103 o purificare profund\u0103, pentru acele momente c\u00e2nd ne sim\u0163im necura\u021bi \u00een interior<\/li>\n<li>Elimin\u0103 blocajele energetice \u0219i toxinele din corpul subtil<\/li>\n<li>Ne d\u0103 sentimentul de purificare interioar\u0103 \u0219i exterioar\u0103 \u0219i o perspectiv\u0103 clar\u0103 proasp\u0103t\u0103<\/li>\n<\/ul>\n","protected":false},"excerpt":{"rendered":"<p>Ofer\u0103 o purificare profund\u0103, pentru acele momente c\u00e2nd ne sim\u0163im necura\u021bi \u00een interior Elimin\u0103 blocajele energetice \u0219i toxinele din corpul subtil Ne d\u0103 sentimentul de purificare interioar\u0103 \u0219i exterioar\u0103 \u0219i o perspectiv\u0103 clar\u0103 proasp\u0103t\u0103<\/p>\n","protected":false},"featured_media":1954,"template":"","meta":[],"product_brand":[],"product_cat":[50],"product_tag":[],"class_list":{"0":"post-1951","1":"product","2":"type-product","3":"status-publish","4":"has-post-thumbnail","6":"product_cat-noua-linia-de-echilibrare-energetica","7":"pa_size-15ml","8":"pa_size-30ml","10":"first","11":"instock","12":"shipping-taxable","13":"purchasable","14":"product-type-variable","15":"has-default-attributes"},"_links":{"self":[{"href":"https:\/\/esentevibrationale.com\/index.php?rest_route=\/wp\/v2\/product\/1951","targetHints":{"allow":["GET"]}}],"collection":[{"href":"https:\/\/esentevibrationale.com\/index.php?rest_route=\/wp\/v2\/product"}],"about":[{"href":"https:\/\/esentevibrationale.com\/index.php?rest_route=\/wp\/v2\/types\/product"}],"wp:featuredmedia":[{"embeddable":true,"href":"https:\/\/esentevibrationale.com\/index.php?rest_route=\/wp\/v2\/media\/1954"}],"wp:attachment":[{"href":"https:\/\/esentevibrationale.com\/index.php?rest_route=%2Fwp%2Fv2%2Fmedia&parent=1951"}],"wp:term":[{"taxonomy":"product_brand","embeddable":true,"href":"https:\/\/esentevibrationale.com\/index.php?rest_route=%2Fwp%2Fv2%2Fproduct_brand&post=1951"},{"taxonomy":"product_cat","embeddable":true,"href":"https:\/\/esentevibrationale.com\/index.php?rest_route=%2Fwp%2Fv2%2Fproduct_cat&post=1951"},{"taxonomy":"product_tag","embeddable":true,"href":"https:\/\/esentevibrationale.com\/index.php?rest_route=%2Fwp%2Fv2%2Fproduct_tag&post=1951"}],"curies":[{"name":"wp","href":"https:\/\/api.w.org\/{rel}","templated":true}]}}