{"id":1978,"date":"2018-11-19T16:57:30","date_gmt":"2018-11-19T15:57:30","guid":{"rendered":"https:\/\/phiessences.com\/Romania\/?post_type=product&#038;p=1978"},"modified":"2026-01-03T18:01:25","modified_gmt":"2026-01-03T16:01:25","slug":"jupiter","status":"publish","type":"product","link":"https:\/\/esentevibrationale.com\/?product=jupiter","title":{"rendered":"Jupiter"},"content":{"rendered":"<p>Ne ajut\u0103 s\u0103 \u00een\u0163elegem puterea \u015fi cum s\u0103-o folosim \u00eentr-un mod bun. De asemenea, putem \u00eenv\u0103\u0163a s\u0103 recunoa\u015ftem bun\u0103starea (banii) ca form\u0103 de energie care poate fi accesat\u0103 \u015fi utilizat\u0103 con\u015ftient. \u00cen plus, aceast\u0103 esen\u0163\u0103 \u00eembun\u0103t\u0103\u0163e\u015fte capacitatea noastr\u0103 de a lega utilizarea puterii personale cu fericirea \u015fi bucuria de via\u0163\u0103.<\/p>\n","protected":false},"excerpt":{"rendered":"<p>Ne ajut\u0103 s\u0103 \u00een\u0163elegem puterea \u015fi cum s\u0103-o folosim \u00eentr-un mod bun. De asemenea, putem \u00eenv\u0103\u0163a s\u0103 recunoa\u015ftem bun\u0103starea (banii) ca form\u0103 de energie care poate fi accesat\u0103 \u015fi utilizat\u0103 con\u015ftient. \u00cen plus, aceast\u0103 esen\u0163\u0103 \u00eembun\u0103t\u0103\u0163e\u015fte capacitatea noastr\u0103 de a lega utilizarea puterii personale cu fericirea \u015fi bucuria de via\u0163\u0103.<\/p>\n","protected":false},"featured_media":1981,"template":"","meta":[],"product_brand":[],"product_cat":[51],"product_tag":[],"class_list":{"0":"post-1978","1":"product","2":"type-product","3":"status-publish","4":"has-post-thumbnail","6":"product_cat-esentele-de-planete","7":"pa_size-15ml","8":"pa_size-30ml","10":"first","11":"instock","12":"shipping-taxable","13":"purchasable","14":"product-type-variable","15":"has-default-attributes"},"_links":{"self":[{"href":"https:\/\/esentevibrationale.com\/index.php?rest_route=\/wp\/v2\/product\/1978","targetHints":{"allow":["GET"]}}],"collection":[{"href":"https:\/\/esentevibrationale.com\/index.php?rest_route=\/wp\/v2\/product"}],"about":[{"href":"https:\/\/esentevibrationale.com\/index.php?rest_route=\/wp\/v2\/types\/product"}],"wp:featuredmedia":[{"embeddable":true,"href":"https:\/\/esentevibrationale.com\/index.php?rest_route=\/wp\/v2\/media\/1981"}],"wp:attachment":[{"href":"https:\/\/esentevibrationale.com\/index.php?rest_route=%2Fwp%2Fv2%2Fmedia&parent=1978"}],"wp:term":[{"taxonomy":"product_brand","embeddable":true,"href":"https:\/\/esentevibrationale.com\/index.php?rest_route=%2Fwp%2Fv2%2Fproduct_brand&post=1978"},{"taxonomy":"product_cat","embeddable":true,"href":"https:\/\/esentevibrationale.com\/index.php?rest_route=%2Fwp%2Fv2%2Fproduct_cat&post=1978"},{"taxonomy":"product_tag","embeddable":true,"href":"https:\/\/esentevibrationale.com\/index.php?rest_route=%2Fwp%2Fv2%2Fproduct_tag&post=1978"}],"curies":[{"name":"wp","href":"https:\/\/api.w.org\/{rel}","templated":true}]}}