{"id":2009,"date":"2018-11-19T17:39:02","date_gmt":"2018-11-19T16:39:02","guid":{"rendered":"https:\/\/phiessences.com\/Romania\/?post_type=product&#038;p=2009"},"modified":"2026-01-03T18:42:11","modified_gmt":"2026-01-03T16:42:11","slug":"uranus","status":"publish","type":"product","link":"https:\/\/esentevibrationale.com\/?product=uranus","title":{"rendered":"Uranus"},"content":{"rendered":"<p>Ne conecteaz\u01ce cu marele principiu de via\u0163\u0103, care recunoa\u015fte interconectarea tuturor fiin\u0163elor vii \u015fi Sursa lor comun\u0103 \u00een Una.<\/p>\n","protected":false},"excerpt":{"rendered":"<p>Ne conecteaz\u01ce cu marele principiu de via\u0163\u0103, care recunoa\u015fte interconectarea tuturor fiin\u0163elor vii \u015fi Sursa lor comun\u0103 \u00een Una.<\/p>\n","protected":false},"featured_media":2010,"template":"","meta":[],"product_brand":[],"product_cat":[51],"product_tag":[],"class_list":{"0":"post-2009","1":"product","2":"type-product","3":"status-publish","4":"has-post-thumbnail","6":"product_cat-esentele-de-planete","7":"pa_size-15ml","8":"pa_size-30ml","10":"first","11":"instock","12":"shipping-taxable","13":"purchasable","14":"product-type-variable","15":"has-default-attributes"},"_links":{"self":[{"href":"https:\/\/esentevibrationale.com\/index.php?rest_route=\/wp\/v2\/product\/2009","targetHints":{"allow":["GET"]}}],"collection":[{"href":"https:\/\/esentevibrationale.com\/index.php?rest_route=\/wp\/v2\/product"}],"about":[{"href":"https:\/\/esentevibrationale.com\/index.php?rest_route=\/wp\/v2\/types\/product"}],"wp:featuredmedia":[{"embeddable":true,"href":"https:\/\/esentevibrationale.com\/index.php?rest_route=\/wp\/v2\/media\/2010"}],"wp:attachment":[{"href":"https:\/\/esentevibrationale.com\/index.php?rest_route=%2Fwp%2Fv2%2Fmedia&parent=2009"}],"wp:term":[{"taxonomy":"product_brand","embeddable":true,"href":"https:\/\/esentevibrationale.com\/index.php?rest_route=%2Fwp%2Fv2%2Fproduct_brand&post=2009"},{"taxonomy":"product_cat","embeddable":true,"href":"https:\/\/esentevibrationale.com\/index.php?rest_route=%2Fwp%2Fv2%2Fproduct_cat&post=2009"},{"taxonomy":"product_tag","embeddable":true,"href":"https:\/\/esentevibrationale.com\/index.php?rest_route=%2Fwp%2Fv2%2Fproduct_tag&post=2009"}],"curies":[{"name":"wp","href":"https:\/\/api.w.org\/{rel}","templated":true}]}}