{"id":2468,"date":"2018-11-22T12:19:46","date_gmt":"2018-11-22T11:19:46","guid":{"rendered":"https:\/\/phiessences.com\/Romania\/?post_type=product&#038;p=2468"},"modified":"2024-12-24T06:42:44","modified_gmt":"2024-12-24T04:42:44","slug":"75-tears-alton-priors-uk-2004","status":"publish","type":"product","link":"https:\/\/esentevibrationale.com\/?product=75-tears-alton-priors-uk-2004","title":{"rendered":"75.) Tears, Alton Priors, UK (2004) \/ Lacrimi, Alton Priors, Marea Britanie (2004)"},"content":{"rendered":"<p><img decoding=\"async\" class=\"img-responsive\" title=\"75.) Tears, Alton Priors, UK (2004)\" src=\"https:\/\/www.phiessences.com\/images\/product_images\/info_images\/nr._75.jpg\" alt=\"75.) Tears, Alton Priors, UK (2004)\" data-magnifier-src=\"images\/product_images\/original_images\/nr._75.jpg\" \/><\/p>\n<p>Ajut\u0103 la dezvoltarea \u00een\u0163elegerii altor persoane \u0219i la dep\u0103\u0219irea sentimentelor de melancolie sau de singur\u0103tate. Ne ajut\u0103 s\u0103 \u00een\u021belegem mai bine al\u0163i oameni \u015fi sentimentele lor.<\/p>\n<p>&nbsp;<\/p>\n","protected":false},"excerpt":{"rendered":"<p>Ajut\u0103 la dezvoltarea \u00een\u0163elegerii altor persoane \u0219i la dep\u0103\u0219irea sentimentelor de melancolie sau de singur\u0103tate. Ne ajut\u0103 s\u0103 \u00een\u021belegem mai bine al\u0163i oameni \u015fi sentimentele lor. &nbsp;<\/p>\n","protected":false},"featured_media":2471,"template":"","meta":[],"product_brand":[],"product_cat":[54],"product_tag":[],"class_list":{"0":"post-2468","1":"product","2":"type-product","3":"status-publish","4":"has-post-thumbnail","6":"product_cat-esentele-crete-cu-ajutorul-energiei-cercurilor-aparute-in-lanurile-de-recolte","7":"pa_size-15ml","8":"pa_size-30ml","10":"first","11":"instock","12":"shipping-taxable","13":"purchasable","14":"product-type-variable","15":"has-default-attributes"},"_links":{"self":[{"href":"https:\/\/esentevibrationale.com\/index.php?rest_route=\/wp\/v2\/product\/2468","targetHints":{"allow":["GET"]}}],"collection":[{"href":"https:\/\/esentevibrationale.com\/index.php?rest_route=\/wp\/v2\/product"}],"about":[{"href":"https:\/\/esentevibrationale.com\/index.php?rest_route=\/wp\/v2\/types\/product"}],"wp:featuredmedia":[{"embeddable":true,"href":"https:\/\/esentevibrationale.com\/index.php?rest_route=\/wp\/v2\/media\/2471"}],"wp:attachment":[{"href":"https:\/\/esentevibrationale.com\/index.php?rest_route=%2Fwp%2Fv2%2Fmedia&parent=2468"}],"wp:term":[{"taxonomy":"product_brand","embeddable":true,"href":"https:\/\/esentevibrationale.com\/index.php?rest_route=%2Fwp%2Fv2%2Fproduct_brand&post=2468"},{"taxonomy":"product_cat","embeddable":true,"href":"https:\/\/esentevibrationale.com\/index.php?rest_route=%2Fwp%2Fv2%2Fproduct_cat&post=2468"},{"taxonomy":"product_tag","embeddable":true,"href":"https:\/\/esentevibrationale.com\/index.php?rest_route=%2Fwp%2Fv2%2Fproduct_tag&post=2468"}],"curies":[{"name":"wp","href":"https:\/\/api.w.org\/{rel}","templated":true}]}}