{"id":2599,"date":"2018-11-23T12:40:55","date_gmt":"2018-11-23T11:40:55","guid":{"rendered":"https:\/\/phiessences.com\/Romania\/?post_type=product&#038;p=2599"},"modified":"2026-01-08T15:12:00","modified_gmt":"2026-01-08T13:12:00","slug":"100-swallows-alton-barnes-uk-2008","status":"publish","type":"product","link":"https:\/\/esentevibrationale.com\/?product=100-swallows-alton-barnes-uk-2008","title":{"rendered":"100.) Swallows, Alton Barnes, UK (2008) \/ R\u00e2ndunele, Alon Barnes, Marea Britanie (2008)"},"content":{"rendered":"<p><img decoding=\"async\" class=\"img-responsive\" title=\"100.) Swallows, Alton Barnes, UK (2008)\" src=\"https:\/\/www.phiessences.com\/images\/product_images\/info_images\/nr._100.jpg\" alt=\"100.) Swallows, Alton Barnes, UK (2008)\" data-magnifier-src=\"images\/product_images\/original_images\/nr._100.jpg\" \/><\/p>\n<p>Aceast\u0103 forma\u021biune a ap\u0103rut pe locul unei fortifica\u021bii vechi romane, ar\u0103t\u00e2nd un desen frumos cu p\u0103s\u0103ri zbur\u0103toare. Ajut\u0103 la eliberarea noastr\u0103 intern\u0103, a fricilor \u015fi constr\u00e2ngerilor noastre interioare \u015fi s\u0103 tr\u0103im \u00eentr-o con\u015ftiin\u0163\u0103 extins\u0103.<\/p>\n<p>&nbsp;<\/p>\n","protected":false},"excerpt":{"rendered":"<p>Aceast\u0103 forma\u021biune a ap\u0103rut pe locul unei fortifica\u021bii vechi romane, ar\u0103t\u00e2nd un desen frumos cu p\u0103s\u0103ri zbur\u0103toare. Ajut\u0103 la eliberarea noastr\u0103 intern\u0103, a fricilor \u015fi constr\u00e2ngerilor noastre interioare \u015fi s\u0103 tr\u0103im \u00eentr-o con\u015ftiin\u0163\u0103 extins\u0103. &nbsp;<\/p>\n","protected":false},"featured_media":2600,"template":"","meta":[],"product_brand":[],"product_cat":[54],"product_tag":[],"class_list":{"0":"post-2599","1":"product","2":"type-product","3":"status-publish","4":"has-post-thumbnail","6":"product_cat-esentele-crete-cu-ajutorul-energiei-cercurilor-aparute-in-lanurile-de-recolte","7":"pa_size-15ml","8":"pa_size-30ml","10":"first","11":"instock","12":"shipping-taxable","13":"purchasable","14":"product-type-variable","15":"has-default-attributes"},"_links":{"self":[{"href":"https:\/\/esentevibrationale.com\/index.php?rest_route=\/wp\/v2\/product\/2599","targetHints":{"allow":["GET"]}}],"collection":[{"href":"https:\/\/esentevibrationale.com\/index.php?rest_route=\/wp\/v2\/product"}],"about":[{"href":"https:\/\/esentevibrationale.com\/index.php?rest_route=\/wp\/v2\/types\/product"}],"wp:featuredmedia":[{"embeddable":true,"href":"https:\/\/esentevibrationale.com\/index.php?rest_route=\/wp\/v2\/media\/2600"}],"wp:attachment":[{"href":"https:\/\/esentevibrationale.com\/index.php?rest_route=%2Fwp%2Fv2%2Fmedia&parent=2599"}],"wp:term":[{"taxonomy":"product_brand","embeddable":true,"href":"https:\/\/esentevibrationale.com\/index.php?rest_route=%2Fwp%2Fv2%2Fproduct_brand&post=2599"},{"taxonomy":"product_cat","embeddable":true,"href":"https:\/\/esentevibrationale.com\/index.php?rest_route=%2Fwp%2Fv2%2Fproduct_cat&post=2599"},{"taxonomy":"product_tag","embeddable":true,"href":"https:\/\/esentevibrationale.com\/index.php?rest_route=%2Fwp%2Fv2%2Fproduct_tag&post=2599"}],"curies":[{"name":"wp","href":"https:\/\/api.w.org\/{rel}","templated":true}]}}