{"id":2763,"date":"2018-11-26T16:26:02","date_gmt":"2018-11-26T15:26:02","guid":{"rendered":"https:\/\/phiessences.com\/Romania\/?post_type=product&#038;p=2763"},"modified":"2025-12-30T13:30:40","modified_gmt":"2025-12-30T11:30:40","slug":"delph-spray-spray-delfin","status":"publish","type":"product","link":"https:\/\/esentevibrationale.com\/?product=delph-spray-spray-delfin","title":{"rendered":"Delph-Spray \/ Spray Delfin"},"content":{"rendered":"<p><strong><em>Efectul pl\u0103cut \u015fi de cur\u0103\u021bare al Delph\u00ae este acum disponibil sub form\u0103 de spray. Este util pentru cur\u0103\u021barea camerelor poluate energic (birouri, camere de tratament, s\u0103li de conferin\u021be, etc.).<\/em><\/strong><\/p>\n<p><strong><em>Delph\u00ae creeaz\u0103 o atmosfer\u0103 mai energic\u0103, cur\u0103\u021b\u0103 \u015fi promoveaz\u0103 deschiderea Chakrei inimii. De asemenea, este recomandat pentru a fi utilizate \u00een timpul transportului aerian.<\/em><\/strong><\/p>\n<p><strong><em>Utilizare:<\/em><\/strong><\/p>\n<p><em>Da\u021bi cu spray de unul p\u00e2n\u0103 la patru ori peste \u015fi \u00een jurul capului \u015fi al umerilor \u00eenainte de a merge \u00een soare sau \u00een aer foarte poluat. \u021aine\u021bi flaconul la o distanta de aproximativ 50 cm (18 inch) de corp \u00een timp ce ap\u0103sa\u021bi spray-ul foarte u\u0219or.<\/em><\/p>\n<p><strong><em>Terapeut Autorizat Ariadna Cur\u0103vale:<\/em><\/strong><\/p>\n<p><strong><em>Iarina este o feti\u021ba de 6 ani din B\u00e2rlad, care a venit \u00eempreun\u0103 cu mama ei la mine la terapie \u0219i mi-a spus ca ea iube\u0219te \u201cSpray-ul Delfin\u201c, deoarece atunci c\u00e2nd \u00eel utilizeaz\u0103 ea aude cum \u201cc\u00e2nt\u0103 \u00cengerii\u201c <\/em><\/strong><\/p>\n","protected":false},"excerpt":{"rendered":"<p>Efectul pl\u0103cut \u015fi de cur\u0103\u021bare al Delph\u00ae este acum disponibil sub form\u0103 de spray. Este util pentru cur\u0103\u021barea camerelor poluate energic (birouri, camere de tratament, s\u0103li de conferin\u021be, etc.). Delph\u00ae creeaz\u0103 o atmosfer\u0103 mai energic\u0103, cur\u0103\u021b\u0103 \u015fi promoveaz\u0103 deschiderea Chakrei inimii. De asemenea, este recomandat pentru a fi utilizate \u00een timpul transportului aerian. Utilizare: Da\u021bi &hellip; <a href=\"https:\/\/esentevibrationale.com\/?product=delph-spray-spray-delfin\" class=\"more-link\">Continu\u0103 lectura <span class=\"screen-reader-text\">Delph-Spray \/ Spray Delfin<\/span> <span class=\"meta-nav\">&rarr;<\/span><\/a><\/p>\n","protected":false},"featured_media":14554,"template":"","meta":[],"product_brand":[],"product_cat":[36],"product_tag":[],"class_list":{"0":"post-2763","1":"product","2":"type-product","3":"status-publish","4":"has-post-thumbnail","6":"product_cat-spray-uri","7":"pa_size-200-ml","8":"pa_size-50-ml","10":"first","11":"instock","12":"shipping-taxable","13":"purchasable","14":"product-type-variable","15":"has-default-attributes"},"_links":{"self":[{"href":"https:\/\/esentevibrationale.com\/index.php?rest_route=\/wp\/v2\/product\/2763","targetHints":{"allow":["GET"]}}],"collection":[{"href":"https:\/\/esentevibrationale.com\/index.php?rest_route=\/wp\/v2\/product"}],"about":[{"href":"https:\/\/esentevibrationale.com\/index.php?rest_route=\/wp\/v2\/types\/product"}],"wp:featuredmedia":[{"embeddable":true,"href":"https:\/\/esentevibrationale.com\/index.php?rest_route=\/wp\/v2\/media\/14554"}],"wp:attachment":[{"href":"https:\/\/esentevibrationale.com\/index.php?rest_route=%2Fwp%2Fv2%2Fmedia&parent=2763"}],"wp:term":[{"taxonomy":"product_brand","embeddable":true,"href":"https:\/\/esentevibrationale.com\/index.php?rest_route=%2Fwp%2Fv2%2Fproduct_brand&post=2763"},{"taxonomy":"product_cat","embeddable":true,"href":"https:\/\/esentevibrationale.com\/index.php?rest_route=%2Fwp%2Fv2%2Fproduct_cat&post=2763"},{"taxonomy":"product_tag","embeddable":true,"href":"https:\/\/esentevibrationale.com\/index.php?rest_route=%2Fwp%2Fv2%2Fproduct_tag&post=2763"}],"curies":[{"name":"wp","href":"https:\/\/api.w.org\/{rel}","templated":true}]}}