{"id":2771,"date":"2018-11-26T16:41:08","date_gmt":"2018-11-26T15:41:08","guid":{"rendered":"https:\/\/phiessences.com\/Romania\/?post_type=product&#038;p=2771"},"modified":"2025-12-30T13:31:21","modified_gmt":"2025-12-30T11:31:21","slug":"k9-spray-spray-ul-k9","status":"publish","type":"product","link":"https:\/\/esentevibrationale.com\/?product=k9-spray-spray-ul-k9","title":{"rendered":"K9 Spray \/ Spray-ul K9"},"content":{"rendered":"<p><strong><em>Spray-ul K9 ajut\u0103 la sus\u021binerea energetic\u0103 a sistemului imunitar. \u00cen procesele puternice de transformare ne \u00eent\u0103re\u0219te \u0219i ne stabilizeaz\u0103. Bun pentru prevenire \u00een c\u0103l\u0103torii. Corpul nostru fizic \u0219i corpurile noastre subtile sunt \u00eentotdeauna expuse la tot felul de influen\u021be externe. Aceste influen\u021be externe sunt energii care provin din: oameni, forme geometrice, geopatii, cosmopatii, animale, plante, tot ce se afl\u0103 \u00een mediul \u00een care ne mi\u0219c\u0103m. Aceste energii pot fi pozitive \u0219i ne permit s\u0103 ne sim\u021bim bine sau negativ. De asemenea, ele ne pot sl\u0103bi \u0219i ne pot modifica starea de echilibru.<\/em><\/strong><\/p>\n<p><strong><em>Una dintre numeroasele aplica\u021bii care ne protejeaz\u0103 de aceste influen\u021be negative este spray-ul K9. Const\u0103 din esen\u021be florale special concepute pentru a ne proteja corpul de energia negativ\u0103.<\/em><\/strong><\/p>\n<p><em><strong>Utilizare:<\/strong><\/em><\/p>\n<p><em>Da\u021bi cu spray de unul p\u00e2n\u0103 la patru ori peste \u015fi \u00een jurul capului \u015fi al umerilor \u00eenainte de a merge \u00een soare sau \u00een aer foarte poluat. \u021aine\u021bi flaconul la o distanta de aproximativ 50 cm (18 inch) de corp \u00een timp ce ap\u0103sa\u021bi spray-ul foarte u\u0219or.<\/em><\/p>\n","protected":false},"excerpt":{"rendered":"<p>Spray-ul K9 ajut\u0103 la sus\u021binerea energetic\u0103 a sistemului imunitar. \u00cen procesele puternice de transformare ne \u00eent\u0103re\u0219te \u0219i ne stabilizeaz\u0103. Bun pentru prevenire \u00een c\u0103l\u0103torii. Corpul nostru fizic \u0219i corpurile noastre subtile sunt \u00eentotdeauna expuse la tot felul de influen\u021be externe. Aceste influen\u021be externe sunt energii care provin din: oameni, forme geometrice, geopatii, cosmopatii, animale, plante, &hellip; <a href=\"https:\/\/esentevibrationale.com\/?product=k9-spray-spray-ul-k9\" class=\"more-link\">Continu\u0103 lectura <span class=\"screen-reader-text\">K9 Spray \/ Spray-ul K9<\/span> <span class=\"meta-nav\">&rarr;<\/span><\/a><\/p>\n","protected":false},"featured_media":14555,"template":"","meta":[],"product_brand":[],"product_cat":[36],"product_tag":[],"class_list":{"0":"post-2771","1":"product","2":"type-product","3":"status-publish","4":"has-post-thumbnail","6":"product_cat-spray-uri","7":"pa_size-200-ml","8":"pa_size-50-ml","10":"first","11":"instock","12":"shipping-taxable","13":"purchasable","14":"product-type-variable","15":"has-default-attributes"},"_links":{"self":[{"href":"https:\/\/esentevibrationale.com\/index.php?rest_route=\/wp\/v2\/product\/2771","targetHints":{"allow":["GET"]}}],"collection":[{"href":"https:\/\/esentevibrationale.com\/index.php?rest_route=\/wp\/v2\/product"}],"about":[{"href":"https:\/\/esentevibrationale.com\/index.php?rest_route=\/wp\/v2\/types\/product"}],"wp:featuredmedia":[{"embeddable":true,"href":"https:\/\/esentevibrationale.com\/index.php?rest_route=\/wp\/v2\/media\/14555"}],"wp:attachment":[{"href":"https:\/\/esentevibrationale.com\/index.php?rest_route=%2Fwp%2Fv2%2Fmedia&parent=2771"}],"wp:term":[{"taxonomy":"product_brand","embeddable":true,"href":"https:\/\/esentevibrationale.com\/index.php?rest_route=%2Fwp%2Fv2%2Fproduct_brand&post=2771"},{"taxonomy":"product_cat","embeddable":true,"href":"https:\/\/esentevibrationale.com\/index.php?rest_route=%2Fwp%2Fv2%2Fproduct_cat&post=2771"},{"taxonomy":"product_tag","embeddable":true,"href":"https:\/\/esentevibrationale.com\/index.php?rest_route=%2Fwp%2Fv2%2Fproduct_tag&post=2771"}],"curies":[{"name":"wp","href":"https:\/\/api.w.org\/{rel}","templated":true}]}}