{"id":2852,"date":"2018-11-27T17:31:12","date_gmt":"2018-11-27T16:31:12","guid":{"rendered":"https:\/\/phiessences.com\/Romania\/?post_type=product&#038;p=2852"},"modified":"2026-01-03T17:34:09","modified_gmt":"2026-01-03T15:34:09","slug":"guimar-pyramid-essence-esenta-piramidei-guimar","status":"publish","type":"product","link":"https:\/\/esentevibrationale.com\/?product=guimar-pyramid-essence-esenta-piramidei-guimar","title":{"rendered":"G\u00fcimar Pyramid Essence \/ Esen\u0163a Piramidei din G\u00fcimar"},"content":{"rendered":"<p>Din Insula Tenerife,<\/p>\n<p>Esen\u0163a priramidei ofer\u0103 protec\u0163ie \u015fi \u00eemp\u0103m\u00e2ntare.<\/p>\n<p><img loading=\"lazy\" decoding=\"async\" class=\"alignnone size-full wp-image-2853\" src=\"https:\/\/phiessences.com\/Romania\/wp-content\/uploads\/2018\/11\/guimar..jpg\" alt=\"\" width=\"400\" height=\"300\" srcset=\"https:\/\/esentevibrationale.com\/wp-content\/uploads\/2018\/11\/guimar..jpg 400w, https:\/\/esentevibrationale.com\/wp-content\/uploads\/2018\/11\/guimar.-300x225.jpg 300w\" sizes=\"auto, (max-width: 400px) 100vw, 400px\" \/><\/p>\n","protected":false},"excerpt":{"rendered":"<p>Din Insula Tenerife, Esen\u0163a priramidei ofer\u0103 protec\u0163ie \u015fi \u00eemp\u0103m\u00e2ntare.<\/p>\n","protected":false},"featured_media":2853,"template":"","meta":[],"product_brand":[],"product_cat":[58],"product_tag":[],"class_list":{"0":"post-2852","1":"product","2":"type-product","3":"status-publish","4":"has-post-thumbnail","6":"product_cat-esente-ambientale","7":"pa_size-15ml","8":"pa_size-30ml","10":"first","11":"instock","12":"shipping-taxable","13":"purchasable","14":"product-type-variable","15":"has-default-attributes"},"_links":{"self":[{"href":"https:\/\/esentevibrationale.com\/index.php?rest_route=\/wp\/v2\/product\/2852","targetHints":{"allow":["GET"]}}],"collection":[{"href":"https:\/\/esentevibrationale.com\/index.php?rest_route=\/wp\/v2\/product"}],"about":[{"href":"https:\/\/esentevibrationale.com\/index.php?rest_route=\/wp\/v2\/types\/product"}],"wp:featuredmedia":[{"embeddable":true,"href":"https:\/\/esentevibrationale.com\/index.php?rest_route=\/wp\/v2\/media\/2853"}],"wp:attachment":[{"href":"https:\/\/esentevibrationale.com\/index.php?rest_route=%2Fwp%2Fv2%2Fmedia&parent=2852"}],"wp:term":[{"taxonomy":"product_brand","embeddable":true,"href":"https:\/\/esentevibrationale.com\/index.php?rest_route=%2Fwp%2Fv2%2Fproduct_brand&post=2852"},{"taxonomy":"product_cat","embeddable":true,"href":"https:\/\/esentevibrationale.com\/index.php?rest_route=%2Fwp%2Fv2%2Fproduct_cat&post=2852"},{"taxonomy":"product_tag","embeddable":true,"href":"https:\/\/esentevibrationale.com\/index.php?rest_route=%2Fwp%2Fv2%2Fproduct_tag&post=2852"}],"curies":[{"name":"wp","href":"https:\/\/api.w.org\/{rel}","templated":true}]}}