{"id":2861,"date":"2018-11-28T11:33:45","date_gmt":"2018-11-28T10:33:45","guid":{"rendered":"https:\/\/phiessences.com\/Romania\/?post_type=product&#038;p=2861"},"modified":"2021-01-21T15:23:02","modified_gmt":"2021-01-21T13:23:02","slug":"setul-t1-delfin","status":"publish","type":"product","link":"https:\/\/esentevibrationale.com\/?product=setul-t1-delfin","title":{"rendered":"Setul T1 \u015fi Delfin\u00ae"},"content":{"rendered":"<p>Acest Set include:<br \/>\n1 Esen\u0163a Delfin, 15 ml<br \/>\n1 Esen\u0163\u0103 T1, 15 ml<br \/>\nDin\u00a0 anul 1991 noi lucr\u0103m la cercetarea delfinilor<br \/>\n&#8211; 18 ani de munc\u0103 de cercet\u0103ri la Cernob\u00eel \/ Ucraina<br \/>\nAceast\u0103 esen\u0163\u0103 extraordinar\u0103 a fost creat\u0103, ca rezultat al dezastrului nuclear de la Cernob\u00eel.<br \/>\nAm facut cercet\u0103ri asupa acestei esen\u0163e 18 ani.<br \/>\nC\u00e2nd \u015fi cum s\u0103 o folosim:<br \/>\nEsen\u0163\u0103 ajut\u0103 la atenuarea impactului negativ al radia\u0163iilor \u015fi fricii \u00eensotit\u0103 de contaminare. T1 corespunde frecven\u0163i energiei substan\u0163elor radioactive, dar nu poate lua sau reduce nucleul radioactivit\u0103\u0163ii din corpul uman, m\u00e2ncare sau ap\u0103.<\/p>\n<p>Poate fi folosit\u0103:<\/p>\n<ul>\n<li>dup\u0103 ce am stat \u00een zone contaminate radioactiv<\/li>\n<li>dup\u0103 tratamente cu raze X<\/li>\n<li>dup\u0103 \u00a0Chimioterapie<\/li>\n<\/ul>\n<p>Tratamentul T 1 &#8211; Delfin:<\/p>\n<p>Tratamentul T 1 &#8211; Delfin este ca un du\u015f de \u201clumin\u0103\u201d revigorant. Persoanele se simt mult mai \u00eemp\u0103m\u00e2ntate ca \u015fi cum ar \u201csta pe o cascad\u0103\u201d<\/p>\n<ul>\n<li>ajut\u0103 la atenuarea fricii \u015fi impactului negativ al radia\u0163iei<\/li>\n<li>te face s\u0103 te sim\u0163i mai relaxat \u015fi sigur pe tine<\/li>\n<li>te sprijin\u0103 s\u0103 dep\u0103\u015fe\u015fti fricile \u015fi corpul t\u0103u energetic devine mai echilibrat<\/li>\n<\/ul>\n<p>Tranatmentul pentru animale:<\/p>\n<p>De asemenea, pot fi tratate \u015fi animale. Multe animale de companie sau animale domestice au fost p\u0103r\u0103site \u00een zona contaminat\u0103 din Fukushima. \u020ant\u00e2i ajut\u0103m persoanele, apoi animalele , Dr. Sugimoto \u015fi echipa sa ajut\u0103 acum animalele din zon\u0103 gratuit.<\/p>\n<p>M\u00e2ncarea \/ Apa:<br \/>\nAici T 1 nu poate reduce sau scoate substan\u0163ele radioactive, DAR du\u015ful de lumin\u0103 al Tratamentului T1 \u2013 Delfin<sup>\u00ae <\/sup>cre\u015fte vibra\u0163ia energetic\u0103 a m\u00e2nc\u0103rii \u015fi a apei.<br \/>\nEfectele tratamuntului \u00een general:<br \/>\n&#8211; energia corpului cre\u015fte<br \/>\n&#8211; persoana devine mai echilibrat\u0103 (corpul nostru energetic = scutul nostru energetic)<br \/>\n&#8211; persoana se simte mai revigorat\u0103 \u015fi purificat\u0103<\/p>\n<p>De RE\u0162INUT: FRICA este cel mai negativ lucru care se poate \u00eent\u00e2mpla, potivit observa\u0163iile medicilor din Ucraina \u015fi Kiew, ace\u015ftia au specificat\u00a0 faptul c\u0103 dup\u0103 dezastrul nuclear de la Cernob\u00eel, pacien\u0163ilor c\u0103rora le-a fost foarte fric\u0103 de situa\u0163ia respectiv\u0103 s-au \u00eemboln\u0103vit primii. Frica este ortav\u0103 pentru sistemul imunitar. Tratamentul T1 \u2013 Delfin<sup>\u00ae <\/sup>ajut\u0103 pesoanele s\u0103 se echilibreze.<\/p>\n<p>\u020antotdeauna trebuie depoziteaz\u0103 sticla esen\u0163ei T1 departe de celelalte esen\u0163e de energie.<\/p>\n","protected":false},"excerpt":{"rendered":"<p>Acest Set include: 1 Esen\u0163a Delfin, 15 ml 1 Esen\u0163\u0103 T1, 15 ml Din\u00a0 anul 1991 noi lucr\u0103m la cercetarea delfinilor &#8211; 18 ani de munc\u0103 de cercet\u0103ri la Cernob\u00eel \/ Ucraina Aceast\u0103 esen\u0163\u0103 extraordinar\u0103 a fost creat\u0103, ca rezultat al dezastrului nuclear de la Cernob\u00eel. Am facut cercet\u0103ri asupa acestei esen\u0163e 18 ani. C\u00e2nd &hellip; <a href=\"https:\/\/esentevibrationale.com\/?product=setul-t1-delfin\" class=\"more-link\">Continu\u0103 lectura <span class=\"screen-reader-text\">Setul T1 \u015fi Delfin\u00ae<\/span> <span class=\"meta-nav\">&rarr;<\/span><\/a><\/p>\n","protected":false},"featured_media":2837,"template":"","meta":[],"product_brand":[],"product_cat":[75],"product_tag":[],"class_list":{"0":"post-2861","1":"product","2":"type-product","3":"status-publish","4":"has-post-thumbnail","6":"product_cat-tratament-impotriva-radiatiilor-t1-delph","8":"first","9":"instock","10":"shipping-taxable","11":"purchasable","12":"product-type-simple"},"_links":{"self":[{"href":"https:\/\/esentevibrationale.com\/index.php?rest_route=\/wp\/v2\/product\/2861","targetHints":{"allow":["GET"]}}],"collection":[{"href":"https:\/\/esentevibrationale.com\/index.php?rest_route=\/wp\/v2\/product"}],"about":[{"href":"https:\/\/esentevibrationale.com\/index.php?rest_route=\/wp\/v2\/types\/product"}],"wp:featuredmedia":[{"embeddable":true,"href":"https:\/\/esentevibrationale.com\/index.php?rest_route=\/wp\/v2\/media\/2837"}],"wp:attachment":[{"href":"https:\/\/esentevibrationale.com\/index.php?rest_route=%2Fwp%2Fv2%2Fmedia&parent=2861"}],"wp:term":[{"taxonomy":"product_brand","embeddable":true,"href":"https:\/\/esentevibrationale.com\/index.php?rest_route=%2Fwp%2Fv2%2Fproduct_brand&post=2861"},{"taxonomy":"product_cat","embeddable":true,"href":"https:\/\/esentevibrationale.com\/index.php?rest_route=%2Fwp%2Fv2%2Fproduct_cat&post=2861"},{"taxonomy":"product_tag","embeddable":true,"href":"https:\/\/esentevibrationale.com\/index.php?rest_route=%2Fwp%2Fv2%2Fproduct_tag&post=2861"}],"curies":[{"name":"wp","href":"https:\/\/api.w.org\/{rel}","templated":true}]}}