{"id":3346,"date":"2018-12-10T09:43:15","date_gmt":"2018-12-10T08:43:15","guid":{"rendered":"https:\/\/phiessences.com\/Romania\/?post_type=product&#038;p=3346"},"modified":"2026-01-14T10:24:26","modified_gmt":"2026-01-14T08:24:26","slug":"174-indian-eagle-uk-2015-vulturul-indian-marea-britanie-2015","status":"publish","type":"product","link":"https:\/\/esentevibrationale.com\/?product=174-indian-eagle-uk-2015-vulturul-indian-marea-britanie-2015","title":{"rendered":"174.) Indian Eagle, UK (2015) \/ Vulturul Indian, Marea Britanie (2015)"},"content":{"rendered":"<p><img decoding=\"async\" class=\"img-responsive\" title=\"174.) Indian Eagle, UK (2015)\" src=\"https:\/\/www.phiessences.com\/images\/product_images\/info_images\/nr.174.jpg\" alt=\"174.) Indian Eagle, UK (2015)\" data-magnifier-src=\"images\/product_images\/original_images\/nr.174.jpg\" \/><\/p>\n<p>Forma\u021biunea are forma unui vultur indian. Ne aminte\u0219te de vechiul stil, de smerenie \u0219i de simplitate. Ne d\u0103 \u0219i viziune \u0219i ne va ajut\u0103 s\u0103 vedem cu inima. Ac\u021bioneaz\u0103 energic av\u00e2nd un efect de \u00eent\u0103rire asupra vitalit\u0103\u021bii \u0219i ochilor no\u0219tri. Ne ajut\u0103 s\u0103 g\u0103sim o viziune clar\u0103 al vie\u021bii noastre.<\/p>\n<p>&nbsp;<\/p>\n","protected":false},"excerpt":{"rendered":"<p>Forma\u021biunea are forma unui vultur indian. Ne aminte\u0219te de vechiul stil, de smerenie \u0219i de simplitate. Ne d\u0103 \u0219i viziune \u0219i ne va ajut\u0103 s\u0103 vedem cu inima. Ac\u021bioneaz\u0103 energic av\u00e2nd un efect de \u00eent\u0103rire asupra vitalit\u0103\u021bii \u0219i ochilor no\u0219tri. Ne ajut\u0103 s\u0103 g\u0103sim o viziune clar\u0103 al vie\u021bii noastre. &nbsp;<\/p>\n","protected":false},"featured_media":3349,"template":"","meta":[],"product_brand":[],"product_cat":[54],"product_tag":[],"class_list":{"0":"post-3346","1":"product","2":"type-product","3":"status-publish","4":"has-post-thumbnail","6":"product_cat-esentele-crete-cu-ajutorul-energiei-cercurilor-aparute-in-lanurile-de-recolte","7":"pa_size-15ml","8":"pa_size-30ml","10":"first","11":"instock","12":"shipping-taxable","13":"purchasable","14":"product-type-variable","15":"has-default-attributes"},"_links":{"self":[{"href":"https:\/\/esentevibrationale.com\/index.php?rest_route=\/wp\/v2\/product\/3346","targetHints":{"allow":["GET"]}}],"collection":[{"href":"https:\/\/esentevibrationale.com\/index.php?rest_route=\/wp\/v2\/product"}],"about":[{"href":"https:\/\/esentevibrationale.com\/index.php?rest_route=\/wp\/v2\/types\/product"}],"wp:featuredmedia":[{"embeddable":true,"href":"https:\/\/esentevibrationale.com\/index.php?rest_route=\/wp\/v2\/media\/3349"}],"wp:attachment":[{"href":"https:\/\/esentevibrationale.com\/index.php?rest_route=%2Fwp%2Fv2%2Fmedia&parent=3346"}],"wp:term":[{"taxonomy":"product_brand","embeddable":true,"href":"https:\/\/esentevibrationale.com\/index.php?rest_route=%2Fwp%2Fv2%2Fproduct_brand&post=3346"},{"taxonomy":"product_cat","embeddable":true,"href":"https:\/\/esentevibrationale.com\/index.php?rest_route=%2Fwp%2Fv2%2Fproduct_cat&post=3346"},{"taxonomy":"product_tag","embeddable":true,"href":"https:\/\/esentevibrationale.com\/index.php?rest_route=%2Fwp%2Fv2%2Fproduct_tag&post=3346"}],"curies":[{"name":"wp","href":"https:\/\/api.w.org\/{rel}","templated":true}]}}