{"id":3351,"date":"2018-12-10T09:56:47","date_gmt":"2018-12-10T08:56:47","guid":{"rendered":"https:\/\/phiessences.com\/Romania\/?post_type=product&#038;p=3351"},"modified":"2026-01-08T17:28:54","modified_gmt":"2026-01-08T15:28:54","slug":"175-antenna-newton-uk-2015-antena-newton-marea-britanie-2015","status":"publish","type":"product","link":"https:\/\/esentevibrationale.com\/?product=175-antenna-newton-uk-2015-antena-newton-marea-britanie-2015","title":{"rendered":"175.) Antenna Newton, UK (2015) \/ Antena Newton, Marea Britanie (2015)"},"content":{"rendered":"<p><img decoding=\"async\" class=\"img-responsive\" title=\"175.) Antenna Newton, UK (2015)\" src=\"https:\/\/www.phiessences.com\/images\/product_images\/info_images\/nr.175.jpg\" alt=\"175.) Antenna Newton, UK (2015)\" data-magnifier-src=\"images\/product_images\/original_images\/nr.175.jpg\" \/><\/p>\n<p>Forma\u021biunea arat\u0103 ca o anten\u0103 dubl\u0103 \u00een form\u0103 de oglind\u0103. La nivel spiritual, ne sprijin\u0103 s\u0103 recunoa\u0219tem \u0219i s\u0103 \u00een\u021belegem c\u0103 totul are \u00eentotdeauna un echilibru \u0219i \u00eent\u0103re\u0219te corpul nostru de energie, astfel c\u0103 energia poate circula liber \u00een Tor.<\/p>\n","protected":false},"excerpt":{"rendered":"<p>Forma\u021biunea arat\u0103 ca o anten\u0103 dubl\u0103 \u00een form\u0103 de oglind\u0103. La nivel spiritual, ne sprijin\u0103 s\u0103 recunoa\u0219tem \u0219i s\u0103 \u00een\u021belegem c\u0103 totul are \u00eentotdeauna un echilibru \u0219i \u00eent\u0103re\u0219te corpul nostru de energie, astfel c\u0103 energia poate circula liber \u00een Tor.<\/p>\n","protected":false},"featured_media":3352,"template":"","meta":[],"product_brand":[],"product_cat":[54],"product_tag":[],"class_list":{"0":"post-3351","1":"product","2":"type-product","3":"status-publish","4":"has-post-thumbnail","6":"product_cat-esentele-crete-cu-ajutorul-energiei-cercurilor-aparute-in-lanurile-de-recolte","7":"pa_size-15ml","8":"pa_size-30ml","10":"first","11":"instock","12":"shipping-taxable","13":"purchasable","14":"product-type-variable","15":"has-default-attributes"},"_links":{"self":[{"href":"https:\/\/esentevibrationale.com\/index.php?rest_route=\/wp\/v2\/product\/3351","targetHints":{"allow":["GET"]}}],"collection":[{"href":"https:\/\/esentevibrationale.com\/index.php?rest_route=\/wp\/v2\/product"}],"about":[{"href":"https:\/\/esentevibrationale.com\/index.php?rest_route=\/wp\/v2\/types\/product"}],"wp:featuredmedia":[{"embeddable":true,"href":"https:\/\/esentevibrationale.com\/index.php?rest_route=\/wp\/v2\/media\/3352"}],"wp:attachment":[{"href":"https:\/\/esentevibrationale.com\/index.php?rest_route=%2Fwp%2Fv2%2Fmedia&parent=3351"}],"wp:term":[{"taxonomy":"product_brand","embeddable":true,"href":"https:\/\/esentevibrationale.com\/index.php?rest_route=%2Fwp%2Fv2%2Fproduct_brand&post=3351"},{"taxonomy":"product_cat","embeddable":true,"href":"https:\/\/esentevibrationale.com\/index.php?rest_route=%2Fwp%2Fv2%2Fproduct_cat&post=3351"},{"taxonomy":"product_tag","embeddable":true,"href":"https:\/\/esentevibrationale.com\/index.php?rest_route=%2Fwp%2Fv2%2Fproduct_tag&post=3351"}],"curies":[{"name":"wp","href":"https:\/\/api.w.org\/{rel}","templated":true}]}}