{"id":336,"date":"2018-10-12T16:33:54","date_gmt":"2018-10-12T15:33:54","guid":{"rendered":"http:\/\/phiessences.com\/Romania\/?post_type=product&#038;p=336"},"modified":"2025-12-30T13:06:35","modified_gmt":"2025-12-30T11:06:35","slug":"amethyst-ametist","status":"publish","type":"product","link":"https:\/\/esentevibrationale.com\/?product=amethyst-ametist","title":{"rendered":"Celestial Crystal \/ Cristal Celest"},"content":{"rendered":"<p><em>Cristalul Celest este un dioxid de siliciu, totodat\u0103 este cunoscut ca schelet de cuar\u021b. Poate fi transparent sau opac, are aceea\u0219i gam\u0103 de culori similare cuar\u021bului fumuriu: de la maro deschis la maro \u00eenchis. Diferite puncte de suprapunere sunt aranjate deasupra pietrelor st\u00e2ncoase \u0219i a straturilor lor. Poate prezenta doar un cap\u0103t sau mai multe straturi aranjate consecutiv pe r\u00e2nduri compacte. Este destinat Chakrelor picioarelor, Chakrei R\u0103d\u0103cin\u0103 (Prima Chakr\u0103), Chakrei Plexului Solar (Chakra a-III-a) \u0219i Chakrei Coroan\u0103 (Chakra a-VII- a).<\/em><\/p>\n<p><strong><em>Efectul Esen\u021bei: <\/em><\/strong>\u00cen acela\u0219i mod ca \u0219i Cristalul Celest, esen\u021ba sa arat\u0103 clar unde adev\u0103rul nostru este incompatibil cu adev\u0103rul universal. Este foarte solicitant\u0103. Ne deschide pentru un echilibru complet \u0219i elibereaz\u0103 blocajele din Chakre.<\/p>\n<p><strong><em>Efectul Esen\u021bei la Nivel Fizic: <\/em><\/strong>\u00cen special, efectul acestei esen\u021be este perceput \u00een picioare, aplicarea sa fiind foarte eficient\u0103, atunci c\u00e2nd se face reflexoterapie. Energia sa puternic curativ\u0103, ac\u021bioneaz\u0103 pe fiecare organ care este reprezentat \u00een zona t\u0103lpilor. Blocajele corporale generate de furia reprimat\u0103 pot fi eliminate mai ales.<\/p>\n<p><strong><em>Efectul Esen\u021bei la Nivel Emo\u021bional: <\/em><\/strong>Esen\u021ba s-a dovedit a fi eficient\u0103, atunci c\u00e2nd vrem s\u0103 eliber\u0103m furia reprimat\u0103, s\u0103 \u00eendep\u0103rt\u0103m blocajele din Chakre \u0219i s\u0103 ajungem la echilibru energetic. Contribuie la \u00eencorporarea cunoa\u0219terii \u0219i efectueaz\u0103 procesul de transformare pentru a restabili armonia interioar\u0103. Astfel, abord\u0103m chestiunea, dac\u0103 adev\u0103rul nostru este \u00een concordan\u021b\u0103 cu adev\u0103rul universal \u0219i cu scopul nostru \u00een via\u021b\u0103 sau nu.<\/p>\n<p><strong><em>Efectul Esen\u021bei la Nivel Mental: <\/em><\/strong>Dac\u0103 sentimentele sau g\u00e2ndurile par a fi &#8222;direc\u021bionate gre\u0219it&#8221; sau &#8222;programate gre\u0219it&#8221; aceast\u0103 esen\u021b\u0103 poate ajuta la g\u0103sirea echilibrului energetic. Din punct de vedere energetic, activitatea creierului este echilibrat\u0103 \u0219i depinde de nevoile individuale, esen\u021ba poate contribui la lini\u0219tea interioar\u0103 sau la o \u00eembun\u0103t\u0103\u021bire a activit\u0103\u021bii sale. \u00cen fiecare situa\u021bie, ne ofer\u0103 claritate mental\u0103. A\u0219adar, aceasta ne ajut\u0103 s\u0103 implement\u0103m dezvoltarea personal\u0103, s\u0103 renun\u021b\u0103m la tiparele \u00eenvechite de g\u00e2ndire \u0219i s\u0103 fim preg\u0103ti\u021bi pentru o nou\u0103 experien\u021b\u0103 spiritual\u0103.<\/p>\n<p><strong><em>Efectul Esen\u021bei la Nivel Spiritual: <\/em><\/strong>Esen\u021ba Cristalului Celest ne deschide spre un echilibru energetic global, \u00eenl\u0103tur\u0103 blocajele Chakrelor \u0219i ne preg\u0103te\u0219te pentru transformare. Ne ajut\u0103 sa facem lin schimb\u0103rile necesare spre urm\u0103torul nivel de dezvoltare \u0219i ne conecteaz\u0103 cu adev\u0103rul universal.<\/p>\n<p><strong>Esen\u021ba de Orhidee Corespondent\u0103:<\/strong><\/p>\n<p>Orhideea Agresiune<\/p>\n<p><strong><em>Afirma\u021bia: <\/em><\/strong>Eliberez energiile \u0219i emo\u021biile blocate \u0219i m\u0103 deschid noilor experien\u021be.<\/p>\n","protected":false},"excerpt":{"rendered":"<p>Cristalul Celest este un dioxid de siliciu, totodat\u0103 este cunoscut ca schelet de cuar\u021b. Poate fi transparent sau opac, are aceea\u0219i gam\u0103 de culori similare cuar\u021bului fumuriu: de la maro deschis la maro \u00eenchis. Diferite puncte de suprapunere sunt aranjate deasupra pietrelor st\u00e2ncoase \u0219i a straturilor lor. Poate prezenta doar un cap\u0103t sau mai multe &hellip; <a href=\"https:\/\/esentevibrationale.com\/?product=amethyst-ametist\" class=\"more-link\">Continu\u0103 lectura <span class=\"screen-reader-text\">Celestial Crystal \/ Cristal Celest<\/span> <span class=\"meta-nav\">&rarr;<\/span><\/a><\/p>\n","protected":false},"featured_media":14822,"template":"","meta":[],"product_brand":[],"product_cat":[18],"product_tag":[],"class_list":{"0":"post-336","1":"product","2":"type-product","3":"status-publish","4":"has-post-thumbnail","6":"product_cat-esente-de-geme","7":"pa_size-15ml","8":"pa_size-30ml","10":"first","11":"instock","12":"shipping-taxable","13":"purchasable","14":"product-type-variable","15":"has-default-attributes"},"_links":{"self":[{"href":"https:\/\/esentevibrationale.com\/index.php?rest_route=\/wp\/v2\/product\/336","targetHints":{"allow":["GET"]}}],"collection":[{"href":"https:\/\/esentevibrationale.com\/index.php?rest_route=\/wp\/v2\/product"}],"about":[{"href":"https:\/\/esentevibrationale.com\/index.php?rest_route=\/wp\/v2\/types\/product"}],"wp:featuredmedia":[{"embeddable":true,"href":"https:\/\/esentevibrationale.com\/index.php?rest_route=\/wp\/v2\/media\/14822"}],"wp:attachment":[{"href":"https:\/\/esentevibrationale.com\/index.php?rest_route=%2Fwp%2Fv2%2Fmedia&parent=336"}],"wp:term":[{"taxonomy":"product_brand","embeddable":true,"href":"https:\/\/esentevibrationale.com\/index.php?rest_route=%2Fwp%2Fv2%2Fproduct_brand&post=336"},{"taxonomy":"product_cat","embeddable":true,"href":"https:\/\/esentevibrationale.com\/index.php?rest_route=%2Fwp%2Fv2%2Fproduct_cat&post=336"},{"taxonomy":"product_tag","embeddable":true,"href":"https:\/\/esentevibrationale.com\/index.php?rest_route=%2Fwp%2Fv2%2Fproduct_tag&post=336"}],"curies":[{"name":"wp","href":"https:\/\/api.w.org\/{rel}","templated":true}]}}